000
CXUS54 KFWD 260730
CF6DAL
PRELIMINARY LOCAL CLIMATOLOGICAL DATA (WS FORM: F-6)

                                          STATION:   DALLAS LOVE FIELD
                                          MONTH:     FEBRUARY
                                          YEAR:      2017
                                          LATITUDE:   32 50 N
                                          LONGITUDE:  96 51 W

  TEMPERATURE IN F:       :PCPN:    SNOW:  WIND      :SUNSHINE: SKY     :PK WND
================================================================================
1   2   3   4   5  6A  6B    7    8   9   10  11  12  13   14  15   16   17  18
                                     12Z  AVG MX 2MIN
DY MAX MIN AVG DEP HDD CDD  WTR  SNW DPTH SPD SPD DIR MIN PSBL S-S WX    SPD DR
================================================================================

 1  80  54  67  19   0   2 0.00  0.0    0  9.3 17 350   M    M   3        23 360
 2  55  44  50   2  15   0 0.00  0.0    0 11.6 22 360   M    M   7        29 360
 3  55  42  49   0  16   0 0.00  0.0    0  8.8 17  20   M    M   9        23  50
 4  53  45  49   0  16   0    T  0.0    0 11.7 18 120   M    M  10 18     22 130
 5  78  50  64  15   1   0 0.00  0.0    0  9.2 20 180   M    M   7 18     24 180
 6  80  67  74  25   0   9 0.00  0.0    0 13.1 23 180   M    M   9 8      33 190
 7  80  59  70  21   0   5 0.00  0.0    0  9.2 18 220   M    M   6        25 230
 8  69  46  58   8   7   0 0.00  0.0    0 12.8 28 320   M    M   6        34 350
 9  60  36  48  -2  17   0 0.00  0.0    0  9.1 17 150   M    M   5        24 160
10  76  48  62  12   3   0 0.00  0.0    0 14.6 25 180   M    M   4 8      32 180
11  87  64  76  26   0  11 0.00  0.0    0 11.8 20 220   M    M   3 8      27 220
12  74  61  68  18   0   3 0.00  0.0    0 13.6 23  20   M    M   6 1      31  40
13  67  49  58   8   7   0 0.18  0.0    0 10.7 21 120   M    M  10 3      26 110
14  49  43  46  -5  19   0 1.10  0.0    0 13.9 24 350   M    M   8 13     32 320
15  60  42  51   0  14   0 0.00  0.0    0  8.8 18 320   M    M   2 8      23 360
16  68  40  54   3  11   0 0.00  0.0    0  6.5 15 180   M    M   1 8      19 180
17  71  48  60   9   5   0 0.00  0.0    0 13.1 25 150   M    M   6        30 140
18  81  59  70  18   0   5    T  0.0    0  9.1 18 170   M    M   6 18     24 170
19  77  60  69  17   0   4    T  0.0    0 14.9 26 130   M    M   8 18     33 130
20  71  56  64  12   1   0 0.98  0.0    0  9.5 31 310   M    M   7 138    43 320
21  77  51  64  12   1   0 0.00  0.0    0  7.2 20 360   M    M   2 12     27  10
22  84  48  66  13   0   1 0.00  0.0    0  6.5 17 180   M    M   1        22 170
23  88  54  71  18   0   6 0.00  0.0    0 14.1 30 160   M    M   1        38 170
24  72  48  60   7   5   0 0.00  0.0    0 12.9 23 330   M    M   2 8      30 320
25  56  36  46  -7  19   0 0.00  0.0    0  6.6 20  10   M    M   1 8      28  10
================================================================================
SM 1768 1250       157  46  2.26     0.0 268.6          M      130
================================================================================
AV 70.7 50.0                              10.7 FASTST   M    M   5    MAX(MPH)
                                 MISC ---->  # 31 310               # 43  320
================================================================================
NOTES:
# LAST OF SEVERAL OCCURRENCES

COLUMN 17 PEAK WIND IN M.P.H.

PRELIMINARY LOCAL CLIMATOLOGICAL DATA (WS FORM: F-6) , PAGE 2

                                          STATION:  DALLAS LOVE FIELD
                                          MONTH:    FEBRUARY
                                          YEAR:     2017
                                          LATITUDE:   32 50 N
                                          LONGITUDE:  96 51 W

[TEMPERATURE DATA]      [PRECIPITATION DATA]       SYMBOLS USED IN COLUMN 16

AVERAGE MONTHLY: 60.4   TOTAL FOR MONTH:   2.26    1 = FOG OR MIST
DPTR FM NORMAL:   9.8   DPTR FM NORMAL:   -0.02    2 = FOG REDUCING VISIBILITY
HIGHEST:    88 ON 23    GRTST 24HR  1.27 ON 13-14      TO 1/4 MILE OR LESS
LOWEST:     36 ON 25, 9                            3 = THUNDER
                        SNOW, ICE PELLETS, HAIL    4 = ICE PELLETS
                        TOTAL MONTH:   0.0 INCH    5 = HAIL
                        GRTST 24HR     0.0         6 = FREEZING RAIN OR DRIZZLE
                        GRTST DEPTH:   0           7 = DUSTSTORM OR SANDSTORM:
                                                       VSBY 1/2 MILE OR LESS
                                                   8 = SMOKE OR HAZE
[NO. OF DAYS WITH]      [WEATHER - DAYS WITH]      9 = BLOWING SNOW
                                                   X = TORNADO
MAX 32 OR BELOW:   0    0.01 INCH OR MORE:   3
MAX 90 OR ABOVE:   0    0.10 INCH OR MORE:   3
MIN 32 OR BELOW:   0    0.50 INCH OR MORE:   2
MIN  0 OR BELOW:   0    1.00 INCH OR MORE:   1

[HDD (BASE 65) ]
TOTAL THIS MO.   157    CLEAR  (SCALE 0-3)   7
DPTR FM NORMAL  -210    PTCLDY (SCALE 4-7)  12
TOTAL FM JUL 1  1097    CLOUDY (SCALE 8-10)  6
DPTR FM NORMAL  -687

[CDD (BASE 65) ]
TOTAL THIS MO.    46
DPTR FM NORMAL    46    [PRESSURE DATA]
TOTAL FM JAN 1    54    HIGHEST SLP M ON M
DPTR FM NORMAL    51    LOWEST  SLP 29.42 ON 23

[REMARKS]
