000
CXUS51 KRNK 210943
CF6DAN

PRELIMINARY LOCAL CLIMATOLOGICAL DATA (WS FORM: F-6)

                                          STATION:   DANVILLE VA
                                          MONTH:     OCTOBER
                                          YEAR:      2017
                                          LATITUDE:   36 34 N
                                          LONGITUDE:  79 20 W

  TEMPERATURE IN F:       :PCPN:    SNOW:  WIND      :SUNSHINE: SKY     :PK WND
================================================================================
1   2   3   4   5  6A  6B    7    8   9   10  11  12  13   14  15   16   17  18
                                     12Z  AVG MX 2MIN
DY MAX MIN AVG DEP HDD CDD  WTR  SNW DPTH SPD SPD DIR MIN PSBL S-S WX    SPD DR
================================================================================

 1  70  47  59  -5   6   0 0.00  0.0    0  5.5 15  40   M    M   0        19  40
 2  75  43  59  -5   6   0 0.00  0.0    0  1.3  9 330   M    M   0        12  30
 3  77  46  62  -2   3   0 0.00  0.0    0  3.0 12  50   M    M   0 1      15  40
 4  79  46  63   0   2   0 0.00  0.0    0  0.9  7 250   M    M   1 1      12 240
 5  83  45  64   1   1   0 0.00  0.0    0  3.1 12 240   M    M   0 1      16 230
 6  84  50  67   4   0   2 0.00  0.0    0  2.2 13 230   M    M   0 1      16 240
 7  80  54  67   5   0   2 0.06  0.0    0  1.9  7 290   M    M   7 1       9 300
 8  85  70  78  16   0  13 0.28  0.0    0  2.5 10 160   M    M   8 1      17 150
 9  84  72  78  16   0  13 0.21  0.0    0  6.6 15 220   M    M   7 1      23 220
10  87  72  80  19   0  15 0.47  0.0    0  2.4 14 270   M    M   8 13     16 280
11  87  67  77  16   0  12    T  0.0    0  3.2 20 340   M    M   7 12     26 270
12  73  63  68   7   0   3 0.01  0.0    0  7.9 16  60   M    M  10 12     21  50
13  65  60  63   3   2   0 0.23  0.0    0  6.7 13  40   M    M  10 1      15  50
14  75  57  66   6   0   1 0.00  0.0    0  2.3  8  10   M    M   6 12     11 360
15  80  55  68   8   0   3 0.00  0.0    0  5.0 16 230   M    M   6 12     22 230
16  70  49  60   1   5   0 0.17  0.0    0  8.3 20 360   M    M   5 1      24  10
17  63  39  51  -8  14   0 0.00  0.0    0  4.1 14  30   M    M   0        18  40
18  68  34  51  -8  14   0 0.00  0.0    0  0.8  8  80   M    M   0        12  90
19  74  35  55  -3  10   0 0.00  0.0    0  2.2 10 250   M    M   0 1      12 280
20  78  43  61   3   4   0 0.00  0.0    0  2.0  8  40   M    M   0        12 110
================================================================================
SM 1537 1047        67  64  1.43     0.0  71.9          M       75
================================================================================
AV 76.9 52.4                               3.6 FASTST   M    M   4    MAX(MPH)
                                 MISC ---->  # 20 340               # 26  270
================================================================================
NOTES:
# LAST OF SEVERAL OCCURRENCES

COLUMN 17 PEAK WIND IN M.P.H.

PRELIMINARY LOCAL CLIMATOLOGICAL DATA (WS FORM: F-6) , PAGE 2

                                          STATION:  DANVILLE VA
                                          MONTH:    OCTOBER
                                          YEAR:     2017
                                          LATITUDE:   36 34 N
                                          LONGITUDE:  79 20 W

[TEMPERATURE DATA]      [PRECIPITATION DATA]       SYMBOLS USED IN COLUMN 16

AVERAGE MONTHLY: 64.6   TOTAL FOR MONTH:   1.43    1 = FOG OR MIST
DPTR FM NORMAL:   3.4   DPTR FM NORMAL:   -0.89    2 = FOG REDUCING VISIBILITY
HIGHEST:    87 ON 11,10 GRTST 24HR  0.47 ON 10-10      TO 1/4 MILE OR LESS
LOWEST:     34 ON 18                               3 = THUNDER
                        SNOW, ICE PELLETS, HAIL    4 = ICE PELLETS
                        TOTAL MONTH:   0.0 INCH    5 = HAIL
                        GRTST 24HR     0.0         6 = FREEZING RAIN OR DRIZZLE
                        GRTST DEPTH:   0           7 = DUSTSTORM OR SANDSTORM:
                                                       VSBY 1/2 MILE OR LESS
                                                   8 = SMOKE OR HAZE
[NO. OF DAYS WITH]      [WEATHER - DAYS WITH]      9 = BLOWING SNOW
                                                   X = TORNADO
MAX 32 OR BELOW:   0    0.01 INCH OR MORE:   7
MAX 90 OR ABOVE:   0    0.10 INCH OR MORE:   5
MIN 32 OR BELOW:   0    0.50 INCH OR MORE:   0
MIN  0 OR BELOW:   0    1.00 INCH OR MORE:   0

[HDD (BASE 65) ]
TOTAL THIS MO.    67    CLEAR  (SCALE 0-3)  10
DPTR FM NORMAL   -37    PTCLDY (SCALE 4-7)   8
TOTAL FM JUL 1    99    CLOUDY (SCALE 8-10)  2
DPTR FM NORMAL   -33

[CDD (BASE 65) ]
TOTAL THIS MO.    64
DPTR FM NORMAL    37    [PRESSURE DATA]
TOTAL FM JAN 1  1401    HIGHEST SLP M ON M
DPTR FM NORMAL   -29    LOWEST  SLP 29.78 ON  9


[REMARKS]
DUE TO MISSING RAINFALL ON AUGUST 21-24...ALL PRECIPITATION
DATA WILL BE CALCULATED WITHOUT DATA FROM THESE DATES.
