000
CXUS51 KRNK 240933
CF6DAN

PRELIMINARY LOCAL CLIMATOLOGICAL DATA (WS FORM: F-6)

                                          STATION:   DANVILLE VA
                                          MONTH:     APRIL
                                          YEAR:      2014
                                          LATITUDE:   36 34 N
                                          LONGITUDE:  79 20 W

  TEMPERATURE IN F:       :PCPN:    SNOW:  WIND      :SUNSHINE: SKY     :PK WND
================================================================================
1   2   3   4   5  6A  6B    7    8   9   10  11  12  13   14  15   16   17  18
                                     12Z  AVG MX 2MIN
DY MAX MIN AVG DEP HDD CDD  WTR  SNW DPTH SPD SPD DIR MIN PSBL S-S WX    SPD DR
================================================================================

 1  80  35  58   4   7   0 0.00  0.0    0  3.8 15 250   M    M   0        20 230
 2  87  45  66  12   0   1 0.00  0.0    0  4.5 18 240   M    M   0        22 230
 3  75  50  63   9   2   0    T  0.0    0  4.9 18 340   M    M   1        24 330
 4  80  50  65  10   0   0 0.00  0.0    0  7.4 26 250   M    M   1        35 230
 5  68  49  59   4   6   0 0.00  0.0    0  9.3 18 330   M    M   0        27 290
 6  61  38  50  -6  15   0 0.00  0.0    0  6.4 15  70   M    M   3        23 100
 7  54  43  49  -7  16   0 1.63  0.0    0  3.7 13  50   M    M  10 1      15 100
 8  67  50  59   3   6   0 0.10  0.0    0  7.1 17 350   M    M   6 1      22 340
 9  68  44  56   0   9   0 0.01  0.0    0  6.2 20 350   M    M   5        26 260
10  74  37  56  -1   9   0 0.00  0.0    0  6.6 22 230   M    M   0        28 220
11  78  47  63   6   2   0 0.00  0.0    0  9.1 24 230   M    M   0        32 230
12  82  49  66   9   0   1 0.00  0.0    0  4.4 13  70   M    M   1        18 100
13  83  58  71  13   0   6 0.00  0.0    0  8.4 21 240   M    M   1        27 230
14  77  62  70  12   0   5 0.00  0.0    0  8.6 20 200   M    M   5        27 200
15  69  36  53  -5  12   0 1.19  0.0    0 10.9 24 320   M    M   9 1      33 350
16  54  32  43 -16  22   0 0.00  0.0    0  8.3 17  10   M    M   0        22  20
17  63  30  47 -12  18   0 0.00  0.0    0  5.1 14  40   M    M   0        19  70
18  59  38  49 -10  16   0    T  0.0    0  5.1 13  80   M    M   2        17  30
19  63  46  55  -4  10   0 0.28  0.0    0  7.1 17  60   M    M   8        22  40
20  70  47  59  -1   6   0 0.00  0.0    0 10.5 24  40   M    M   0        33  40
21  75  37  56  -4   9   0 0.00  0.0    0  3.2 10  40   M    M   0        13  50
22  81  46  64   4   1   0 0.05  0.0    0  6.3 25 330   M    M   2        37 290
23  71  49  60   0   5   0 0.00  0.0    0  8.6 20 350   M    M   0        27 280
================================================================================
SM 1639 1018       171  13  3.26     0.0 155.5          M       54
================================================================================
AV 71.3 44.3                               6.8 FASTST   M    M   2    MAX(MPH)
                                 MISC ---->  # 26 250               # 37  290
================================================================================
NOTES:
# LAST OF SEVERAL OCCURRENCES

COLUMN 17 PEAK WIND IN M.P.H.

PRELIMINARY LOCAL CLIMATOLOGICAL DATA (WS FORM: F-6) , PAGE 2

                                          STATION:  DANVILLE VA
                                          MONTH:    APRIL
                                          YEAR:     2014
                                          LATITUDE:   36 34 N
                                          LONGITUDE:  79 20 W

[TEMPERATURE DATA]      [PRECIPITATION DATA]       SYMBOLS USED IN COLUMN 16

AVERAGE MONTHLY: 57.8   TOTAL FOR MONTH:   3.26    1 = FOG OR MIST
DPTR FM NORMAL:   0.5   DPTR FM NORMAL:    0.57    2 = FOG REDUCING VISIBILITY
HIGHEST:    87 ON  2    GRTST 24HR  1.71 ON  7- 8      TO 1/4 MILE OR LESS
LOWEST:     30 ON 17                               3 = THUNDER
                        SNOW, ICE PELLETS, HAIL    4 = ICE PELLETS
                        TOTAL MONTH:   0.0 INCH    5 = HAIL
                        GRTST 24HR     0.0         6 = FREEZING RAIN OR DRIZZLE
                        GRTST DEPTH:   0           7 = DUSTSTORM OR SANDSTORM:
                                                       VSBY 1/2 MILE OR LESS
                                                   8 = SMOKE OR HAZE
[NO. OF DAYS WITH]      [WEATHER - DAYS WITH]      9 = BLOWING SNOW
                                                   X = TORNADO
MAX 32 OR BELOW:   0    0.01 INCH OR MORE:   6
MAX 90 OR ABOVE:   0    0.10 INCH OR MORE:   4
MIN 32 OR BELOW:   2    0.50 INCH OR MORE:   2
MIN  0 OR BELOW:   0    1.00 INCH OR MORE:   2

[HDD (BASE 65) ]
TOTAL THIS MO.   171    CLEAR  (SCALE 0-3)  17
DPTR FM NORMAL   -26    PTCLDY (SCALE 4-7)   4
TOTAL FM JUL 1  3821    CLOUDY (SCALE 8-10)  2
DPTR FM NORMAL   113

[CDD (BASE 65) ]
TOTAL THIS MO.    13
DPTR FM NORMAL    -9    [PRESSURE DATA]
TOTAL FM JAN 1    13    HIGHEST SLP M ON M
DPTR FM NORMAL   -12    LOWEST  SLP 29.54 ON  8

[REMARKS]
DUE TO A POWER FAILURE CAUSING A MISSING LOW TEMPERATURE ON JANUARY
22...THE SEASONAL TOTAL AND DEPARTURE FROM NORMAL FOR HDD WILL BE
CALCULATED WITHOUT DATA FROM THAT DATE.
