000
CXUS51 KRNK 011456
CF6DAN

PRELIMINARY LOCAL CLIMATOLOGICAL DATA (WS FORM: F-6)

                                          STATION:   DANVILLE VA
                                          MONTH:     FEBRUARY
                                          YEAR:      2015
                                          LATITUDE:   36 34 N
                                          LONGITUDE:  79 20 W

  TEMPERATURE IN F:       :PCPN:    SNOW:  WIND      :SUNSHINE: SKY     :PK WND
================================================================================
1   2   3   4   5  6A  6B    7    8   9   10  11  12  13   14  15   16   17  18
                                     12Z  AVG MX 2MIN
DY MAX MIN AVG DEP HDD CDD  WTR  SNW DPTH SPD SPD DIR MIN PSBL S-S WX    SPD DR
================================================================================

 1  57  31  44   5  21   0    T  0.0    0  3.6 14 210   M    M   5        25 190
 2  58  27  43   4  22   0 0.44  0.0    0 12.9 32 310   M    M   6 1      48 300
 3  44  21  33  -6  32   0 0.00  0.0    0  3.8 15 320   M    M   0        18 320
 4  56  24  40   1  25   0 0.00  0.0    0  5.9 17 230   M    M   0        23 230
 5  46  25  36  -3  29   0 0.00  0.0    0 11.8 26 340   M    M   0        36 340
 6  43  13  28 -11  37   0 0.00  0.0    0  5.3 14 240   M    M   0 8      17 240
 7  60  23  42   2  23   0 0.00  0.0    0  6.3 18 230   M    M   1        23 220
 8  73  30  52  12  13   0 0.00  0.0    0  8.5 22 230   M    M   0        28 220
 9  59  43  51  11  14   0 0.31  0.0    0  4.6 20  60   M    M   8 1      25  50
10  47  35  41   1  24   0 0.34  0.0    0 11.5 20  30   M    M   8 1      27  50
11  52  26  39  -1  26   0 0.00  0.0    0  4.8 13  30   M    M   0        17  60
12  51  26  39  -1  26   0 0.00  0.0    0  9.7 28 310   M    M   2        42 320
13  36  19  28 -12  37   0 0.00  0.0    0  6.1 21 330   M    M   0        26 330
14  50  16  33  -8  32   0    T    T    0 12.9 39 270   M    M   5        55 270
15   M   M   M   M   M   M 0.00  0.0    0   M   M   M   M    M   M         M  M
16  23  17  20 -21  45   0 0.36  3.0    3  6.2 13  50   M    M   9 4      17 310
17  38  17  28 -13  37   0 0.20    T    2  4.4 14 330   M    M   3 14     17 330
18  40  13  27 -15  38   0    T    T    0  8.6 24 340   M    M   2 1      35 320
19  20   9  15 -27  50   0 0.00  0.0    0 11.3 20 320   M    M   0        31 320
20  24   3  14 -28  51   0 0.00  0.0    0  4.6 16 300   M    M   0        23 300
21  36  12  24 -18  41   0    T  0.0    0  2.8  9 220   M    M   8        14 180
22  59  32  46   4  19   0 0.23  0.0    0  2.0  9 220   M    M   6 1      11 210
23  48  29  39  -4  26   0    T    T    0  9.7 20 320   M    M   7 4      23 330
24  30  21  26 -17  39   0 0.01    T    0  4.6 10  70   M    M   9 8      15 100
25  46  20  33 -10  32   0 0.08  0.5    1  3.7 10 330   M    M   2 1      15 260
26  38  27  33 -10  32   0 0.31  6.3    4  5.5 18  30   M    M   9 1      25  10
27  42  22  32 -12  33   0 0.00  0.0    2  6.2 15 340   M    M   2 12     18 330
28  36  22  29 -15  36   0 0.00  0.0    T  4.6 13  40   M    M   2        16  80
================================================================================
SM 1212  603       840   0  2.28     9.8 181.9          M       94
================================================================================
AV 44.9 22.3                               6.7 FASTST   M    M   3    MAX(MPH)
                                 MISC ---->  # 39 270               # 55  270
================================================================================
NOTES:
# LAST OF SEVERAL OCCURRENCES

COLUMN 17 PEAK WIND IN M.P.H.

PRELIMINARY LOCAL CLIMATOLOGICAL DATA (WS FORM: F-6) , PAGE 2

                                          STATION:  DANVILLE VA
                                          MONTH:    FEBRUARY
                                          YEAR:     2015
                                          LATITUDE:   36 34 N
                                          LONGITUDE:  79 20 W

[TEMPERATURE DATA]      [PRECIPITATION DATA]       SYMBOLS USED IN COLUMN 16

AVERAGE MONTHLY: 33.6   TOTAL FOR MONTH:   2.28    1 = FOG OR MIST
DPTR FM NORMAL:  -7.3   DPTR FM NORMAL:   -0.73    2 = FOG REDUCING VISIBILITY
HIGHEST:    73 ON  8    GRTST 24HR  0.66 ON  9-10      TO 1/4 MILE OR LESS
LOWEST:      3 ON 20                               3 = THUNDER
                        SNOW, ICE PELLETS, HAIL    4 = ICE PELLETS
                        TOTAL MONTH:   9.8 INCHES  5 = HAIL
                        GRTST 24HR   6.3 ON   M    6 = FREEZING RAIN OR DRIZZLE
                        GRTST DEPTH:   4 ON 26     7 = DUSTSTORM OR SANDSTORM:
                                                       VSBY 1/2 MILE OR LESS
                                                   8 = SMOKE OR HAZE
[NO. OF DAYS WITH]      [WEATHER - DAYS WITH]      9 = BLOWING SNOW
                                                   X = TORNADO
MAX 32 OR BELOW:   4    0.01 INCH OR MORE:   9
MAX 90 OR ABOVE:   0    0.10 INCH OR MORE:   7
MIN 32 OR BELOW:  25    0.50 INCH OR MORE:   0
MIN  0 OR BELOW:   0    1.00 INCH OR MORE:   0

[HDD (BASE 65) ]
TOTAL THIS MO.   840    CLEAR  (SCALE 0-3)  15
DPTR FM NORMAL   167    PTCLDY (SCALE 4-7)   7
TOTAL FM JUL 1  3094    CLOUDY (SCALE 8-10)  5
DPTR FM NORMAL    93

[CDD (BASE 65) ]
TOTAL THIS MO.     0
DPTR FM NORMAL     0    [PRESSURE DATA]
TOTAL FM JAN 1     0    HIGHEST SLP 30.81 ON 28
DPTR FM NORMAL     0    LOWEST  SLP 29.44 ON  2

[REMARKS]
DUE TO AN EQUIPMENT FAILURE CAUSING MISSING TEMPERATURE DATA ON
FEBRUARY 15...ALL TEMPERATURE DATA AND HDD WILL BE CALCULATED
WITHOUT DATA FROM THIS DATE.

#FINAL-02-15#
