000
CXUS54 KHUN 291015
CF6DCU
PRELIMINARY LOCAL CLIMATOLOGICAL DATA (WS FORM: F-6)

                                          STATION:   DECATUR
                                          MONTH:     JULY
                                          YEAR:      2015
                                          LATITUDE:   34 39 N
                                          LONGITUDE:  86 56 W

  TEMPERATURE IN F:       :PCPN:    SNOW:  WIND      :SUNSHINE: SKY     :PK WND
================================================================================
1   2   3   4   5  6A  6B    7    8   9   10  11  12  13   14  15   16   17  18
                                     12Z  AVG MX 2MIN
DY MAX MIN AVG DEP HDD CDD  WTR  SNW DPTH SPD SPD DIR MIN PSBL S-S WX    SPD DR
================================================================================

 1  84  67  76  -3   0  11 0.44  0.0    0  5.6 29 320   M    M   5 138    35 260
 2  88  69  79   0   0  14    T  0.0    0 11.4 22 250   M    M   3        28 230
 3  78  70  74  -5   0   9 1.14  0.0    0  9.6 22 270   M    M   9 13     35 280
 4  81  68  75  -4   0  10 0.61  0.0    0  6.6 16 210   M    M   8 1      21 200
 5  83  68  76  -3   0  11 0.04  0.0    0  5.3 14 200   M    M   5 1      17 230
 6  88  69  79   0   0  14 0.00  0.0    0  4.8 12 210   M    M   5 1      15 220
 7  92  70  81   2   0  16 0.00  0.0    0  8.6 16 230   M    M   1 1      22 240
 8  93  73  83   4   0  18 0.00  0.0    0  8.1 16 190   M    M   1        22 170
 9  95  69  82   2   0  17 0.00  0.0    0  5.7 12 260   M    M   0        16 280
10  94  69  82   2   0  17 0.00  0.0    0  3.6 13 260   M    M   0 1      17 260
11  95  70  83   3   0  18 0.00  0.0    0  2.8 12 270   M    M   0 1      16 280
12  94  71  83   3   0  18 0.00  0.0    0  5.3 14 270   M    M   0 1      22 280
13  95  73  84   4   0  19 0.00  0.0    0  5.3 13 270   M    M   1 1      17 280
14  96  70  83   3   0  18 1.14  0.0    0  9.4 26 350   M    M   1 13     34 360
15  91  69  80   0   0  15 0.00  0.0    0  5.3 14 340   M    M   3        21 330
16  91  69  80   0   0  15 0.00  0.0    0  2.0  9 230   M    M   1 1      13  50
17  95  70  83   3   0  18 0.00  0.0    0  1.2  8 210   M    M   3 1      25  30
18  95  73  84   4   0  19 0.00  0.0    0  3.6 14 300   M    M   0 13     17 280
19  95  74  85   5   0  20 0.00  0.0    0  4.7 16 300   M    M   0 1      20 280
20  95  73  84   4   0  19 0.00  0.0    0  5.0 16 280   M    M   0 1      20 280
21  94  72  83   3   0  18    T  0.0    0  6.3 29 320   M    M   1 3      39 320
22  92  71  82   2   0  17    T  0.0    0  5.1 16 320   M    M   2 1      20 270
23  87  74  81   1   0  16 0.04  0.0    0  4.4 16 290   M    M   5 1      22 290
24  92  70  81   1   0  16    T  0.0    0  4.4 14  20   M    M   5 1      18  10
25  92  67  80   0   0  15 0.00  0.0    0  2.7  8  30   M    M   1 1      11 340
26  95  67  81   1   0  16 0.00  0.0    0  3.9 18  20   M    M   1 1      28 330
27  96  70  83   3   0  18 0.00  0.0    0  2.1  9 360   M    M   1 1      13  30
28  98  72  85   5   0  20    T  0.0    0  4.6 17  30   M    M   0 13     21 330
================================================================================
SM 2564 1967         0 452  3.41     0.0 147.4          M       62
================================================================================
AV 91.6 70.2                               5.3 FASTST   M    M   2    MAX(MPH)
                                 MISC ---->  # 29 320               # 39  320
================================================================================
NOTES:
# LAST OF SEVERAL OCCURRENCES

COLUMN 17 PEAK WIND IN M.P.H.

PRELIMINARY LOCAL CLIMATOLOGICAL DATA (WS FORM: F-6) , PAGE 2

                                          STATION:  DECATUR
                                          MONTH:    JULY
                                          YEAR:     2015
                                          LATITUDE:   34 39 N
                                          LONGITUDE:  86 56 W

[TEMPERATURE DATA]      [PRECIPITATION DATA]       SYMBOLS USED IN COLUMN 16

AVERAGE MONTHLY: 80.9   TOTAL FOR MONTH:   3.41    1 = FOG OR MIST
DPTR FM NORMAL:   1.2   DPTR FM NORMAL:   -0.78    2 = FOG REDUCING VISIBILITY
HIGHEST:    98 ON 28    GRTST 24HR  1.14 ON 14-14      TO 1/4 MILE OR LESS
LOWEST:     67 ON 26,25                            3 = THUNDER
                        SNOW, ICE PELLETS, HAIL    4 = ICE PELLETS
                        TOTAL MONTH:   0.0 INCH    5 = HAIL
                        GRTST 24HR     0.0         6 = FREEZING RAIN OR DRIZZLE
                        GRTST DEPTH:   0           7 = DUSTSTORM OR SANDSTORM:
                                                       VSBY 1/2 MILE OR LESS
                                                   8 = SMOKE OR HAZE
[NO. OF DAYS WITH]      [WEATHER - DAYS WITH]      9 = BLOWING SNOW
                                                   X = TORNADO
MAX 32 OR BELOW:   0    0.01 INCH OR MORE:   6
MAX 90 OR ABOVE:  21    0.10 INCH OR MORE:   4
MIN 32 OR BELOW:   0    0.50 INCH OR MORE:   3
MIN  0 OR BELOW:   0    1.00 INCH OR MORE:   2

[HDD (BASE 65) ]
TOTAL THIS MO.     0    CLEAR  (SCALE 0-3)  20
DPTR FM NORMAL     0    PTCLDY (SCALE 4-7)   7
TOTAL FM JUL 1     0    CLOUDY (SCALE 8-10)  1
DPTR FM NORMAL     0

[CDD (BASE 65) ]
TOTAL THIS MO.   452
DPTR FM NORMAL    42    [PRESSURE DATA]
TOTAL FM JAN 1  1092    HIGHEST SLP M ON M
DPTR FM NORMAL   112    LOWEST  SLP 29.70 ON 14

[REMARKS]
