000
CXUS53 KARX 012104
CF6DEH
PRELIMINARY LOCAL CLIMATOLOGICAL DATA (WS FORM: F-6)

                                          STATION:   DECORAH IA
                                          MONTH:     AUGUST
                                          YEAR:      2015
                                          LATITUDE:   43 16 N
                                          LONGITUDE:  91 44 W

  TEMPERATURE IN F:       :PCPN:    SNOW:  WIND      :SUNSHINE: SKY     :PK WND
================================================================================
1   2   3   4   5  6A  6B    7    8   9   10  11  12  13   14  15   16   17  18
                                     12Z  AVG MX 2MIN
DY MAX MIN AVG DEP HDD CDD  WTR  SNW DPTH SPD SPD DIR MIN PSBL S-S WX    SPD DR
================================================================================

 1  82  59  71   M   0   6 0.00  0.0    0  4.3 10 310   M    M   1        17 280
 2  88  68  78   M   0  13 0.00  0.0    0  9.2 13 330   M    M   1        28 260
 3  75  57  66   M   0   1 0.00  0.0    0  5.5 13 310   M    M   0        24 310
 4  75  54  65   M   0   0 0.00  0.0    0  1.9  7  99   M    M   0         M  M
 5  79  54  67   M   0   2 0.00  0.0    0  1.5  7 180   M    M   0         M  M
 6  77  57  67   M   0   2 0.03  0.0    0  4.9 10 170   M    M   3        14 180
 7  81  64  73   M   0   8 0.02  0.0    0  6.6 12 190   M    M   7        18 270
 8  75  59  67   M   0   2 0.00  0.0    0  3.2  7 130   M    M   8 2      14 120
 9  77  64  71   M   0   6 0.00  0.0    0  3.8  8 150   M    M   7 1      15  99
10  79  64  72   M   0   7 0.00  0.0    0  6.5 16 330   M    M   5 1      25 330
11  79  59  69   M   0   4 0.00  0.0    0  5.4 15 330   M    M   1        18 330
12  81  55  68   M   0   3 0.00  0.0    0  2.2  8 210   M    M   0         M  M
13  82  64  73   M   0   8 0.00  0.0    0  5.5 12 240   M    M   2        20 240
14  88  72  80   M   0  15 0.00  0.0    0  3.5  7  99   M    M   2        14  99
15  86  70  78   M   0  13 0.00  0.0    0  4.5  9 200   M    M   1         M  M
16  86  68  77   M   0  12 0.00  0.0    0  6.5 10 250   M    M   1        20 210
17  75  64  70   M   0   5 0.13  0.0    0  2.6  8 330   M    M   8 1       M  M
18  70  64  67   M   0   2 0.43  0.0    0  4.9 14 110   M    M   7 1      23 130
19  66  54  60   M   5   0 0.03  0.0    0  8.2 13 220   M    M  10 1      25 230
20  72  52  62   M   3   0 0.00  0.0    0  7.3 16 300   M    M   3        30 300
21  79  57  68   M   0   3 0.00  0.0    0  8.2 15 190   M    M   3        27 200
22  77  63  70   M   0   5    T  0.0    0 12.1 20 180   M    M   3        29 180
23  70  54  62   M   3   0 0.13  0.0    0  8.5 15 300   M    M   6        31 270
24  64  50  57   M   8   0 0.00  0.0    0  9.0 16 300   M    M   6        27 280
25  72  50  61   M   4   0 0.00  0.0    0  8.3 17 330   M    M   1        27 330
26  73  46  60   M   5   0 0.00  0.0    0  0.8  6  99   M    M   2        12   0
27  73  50  62   M   3   0 0.00  0.0    0  5.2 12 180   M    M   4        16 150
28  63  59  61   M   4   0 1.33  0.0    0  7.3 17 120   M    M   8 1      24 120
29  72  59  66   M   0   1 0.00  0.0    0  4.9 10 100   M    M  10 12     17 100
30  72  55  64   M   1   0 0.00  0.0    0  3.9 10 190   M    M  10 1      14  99
31  82  61  72   M   0   7 0.00  0.0    0  6.5 10 180   M    M   5 1      16  99
================================================================================
SM 2370 1826        36 125  2.10     0.0 172.7          M      125
================================================================================
AV 76.5 58.9                               5.6 FASTST   M    M   4    MAX(MPH)
                                 MISC ---->    20   M                 31    M
================================================================================
NOTES:
# LAST OF SEVERAL OCCURRENCES

COLUMN 17 PEAK WIND IN M.P.H.

PRELIMINARY LOCAL CLIMATOLOGICAL DATA (WS FORM: F-6) , PAGE 2

                                          STATION:  DECORAH IA
                                          MONTH:    AUGUST
                                          YEAR:     2015
                                          LATITUDE:   43 16 N
                                          LONGITUDE:  91 44 W

[TEMPERATURE DATA]      [PRECIPITATION DATA]       SYMBOLS USED IN COLUMN 16

AVERAGE MONTHLY: 67.7   TOTAL FOR MONTH:   2.10    1 = FOG OR MIST
DPTR FM NORMAL:     M   DPTR FM NORMAL:       M    2 = FOG REDUCING VISIBILITY
HIGHEST:    88 ON 14, 2 GRTST 24HR  1.33 ON 28-28      TO 1/4 MILE OR LESS
LOWEST:     46 ON 26                               3 = THUNDER
                        SNOW, ICE PELLETS, HAIL    4 = ICE PELLETS
                        TOTAL MONTH:   0.0 INCH    5 = HAIL
                        GRTST 24HR     0.0         6 = FREEZING RAIN OR DRIZZLE
                        GRTST DEPTH:   0           7 = DUSTSTORM OR SANDSTORM:
                                                       VSBY 1/2 MILE OR LESS
                                                   8 = SMOKE OR HAZE
[NO. OF DAYS WITH]      [WEATHER - DAYS WITH]      9 = BLOWING SNOW
                                                   X = TORNADO
MAX 32 OR BELOW:   0    0.01 INCH OR MORE:   7
MAX 90 OR ABOVE:   0    0.10 INCH OR MORE:   4
MIN 32 OR BELOW:   0    0.50 INCH OR MORE:   1
MIN  0 OR BELOW:   0    1.00 INCH OR MORE:   1

[HDD (BASE 65) ]
TOTAL THIS MO.    36    CLEAR  (SCALE 0-3)  14
DPTR FM NORMAL     M    PTCLDY (SCALE 4-7)  13
TOTAL FM JUL 1    36    CLOUDY (SCALE 8-10)  4
DPTR FM NORMAL     M

[CDD (BASE 65) ]
TOTAL THIS MO.   125
DPTR FM NORMAL     M    [PRESSURE DATA]
TOTAL FM JAN 1   370    HIGHEST SLP M ON M
DPTR FM NORMAL     M    LOWEST  SLP M ON M

[REMARKS]
#FINAL-08-15#
