000
CXUS53 KARX 280930
CF6DEH
PRELIMINARY LOCAL CLIMATOLOGICAL DATA (WS FORM: F-6)

                                          STATION:   DECORAH IA
                                          MONTH:     MARCH
                                          YEAR:      2017
                                          LATITUDE:   43 16 N
                                          LONGITUDE:  91 44 W

  TEMPERATURE IN F:       :PCPN:    SNOW:  WIND      :SUNSHINE: SKY     :PK WND
================================================================================
1   2   3   4   5  6A  6B    7    8   9   10  11  12  13   14  15   16   17  18
                                     12Z  AVG MX 2MIN
DY MAX MIN AVG DEP HDD CDD  WTR  SNW DPTH SPD SPD DIR MIN PSBL S-S WX    SPD DR
================================================================================

 1  39  25  32   M  33   0 0.13  2.0    1 12.9 23 330   M    M   9 1      32 310
 2  27  18  23   M  42   0 0.00  0.0    0  8.6 14 320   M    M   4        22 310
 3  30  14  22   M  43   0    M    M    0  5.2 10 110   M    M   4        18 110
 4  41  27  34   M  31   0 0.00  0.0    0 13.3 18 130   M    M   4        29 130
 5  57  34  46   M  19   0 0.00  0.0    0 11.8 18 150   M    M   9        28 150
 6  66  48  57   M   8   0 0.49  0.0    0 17.5 24 170   M    M  10 1      40 180
 7  48  34  41   M  24   0    T  0.0    0 14.2 22 250   M    M   5        39 250
 8  39  28  34   M  31   0 0.00  0.0    0 13.2 22 270   M    M   2        39 270
 9  36  23  30   M  35   0    T    T    0  9.0 18 340   M    M   8        25 340
10  23  14  19   M  46   0 0.00  0.0    0 12.7 17 330   M    M   3        25 330
11  25  14  20   M  45   0 0.00  0.0    0  8.5 14 330   M    M   8        15 310
12  27  10  19   M  46   0    M    M    0  5.9 15 150   M    M   3        16 150
13  25  19  22   M  43   0    M    M    5  9.9 15  20   M    M   9        21  30
14  23  10  17   M  48   0 0.00  0.0    M  6.8 14  10   M    M   1        14  30
15  28   9  19   M  46   0 0.00  0.0    M  4.4  9 260   M    M   0        15  99
16  37  14  26   M  39   0 0.00  0.0    0  8.8 17 130   M    M   8        27 140
17  48  34  41   M  24   0 0.00  0.0    0 10.0 16 300   M    M   7        31 300
18  39  28  34   M  31   0 0.00  0.0    0  9.4 20 330   M    M   7        28 320
19  55  27  41   M  24   0 0.00  0.0    0 10.6 20 150   M    M   3        30 150
20  59  34  47   M  18   0 0.00  0.0    0  6.0 17  20   M    M   2        24  20
21  43  28  36   M  29   0 0.00  0.0    0 10.9 17 340   M    M   0        24 340
22  39  19  29   M  36   0 0.00  0.0    0  8.1 12 110   M    M   2        18 110
23  41  34  38   M  27   0 0.10  0.0    0 12.9 18 150   M    M   9        36 170
24  45  37  41   M  24   0 0.26  0.0    0  8.0 13  60   M    M   8 1      20  30
25  37  36  37   M  28   0 0.18  0.0    0 12.4 17  70   M    M  10 1      23  60
26  45  36  41   M  24   0 0.09  0.0    0  5.6 10  60   M    M  10 12     16  60
27  46  39  43   M  22   0 0.00  0.0    0  2.8  8 330   M    M  10 12      M  M
================================================================================
SM 1068  693       866   0  1.25     2.0 259.4          M      155
================================================================================
AV 39.6 25.7                               9.6 FASTST   M    M   6    MAX(MPH)
                                 MISC ---->  # 24 170               # 40  180
================================================================================
NOTES:
# LAST OF SEVERAL OCCURRENCES

COLUMN 17 PEAK WIND IN M.P.H.

PRELIMINARY LOCAL CLIMATOLOGICAL DATA (WS FORM: F-6) , PAGE 2

                                          STATION:  DECORAH IA
                                          MONTH:    MARCH
                                          YEAR:     2017
                                          LATITUDE:   43 16 N
                                          LONGITUDE:  91 44 W

[TEMPERATURE DATA]      [PRECIPITATION DATA]       SYMBOLS USED IN COLUMN 16

AVERAGE MONTHLY: 32.6   TOTAL FOR MONTH:   1.25    1 = FOG OR MIST
DPTR FM NORMAL:     M   DPTR FM NORMAL:       M    2 = FOG REDUCING VISIBILITY
HIGHEST:    66 ON  6    GRTST 24HR  0.49 ON  6- 6      TO 1/4 MILE OR LESS
LOWEST:      9 ON 15                               3 = THUNDER
                        SNOW, ICE PELLETS, HAIL    4 = ICE PELLETS
                        TOTAL MONTH:   2.0 INCHES  5 = HAIL
                        GRTST 24HR   2.0 ON  1- 1  6 = FREEZING RAIN OR DRIZZLE
                        GRTST DEPTH:   5 ON 13     7 = DUSTSTORM OR SANDSTORM:
                                                       VSBY 1/2 MILE OR LESS
                                                   8 = SMOKE OR HAZE
[NO. OF DAYS WITH]      [WEATHER - DAYS WITH]      9 = BLOWING SNOW
                                                   X = TORNADO
MAX 32 OR BELOW:   8    0.01 INCH OR MORE:   6
MAX 90 OR ABOVE:   0    0.10 INCH OR MORE:   5
MIN 32 OR BELOW:  17    0.50 INCH OR MORE:   0
MIN  0 OR BELOW:   0    1.00 INCH OR MORE:   0

[HDD (BASE 65) ]
TOTAL THIS MO.   866    CLEAR  (SCALE 0-3)   8
DPTR FM NORMAL     M    PTCLDY (SCALE 4-7)   9
TOTAL FM JUL 1  5550    CLOUDY (SCALE 8-10) 10
DPTR FM NORMAL     M

[CDD (BASE 65) ]
TOTAL THIS MO.     0
DPTR FM NORMAL     M    [PRESSURE DATA]
TOTAL FM JAN 1     0    HIGHEST SLP M ON M
DPTR FM NORMAL     M    LOWEST  SLP M ON M

[REMARKS]
