000
CXUS53 KARX 260930
CF6DEH
PRELIMINARY LOCAL CLIMATOLOGICAL DATA (WS FORM: F-6)

                                          STATION:   DECORAH IA
                                          MONTH:     MAY
                                          YEAR:      2017
                                          LATITUDE:   43 16 N
                                          LONGITUDE:  91 44 W

  TEMPERATURE IN F:       :PCPN:    SNOW:  WIND      :SUNSHINE: SKY     :PK WND
================================================================================
1   2   3   4   5  6A  6B    7    8   9   10  11  12  13   14  15   16   17  18
                                     12Z  AVG MX 2MIN
DY MAX MIN AVG DEP HDD CDD  WTR  SNW DPTH SPD SPD DIR MIN PSBL S-S WX    SPD DR
================================================================================

 1  45  37  41   M  24   0 0.42  0.0    0  6.9 15 300   M    M   9 1      24 300
 2  54  37  46   M  19   0 0.01  0.0    0 11.0 21 330   M    M   6        29 330
 3  61  36  49   M  16   0 0.00  0.0    0  4.2  9 160   M    M   0        15  99
 4  66  39  53   M  12   0 0.00  0.0    0  7.1 16 340   M    M   2        24 340
 5  70  41  56   M   9   0 0.00  0.0    0  5.7 13 320   M    M   1        22 340
 6  64  46  55   M  10   0 0.00  0.0    0  9.7 16 360   M    M   1        27  50
 7  64  45  55   M  10   0 0.00  0.0    0  4.5  9  80   M    M   4        16 320
 8  66  45  56   M   9   0 0.18  0.0    0  9.5 14 110   M    M   3        24 110
 9  64  48  56   M   9   0 0.00  0.0    0  5.4 13  80   M    M   8 1      21 120
10  63  52  58   M   7   0 0.38  0.0    0  3.2 10 160   M    M   8 12      M  M
11  68  45  57   M   8   0 0.00  0.0    0  4.7 13 340   M    M   2 12     15  99
12  70  45  58   M   7   0 0.00  0.0    0  6.7 14 350   M    M   1        20 350
13  82  55  69   M   0   4 0.00  0.0    0  8.0 15 320   M    M   2        22 310
14  81  59  70   M   0   5 0.00  0.0    0  7.4 15 120   M    M   1        24 130
15  77  54  66   M   0   1 0.37  0.0    0  8.8 14 110   M    M   4        24 130
16  84  63  74   M   0   9 0.06  0.0    0 11.5 18 180   M    M   5        33 180
17  66  61  64   M   1   0 0.08  0.0    0  5.2  9 130   M    M   9 3      14 220
18   M   M   M   M   M   M    M    M    0   M   M   M   M    M   0         M  M
19  50  39  45   M  20   0 0.50  0.0    0  9.8 15  90   M    M   5        21  60
20  52  41  47   M  18   0 0.44  0.0    0 12.0 17  90   M    M  10 1      25  90
21  54  45  50   M  15   0 0.00  0.0    0  8.9 13 260   M    M   9        24 250
22  68  43  56   M   9   0 0.40  0.0    0  5.1 12 210   M    M   4        17 210
23  57  50  54   M  11   0 0.00  0.0    0  6.0 12 330   M    M  10 1      16  10
24  59  48  54   M  11   0 0.00  0.0    0  7.3 12  20   M    M   8        16  20
25  68  46  57   M   8   0 0.00  0.0    0  3.1  8 140   M    M   5 1      12 200
================================================================================
SM 1553 1120       233  19  2.84     0.0 171.7          M      117
================================================================================
AV 64.7 46.7                               7.2 FASTST   M    M   5    MAX(MPH)
                                 MISC ---->  # 21 330               # 33  180
================================================================================
NOTES:
# LAST OF SEVERAL OCCURRENCES

COLUMN 17 PEAK WIND IN M.P.H.

PRELIMINARY LOCAL CLIMATOLOGICAL DATA (WS FORM: F-6) , PAGE 2

                                          STATION:  DECORAH IA
                                          MONTH:    MAY
                                          YEAR:     2017
                                          LATITUDE:   43 16 N
                                          LONGITUDE:  91 44 W

[TEMPERATURE DATA]      [PRECIPITATION DATA]       SYMBOLS USED IN COLUMN 16

AVERAGE MONTHLY: 55.7   TOTAL FOR MONTH:   2.84    1 = FOG OR MIST
DPTR FM NORMAL:     M   DPTR FM NORMAL:       M    2 = FOG REDUCING VISIBILITY
HIGHEST:    84 ON 16    GRTST 24HR  0.50 ON 19-19      TO 1/4 MILE OR LESS
LOWEST:     36 ON  3                               3 = THUNDER
                        SNOW, ICE PELLETS, HAIL    4 = ICE PELLETS
                        TOTAL MONTH:   0.0 INCH    5 = HAIL
                        GRTST 24HR     0.0         6 = FREEZING RAIN OR DRIZZLE
                        GRTST DEPTH:   0           7 = DUSTSTORM OR SANDSTORM:
                                                       VSBY 1/2 MILE OR LESS
                                                   8 = SMOKE OR HAZE
[NO. OF DAYS WITH]      [WEATHER - DAYS WITH]      9 = BLOWING SNOW
                                                   X = TORNADO
MAX 32 OR BELOW:   0    0.01 INCH OR MORE:  10
MAX 90 OR ABOVE:   0    0.10 INCH OR MORE:   7
MIN 32 OR BELOW:   0    0.50 INCH OR MORE:   1
MIN  0 OR BELOW:   0    1.00 INCH OR MORE:   0

[HDD (BASE 65) ]
TOTAL THIS MO.   233    CLEAR  (SCALE 0-3)   9
DPTR FM NORMAL     M    PTCLDY (SCALE 4-7)  10
TOTAL FM JUL 1  6316    CLOUDY (SCALE 8-10)  6
DPTR FM NORMAL     M

[CDD (BASE 65) ]
TOTAL THIS MO.    19
DPTR FM NORMAL     M    [PRESSURE DATA]
TOTAL FM JAN 1    19    HIGHEST SLP M ON M
DPTR FM NORMAL     M    LOWEST  SLP M ON M

[REMARKS]
