000
CXUS52 KTAE 260800
CF6DHN
PRELIMINARY LOCAL CLIMATOLOGICAL DATA (WS FORM: F-6)

                                          STATION:   DOTHAN
                                          MONTH:     FEBRUARY
                                          YEAR:      2015
                                          LATITUDE:   31 19 N
                                          LONGITUDE:  85 27 W

  TEMPERATURE IN F:       :PCPN:    SNOW:  WIND      :SUNSHINE: SKY     :PK WND
================================================================================
1   2   3   4   5  6A  6B    7    8   9   10  11  12  13   14  15   16   17  18
                                     12Z  AVG MX 2MIN
DY MAX MIN AVG DEP HDD CDD  WTR  SNW DPTH SPD SPD DIR MIN PSBL S-S WX    SPD DR
================================================================================

 1  67  42  55   5  10   0 0.37  0.0    0 10.5 21 160   M    M   6 1      26 150
 2  64  32  48  -2  17   0 0.14  0.0    0 14.8 30 290   M    M   5 1      36 290
 3  52  30  41 -10  24   0 0.00  0.0    0  4.6 13 350   M    M   0        15 350
 4  47  42  45  -6  20   0 0.49  0.0    0  5.1 13  60   M    M   8 1      15  50
 5  60  36  48  -3  17   0 0.00  0.0    0 10.4 20 340   M    M   2 1      24 340
 6  59  28  44  -7  21   0 0.00  0.0    0  3.7 14  90   M    M   0        17  80
 7  65  32  49  -2  16   0 0.00  0.0    0  3.0 10 190   M    M   0        13 200
 8  71  35  53   1  12   0 0.00  0.0    0  6.1 15 230   M    M   2        20 240
 9  70  51  61   9   4   0 0.19  0.0    0  9.4 21 310   M    M   5 123    25 300
10  57  39  48  -4  17   0 0.00  0.0    0 11.3 24 340   M    M   3        29 330
11  65  33  49  -3  16   0 0.00  0.0    0  4.3 10 290   M    M   0        17 230
12  63  33  48  -4  17   0 0.00  0.0    0 12.8 26 330   M    M   0        31 330
13  50  27  39 -14  26   0 0.00  0.0    0  5.5 14 360   M    M   0        18  10
14  65  30  48  -5  17   0 0.00  0.0    0  8.5 20 300   M    M   0        29 310
15  58  42  50  -3  15   0 0.00  0.0    0  6.8 14  40   M    M   0 1      18  20
16  68  46  57   4   8   0 0.45  0.0    0 14.5 29 290   M    M   8 1      33 290
17  60  33  47  -7  18   0 0.07  0.0    0 13.1 24 320   M    M   6 1      30 330
18  50  28  39 -15  26   0 0.00  0.0    0 13.9 30 290   M    M   0        36 310
19  40  24  32 -22  33   0 0.00  0.0    0  8.5 20 300   M    M   0        25 300
20   M  23   M   M   M   M 0.00  0.0    0  4.4  7 100   M    M   3         M  M
21  69   M   M   M   M   M 0.00  0.0    0 12.4 17 190   M    M   1        27 170
22  77  58  68  13   0   3 0.14  0.0    0  8.9 18 200   M    M   9 1      22 230
23  63  45  54  -1  11   0 0.07    M    0  9.8 28 320   M    M   8 1      33 320
24   M   M   M   M   M   M    M    M    M   M   M   M   M    M   M 1       M  M
25   M   M   M   M   M   M    M    M    M   M   M   M   M    M   M 1       M  M
================================================================================
SM 1340  789       345   3  1.92     0.0 202.3          M       66
================================================================================
AV 60.9 35.9                               8.8 FASTST   M    M   3    MAX(MPH)
                                 MISC ---->  # 30 290               # 36  290
================================================================================
NOTES:
# LAST OF SEVERAL OCCURRENCES

COLUMN 17 PEAK WIND IN M.P.H.

PRELIMINARY LOCAL CLIMATOLOGICAL DATA (WS FORM: F-6) , PAGE 2

                                          STATION:  DOTHAN
                                          MONTH:    FEBRUARY
                                          YEAR:     2015
                                          LATITUDE:   31 19 N
                                          LONGITUDE:  85 27 W

[TEMPERATURE DATA]      [PRECIPITATION DATA]       SYMBOLS USED IN COLUMN 16

AVERAGE MONTHLY: 48.4   TOTAL FOR MONTH:   1.92    1 = FOG OR MIST
DPTR FM NORMAL:  -4.3   DPTR FM NORMAL:   -2.37    2 = FOG REDUCING VISIBILITY
HIGHEST:    77 ON 22    GRTST 24HR  1.54 ON 24-25      TO 1/4 MILE OR LESS
LOWEST:     23 ON 20                               3 = THUNDER
                        SNOW, ICE PELLETS, HAIL    4 = ICE PELLETS
                        TOTAL MONTH:   0.0 INCH    5 = HAIL
                        GRTST 24HR     0.0         6 = FREEZING RAIN OR DRIZZLE
                        GRTST DEPTH:   0           7 = DUSTSTORM OR SANDSTORM:
                                                       VSBY 1/2 MILE OR LESS
                                                   8 = SMOKE OR HAZE
[NO. OF DAYS WITH]      [WEATHER - DAYS WITH]      9 = BLOWING SNOW
                                                   X = TORNADO
MAX 32 OR BELOW:   0    0.01 INCH OR MORE:   8
MAX 90 OR ABOVE:   0    0.10 INCH OR MORE:   6
MIN 32 OR BELOW:   9    0.50 INCH OR MORE:   0
MIN  0 OR BELOW:   0    1.00 INCH OR MORE:   0

[HDD (BASE 65) ]
TOTAL THIS MO.   345    CLEAR  (SCALE 0-3)  15
DPTR FM NORMAL    31    PTCLDY (SCALE 4-7)   5
TOTAL FM JUL 1  1582    CLOUDY (SCALE 8-10)  3
DPTR FM NORMAL    52

[CDD (BASE 65) ]
TOTAL THIS MO.     3
DPTR FM NORMAL     3    [PRESSURE DATA]
TOTAL FM JAN 1     4    HIGHEST SLP M ON M
DPTR FM NORMAL     0    LOWEST  SLP 29.75 ON 16

[REMARKS]
