000
CXUS52 KTAE 160800
CF6DHN
PRELIMINARY LOCAL CLIMATOLOGICAL DATA (WS FORM: F-6)

                                          STATION:   DOTHAN
                                          MONTH:     DECEMBER
                                          YEAR:      2017
                                          LATITUDE:   31 19 N
                                          LONGITUDE:  85 27 W

  TEMPERATURE IN F:       :PCPN:    SNOW:  WIND      :SUNSHINE: SKY     :PK WND
================================================================================
1   2   3   4   5  6A  6B    7    8   9   10  11  12  13   14  15   16   17  18
                                     12Z  AVG MX 2MIN
DY MAX MIN AVG DEP HDD CDD  WTR  SNW DPTH SPD SPD DIR MIN PSBL S-S WX    SPD DR
================================================================================

 1  74  54  64  10   1   0 0.08  0.0    0  3.2 10 230   M    M   6 12     14 230
 2  74  48  61   7   4   0    T    M    0  4.1 10 340   M    M   6 128    15 210
 3  69  51  60   6   5   0 0.00  0.0    0  5.5 12  90   M    M   6 128    17  90
 4  68  56  62   8   3   0 0.00  0.0    0  6.2 13 130   M    M   8 18     18 110
 5  80  56  68  15   0   3 0.25  0.0    0  8.4 18 200   M    M   4 1      24 200
 6  65  42  54   1  11   0 0.17    M    0  8.1 21 340   M    M  10 18     25 340
 7  50  41  46  -7  19   0 0.34  0.0    0  7.6 15  10   M    M  10 1      20  10
 8  42  38  40 -13  25   0 1.29  0.0    0  9.3 18 340   M    M  10 13     23  10
 9  46  34  40 -12  25   0 0.01    T    0 11.1 23 320   M    M   4 1      31 310
10  52  29  41 -11  24   0 0.00  0.0    0  5.7 12 300   M    M   0        15 270
11  64  32  48  -4  17   0 0.00  0.0    0  7.2 15 250   M    M   0        19 220
12  60  41  51  -1  14   0 0.00  0.0    0 12.1 25 320   M    M   0        33 320
13  57  30  44  -8  21   0 0.00  0.0    0  6.2 14 220   M    M   0        18 230
14  62  38  50  -1  15   0 0.00  0.0    0  4.4 13 250   M    M   0        18 260
15  50  38  44  -7  21   0 0.00  0.0    0  5.3 17 340   M    M   2        20 340
================================================================================
SM  913  628       205   3  2.14    T    104.4          M       66
================================================================================
AV 60.9 41.9                               7.0 FASTST   M    M   4    MAX(MPH)
                                 MISC ---->  # 25 320               # 33  320
================================================================================
NOTES:
# LAST OF SEVERAL OCCURRENCES

COLUMN 17 PEAK WIND IN M.P.H.

PRELIMINARY LOCAL CLIMATOLOGICAL DATA (WS FORM: F-6) , PAGE 2

                                          STATION:  DOTHAN
                                          MONTH:    DECEMBER
                                          YEAR:     2017
                                          LATITUDE:   31 19 N
                                          LONGITUDE:  85 27 W

[TEMPERATURE DATA]      [PRECIPITATION DATA]       SYMBOLS USED IN COLUMN 16

AVERAGE MONTHLY: 51.4   TOTAL FOR MONTH:   2.14    1 = FOG OR MIST
DPTR FM NORMAL:  -1.3   DPTR FM NORMAL:   -0.43    2 = FOG REDUCING VISIBILITY
HIGHEST:    80 ON  5    GRTST 24HR  1.29 ON  8- 8      TO 1/4 MILE OR LESS
LOWEST:     29 ON 10                               3 = THUNDER
                        SNOW, ICE PELLETS, HAIL    4 = ICE PELLETS
                        TOTAL MONTH:    T          5 = HAIL
                        GRTST 24HR    T  ON  9- 9  6 = FREEZING RAIN OR DRIZZLE
                        GRTST DEPTH:   0           7 = DUSTSTORM OR SANDSTORM:
                                                       VSBY 1/2 MILE OR LESS
                                                   8 = SMOKE OR HAZE
[NO. OF DAYS WITH]      [WEATHER - DAYS WITH]      9 = BLOWING SNOW
                                                   X = TORNADO
MAX 32 OR BELOW:   0    0.01 INCH OR MORE:   6
MAX 90 OR ABOVE:   0    0.10 INCH OR MORE:   4
MIN 32 OR BELOW:   3    0.50 INCH OR MORE:   1
MIN  0 OR BELOW:   0    1.00 INCH OR MORE:   1

[HDD (BASE 65) ]
TOTAL THIS MO.   205    CLEAR  (SCALE 0-3)   6
DPTR FM NORMAL    15    PTCLDY (SCALE 4-7)   6
TOTAL FM JUL 1   426    CLOUDY (SCALE 8-10)  3
DPTR FM NORMAL   -41

[CDD (BASE 65) ]
TOTAL THIS MO.     3
DPTR FM NORMAL     3    [PRESSURE DATA]
TOTAL FM JAN 1  2707    HIGHEST SLP M ON M
DPTR FM NORMAL   315    LOWEST  SLP 29.89 ON  8

[REMARKS]
