000
CXUS54 KAMA 261015
CF6DHT
PRELIMINARY LOCAL CLIMATOLOGICAL DATA (WS FORM: F-6)

                                          STATION:   DALHART
                                          MONTH:     JUNE
                                          YEAR:      2017
                                          LATITUDE:   36  1 N
                                          LONGITUDE: 102 33 W

  TEMPERATURE IN F:       :PCPN:    SNOW:  WIND      :SUNSHINE: SKY     :PK WND
================================================================================
1   2   3   4   5  6A  6B    7    8   9   10  11  12  13   14  15   16   17  18
                                     12Z  AVG MX 2MIN
DY MAX MIN AVG DEP HDD CDD  WTR  SNW DPTH SPD SPD DIR MIN PSBL S-S WX    SPD DR
================================================================================

 1  86  49  68   0   0   3    T  0.0    0 10.4 20 140   M    M   1        24 140
 2  83  56  70   1   0   5 0.00  0.0    0  8.4 28 140   M    M   2        34 140
 3  82  49  66  -3   0   1 0.09  0.0    0  7.6 32  10   M    M   4 138    42  20
 4  84  56  70   1   0   5 0.00  0.0    0  9.1 21 360   M    M   1        26  20
 5  88  56  72   2   0   7 0.00  0.0    0  7.9 15  70   M    M   1        19  70
 6  89  58  74   4   0   9    T  0.0    0  8.6 31 360   M    M   1        38 360
 7  86  61  74   4   0   9 0.00  0.0    0  7.9 18  90   M    M   4        26 360
 8  92  62  77   6   0  12    T  0.0    0  5.9 20  80   M    M   0        23  80
 9  98  56  77   6   0  12 0.00  0.0    0  9.8 22 120   M    M   0 1      28 120
10 104  63  84  13   0  19 0.00  0.0    0 14.0 28 220   M    M   0        35 190
11 102  69  86  14   0  21 0.00  0.0    0 18.0 33 210   M    M   0        44 200
12 102  53  78   6   0  13 0.00  0.0    0 15.4 30 170   M    M   0        37 170
13  99  63  81   9   0  16 0.00  0.0    0 19.7 35 230   M    M   0 8      50 230
14  93  49  71  -1   0   6 0.00  0.0    0 10.3 23  20   M    M   0        28  20
15 103  51  77   4   0  12 0.00  0.0    M  9.3 24 150   M    M   0 8      30 140
16 102  58  80   7   0  15 0.00  0.0    0  6.8 16 180   M    M   0 18     21 300
17 107  61  84  11   0  19 0.00  0.0    0  8.9 38  20   M    M   0 8      46  30
18  84  66  75   1   0  10 0.00  0.0    0 17.3 39  30   M    M   4        49  30
19  94  56  75   1   0  10 0.00  0.0    0  7.2 13 160   M    M   0 8      16 140
20 101  67  84  10   0  19 0.00  0.0    0 13.1 23 140   M    M   0        29 190
21 105  70  88  14   0  23    T  0.0    0 16.3 30 300   M    M   0 8      39 300
22 106  63  85  11   0  20    T  0.0    0 12.5 30 130   M    M   1 3      38 120
23  80  64  72  -3   0   7    T  0.0    0 17.5 32  50   M    M   2 3      41  30
24  75  63  69  -6   0   4    T  0.0    0  9.1 20 160   M    M   9        24 170
25  87  55  71  -4   0   6 1.17  0.0    0 12.9 45 120   M    M   8 13     67 130
================================================================================
SM 2332 1474         0 283  1.26     0.0 283.9          M       38
================================================================================
AV 93.3 59.0                              11.4 FASTST   M    M   2    MAX(MPH)
                                 MISC ---->  # 45 120               # 67  130
================================================================================
NOTES:
# LAST OF SEVERAL OCCURRENCES

COLUMN 17 PEAK WIND IN M.P.H.

PRELIMINARY LOCAL CLIMATOLOGICAL DATA (WS FORM: F-6) , PAGE 2

                                          STATION:  DALHART
                                          MONTH:    JUNE
                                          YEAR:     2017
                                          LATITUDE:   36  1 N
                                          LONGITUDE: 102 33 W

[TEMPERATURE DATA]      [PRECIPITATION DATA]       SYMBOLS USED IN COLUMN 16

AVERAGE MONTHLY: 76.1   TOTAL FOR MONTH:   1.26    1 = FOG OR MIST
DPTR FM NORMAL:   4.1   DPTR FM NORMAL:   -0.64    2 = FOG REDUCING VISIBILITY
HIGHEST:   107 ON 17    GRTST 24HR  1.17 ON 25-25      TO 1/4 MILE OR LESS
LOWEST:     49 ON 14, 3                            3 = THUNDER
                        SNOW, ICE PELLETS, HAIL    4 = ICE PELLETS
                        TOTAL MONTH:   0.0 INCH    5 = HAIL
                        GRTST 24HR     0.0         6 = FREEZING RAIN OR DRIZZLE
                        GRTST DEPTH:   0           7 = DUSTSTORM OR SANDSTORM:
                                                       VSBY 1/2 MILE OR LESS
                                                   8 = SMOKE OR HAZE
[NO. OF DAYS WITH]      [WEATHER - DAYS WITH]      9 = BLOWING SNOW
                                                   X = TORNADO
MAX 32 OR BELOW:   0    0.01 INCH OR MORE:   2
MAX 90 OR ABOVE:  14    0.10 INCH OR MORE:   1
MIN 32 OR BELOW:   0    0.50 INCH OR MORE:   1
MIN  0 OR BELOW:   0    1.00 INCH OR MORE:   1

[HDD (BASE 65) ]
TOTAL THIS MO.     0    CLEAR  (SCALE 0-3)  20
DPTR FM NORMAL    -9    PTCLDY (SCALE 4-7)   3
TOTAL FM JUL 1  3634    CLOUDY (SCALE 8-10)  2
DPTR FM NORMAL -1092

[CDD (BASE 65) ]
TOTAL THIS MO.   283
DPTR FM NORMAL    97    [PRESSURE DATA]
TOTAL FM JAN 1   360    HIGHEST SLP M ON M
DPTR FM NORMAL   102    LOWEST  SLP 29.50 ON 17

[REMARKS]
