000
CXUS55 KEAX 280736
CF6DMO
PRELIMINARY LOCAL CLIMATOLOGICAL DATA (WS FORM: F-6)

                                          STATION:   SEDALIA MO
                                          MONTH:     AUGUST
                                          YEAR:      2015
                                          LATITUDE:   38 42 N
                                          LONGITUDE:  93  6 W

  TEMPERATURE IN F:       :PCPN:    SNOW:  WIND      :SUNSHINE: SKY     :PK WND
================================================================================
1   2   3   4   5  6A  6B    7    8   9   10  11  12  13   14  15   16   17  18
                                     12Z  AVG MX 2MIN
DY MAX MIN AVG DEP HDD CDD  WTR  SNW DPTH SPD SPD DIR MIN PSBL S-S WX    SPD DR
================================================================================

 1  92  67  80   0   0  15 0.62    M    M  5.7 25  30   M    M   2 13     30  40
 2  91  67  79   0   0  14 0.00    M    M  8.5 23  30   M    M   0        29  30
 3  88  71  80   1   0  15 0.00    M    M  4.6 18  10   M    M   0        25  10
 4  90  69  80   1   0  15 0.33    M    M  5.7 23  20   M    M   1 13     28  20
 5  76  68  72  -7   0   7 0.37    M    M  5.3 12  70   M    M   9 18     16  70
 6  83  68  76  -3   0  11 0.00    M    M  3.6 16 150   M    M   5 12     20 150
 7  90  70  80   1   0  15 0.00    M    M  4.1  9  30   M    M   3 1      11  40
 8  90  72  81   2   0  16 0.06    M    M  7.3 23 120   M    M   1 13     30 130
 9  92  76  84   5   0  19 0.01    M    M  6.9 15 350   M    M   2 1      21 330
10  91  72  82   3   0  17 0.41    M    M  6.2 20 330   M    M   4 13     27 310
11  84  67  76  -3   0  11 0.00    M    M  6.7 15  10   M    M   1        21 360
12  86  65  76  -3   0  11 0.00    M    M  2.6  9  50   M    M   1        17 290
13  87  64  76  -3   0  11 0.00    M    M  3.8  8 180   M    M   1        12 220
14  88  66  77  -2   0  12 0.00    M    M  2.8  8 140   M    M   0        11 150
15  88  65  77  -2   0  12 0.00    M    M  3.6 10 130   M    M   0 1      15 140
16  91  67  79   1   0  14 0.00    M    M  7.0 14 170   M    M   0 1      19 160
17  90  68  79   1   0  14 0.00    M    M  6.4 14 220   M    M   1 1      18 240
18  83  69  76  -2   0  11 0.56    M    M  9.2 23 230   M    M   3 13     30 240
19  72  59  66 -12   0   1 0.00    M    M  9.0 16 290   M    M   3        23 280
20  83  56  70  -8   0   5 0.00    M    M  7.6 16 230   M    M   1        22 210
21  83  58  71  -7   0   6 0.00    M    M  9.9 18 180   M    M   1        24 150
22  85  65  75  -3   0  10 0.00    M    M  8.1 18 170   M    M   4 3      23 150
23  81  57  69  -8   0   4 0.01    M    M  8.5 21 340   M    M   2 1      29 340
24  82  53  68  -9   0   3 0.00    M    M  5.8 15 280   M    M   0        18 290
25  83  56  70  -7   0   5 0.00    M    M  3.6 12 300   M    M   0        16 290
26  83  56  70  -6   0   5 0.00    M    M  2.7 10  20   M    M   0        13  30
27  77  56  67  -9   0   2 0.00    M    M  7.3 18 160   M    M   0        24 160
================================================================================
SM 2309 1747         0 281  2.37    M    162.5          M       45
================================================================================
AV 85.5 64.7                               6.0 FASTST   M    M   2    MAX(MPH)
                                 MISC ---->  # 25  30               # 30   40
================================================================================
NOTES:
# LAST OF SEVERAL OCCURRENCES

COLUMN 17 PEAK WIND IN M.P.H.

PRELIMINARY LOCAL CLIMATOLOGICAL DATA (WS FORM: F-6) , PAGE 2

                                          STATION:  SEDALIA MO
                                          MONTH:    AUGUST
                                          YEAR:     2015
                                          LATITUDE:   38 42 N
                                          LONGITUDE:  93  6 W

[TEMPERATURE DATA]      [PRECIPITATION DATA]       SYMBOLS USED IN COLUMN 16

AVERAGE MONTHLY: 75.1   TOTAL FOR MONTH:   2.37    1 = FOG OR MIST
DPTR FM NORMAL:  -3.2   DPTR FM NORMAL:   -0.56    2 = FOG REDUCING VISIBILITY
HIGHEST:    92 ON  9, 1 GRTST 24HR  0.70 ON  4- 5      TO 1/4 MILE OR LESS
LOWEST:     53 ON 24                               3 = THUNDER
                        SNOW, ICE PELLETS, HAIL    4 = ICE PELLETS
                        TOTAL MONTH:    M          5 = HAIL
                        GRTST 24HR    M  ON   M    6 = FREEZING RAIN OR DRIZZLE
                        GRTST DEPTH:  M  ON   M    7 = DUSTSTORM OR SANDSTORM:
                                                       VSBY 1/2 MILE OR LESS
                                                   8 = SMOKE OR HAZE
[NO. OF DAYS WITH]      [WEATHER - DAYS WITH]      9 = BLOWING SNOW
                                                   X = TORNADO
MAX 32 OR BELOW:   0    0.01 INCH OR MORE:   8
MAX 90 OR ABOVE:   9    0.10 INCH OR MORE:   5
MIN 32 OR BELOW:   0    0.50 INCH OR MORE:   2
MIN  0 OR BELOW:   0    1.00 INCH OR MORE:   0

[HDD (BASE 65) ]
TOTAL THIS MO.     0    CLEAR  (SCALE 0-3)  22
DPTR FM NORMAL     0    PTCLDY (SCALE 4-7)   4
TOTAL FM JUL 1     0    CLOUDY (SCALE 8-10)  1
DPTR FM NORMAL     0

[CDD (BASE 65) ]
TOTAL THIS MO.   281
DPTR FM NORMAL   -79    [PRESSURE DATA]
TOTAL FM JAN 1  1194    HIGHEST SLP  0.00 ON M
DPTR FM NORMAL   -46    LOWEST  SLP  0.00 ON M

[REMARKS]
