000
CXUS55 KEAX 250736
CF6DMO
PRELIMINARY LOCAL CLIMATOLOGICAL DATA (WS FORM: F-6)

                                          STATION:   SEDALIA MO
                                          MONTH:     MAY
                                          YEAR:      2017
                                          LATITUDE:   38 42 N
                                          LONGITUDE:  93  6 W

  TEMPERATURE IN F:       :PCPN:    SNOW:  WIND      :SUNSHINE: SKY     :PK WND
================================================================================
1   2   3   4   5  6A  6B    7    8   9   10  11  12  13   14  15   16   17  18
                                     12Z  AVG MX 2MIN
DY MAX MIN AVG DEP HDD CDD  WTR  SNW DPTH SPD SPD DIR MIN PSBL S-S WX    SPD DR
================================================================================

 1  58  43  51 -10  14   0 0.18    M    M 15.3 26 220   M    M   7 1      35 270
 2  67  49  58  -4   7   0    T    M    M  8.1 18 310   M    M   5        28 280
 3  56  46  51 -11  14   0 1.03    M    M 12.1 23  60   M    M  10 1      32  60
 4  65  45  55  -7  10   0 0.00    M    M 14.4 29  20   M    M   4        36  10
 5  72  48  60  -2   5   0 0.00    M    M 11.0 23 330   M    M   1        28 330
 6  76  53  65   2   0   0 0.00    M    M 10.6 21 330   M    M   0 8      29 340
 7  80  49  65   2   0   0 0.00    M    M  6.8 13 200   M    M   0        17 190
 8  84  58  71   8   0   6 0.00    M    M 10.2 20 220   M    M   0        26 220
 9  84  62  73   9   0   8 0.00    M    M 11.1 18 250   M    M   0        25 250
10  82  67  75  11   0  10 0.05    M    M 12.6 25 220   M    M   4 13     34 220
11  69  62  66   2   0   1 0.04    M    M  7.3 16  30   M    M   8 1      21  30
12  77  56  67   3   0   2 0.00    M    M  8.3 16  30   M    M   3 1      21  40
13  79  52  66   1   0   1 0.00    M    M  3.9 13 210   M    M   0        17 200
14  82  54  68   3   0   3 0.00    M    M 12.1 22 190   M    M   0        29 190
15  88  63  76  11   0  11 0.00    M    M 11.9 18 170   M    M   0        23 190
16  86  63  75   9   0  10 0.00    M    M 16.7 29 210   M    M   0        37 200
17  84  68  76  10   0  11    T    M    M 21.0 40 200   M    M   5        51 220
18  88  64  76  10   0  11 0.00    M    M  8.5 23 310   M    M   4        34 320
19  74  61  68   2   0   3 1.41    M    M  8.3 29 330   M    M   8 13     38 330
20  72  55  64  -3   1   0 0.23    M    M 10.8 24 120   M    M   5 1      29 140
21  69  49  59  -8   6   0 0.00    M    M  9.9 22 280   M    M   0        29 280
22  73  49  61  -7   4   0 0.03    M    M  8.1 21 350   M    M   4 13     26 340
23  68  56  62  -6   3   0 0.07    M    M  8.2 20 330   M    M   8 1      24 330
24  68  49  59  -9   6   0 0.01    M    M  8.3 20 330   M    M   6        26 340
================================================================================
SM 1801 1321        70  77  3.05    M    255.5          M       82
================================================================================
AV 75.0 55.0                              10.6 FASTST   M    M   3    MAX(MPH)
                                 MISC ---->  # 40 200               # 51  220
================================================================================
NOTES:
# LAST OF SEVERAL OCCURRENCES

COLUMN 17 PEAK WIND IN M.P.H.

PRELIMINARY LOCAL CLIMATOLOGICAL DATA (WS FORM: F-6) , PAGE 2

                                          STATION:  SEDALIA MO
                                          MONTH:    MAY
                                          YEAR:     2017
                                          LATITUDE:   38 42 N
                                          LONGITUDE:  93  6 W

[TEMPERATURE DATA]      [PRECIPITATION DATA]       SYMBOLS USED IN COLUMN 16

AVERAGE MONTHLY: 65.0   TOTAL FOR MONTH:   3.05    1 = FOG OR MIST
DPTR FM NORMAL:   0.4   DPTR FM NORMAL:   -0.64    2 = FOG REDUCING VISIBILITY
HIGHEST:    88 ON 18,15 GRTST 24HR  1.41 ON 19-19      TO 1/4 MILE OR LESS
LOWEST:     43 ON  1                               3 = THUNDER
                        SNOW, ICE PELLETS, HAIL    4 = ICE PELLETS
                        TOTAL MONTH:    M          5 = HAIL
                        GRTST 24HR    M  ON   M    6 = FREEZING RAIN OR DRIZZLE
                        GRTST DEPTH:  M  ON   M    7 = DUSTSTORM OR SANDSTORM:
                                                       VSBY 1/2 MILE OR LESS
                                                   8 = SMOKE OR HAZE
[NO. OF DAYS WITH]      [WEATHER - DAYS WITH]      9 = BLOWING SNOW
                                                   X = TORNADO
MAX 32 OR BELOW:   0    0.01 INCH OR MORE:   9
MAX 90 OR ABOVE:   0    0.10 INCH OR MORE:   4
MIN 32 OR BELOW:   0    0.50 INCH OR MORE:   2
MIN  0 OR BELOW:   0    1.00 INCH OR MORE:   2

[HDD (BASE 65) ]
TOTAL THIS MO.    70    CLEAR  (SCALE 0-3)  10
DPTR FM NORMAL    -6    PTCLDY (SCALE 4-7)  11
TOTAL FM JUL 1  3602    CLOUDY (SCALE 8-10)  3
DPTR FM NORMAL  -956

[CDD (BASE 65) ]
TOTAL THIS MO.    77
DPTR FM NORMAL    11    [PRESSURE DATA]
TOTAL FM JAN 1   127    HIGHEST SLP  0.00 ON M
DPTR FM NORMAL    27    LOWEST  SLP  0.00 ON M

[REMARKS]
