000
CXUS53 KDMX 160920
CF6DSM
PRELIMINARY LOCAL CLIMATOLOGICAL DATA (WS FORM: F-6)

                                          STATION:   DES MOINES IA
                                          MONTH:     APRIL
                                          YEAR:      2014
                                          LATITUDE:   41 31 N
                                          LONGITUDE:  93 39 W

  TEMPERATURE IN F:       :PCPN:    SNOW:  WIND      :SUNSHINE: SKY     :PK WND
================================================================================
1   2   3   4   5  6A  6B    7    8   9   10  11  12  13   14  15   16   17  18
                                     12Z  AVG MX 2MIN
DY MAX MIN AVG DEP HDD CDD  WTR  SNW DPTH SPD SPD DIR MIN PSBL S-S WX    SPD DR
================================================================================

 1  47  23  35 -11  30   0 0.00  0.0    0 13.2 35 310   M    M   8        43 280
 2  50  33  42  -4  23   0    T  0.0    0 12.9 24 110   M    M   9        33 110
 3  46  36  41  -6  24   0 0.12  0.0    0 10.7 21 320   M    M  10 18     28  90
 4  44  31  38  -9  27   0 0.01  0.1    T 19.5 32 320   M    M  10 1      42 310
 5  58  25  42  -6  23   0 0.00  0.0    0  7.2 16 190   M    M   3        20 190
 6  60  43  52   4  13   0 0.01  0.0    0  6.1 15 200   M    M   9        19 200
 7  64  40  52   4  13   0 0.08  0.0    0  7.4 24  20   M    M   8 358    33  10
 8  58  37  48  -1  17   0 0.00  0.0    0 11.5 25 330   M    M   3        34 320
 9  76  32  54   5  11   0 0.00  0.0    0 13.1 28 220   M    M   4        35 190
10  68  51  60  10   5   0 0.00  0.0    0 10.3 24  10   M    M   6        32  10
11  78  38  58   8   7   0 0.00  0.0    0  9.2 22 300   M    M   5 8      30 280
12  86  58  72  22   0   7 0.22  0.0    0 12.4 38 270   M    M   8 3      50 280
13  62  34  48  -3  17   0 1.69  0.1    0 17.6 35  20   M    M   9 134    44  20
14  41  30  36 -15  29   0 0.05  0.6    1 16.8 31 350   M    M   7 1      43 330
15  47  26  37 -15  28   0 0.00  0.0    0  8.0 16 140   M    M   2        19 150
================================================================================
SM  885  537       267   7  2.18     0.8 175.9          M      101
================================================================================
AV 59.0 35.8                              11.7 FASTST   M    M   7    MAX(MPH)
                                 MISC ---->  # 38 270               # 50  280
================================================================================
NOTES:
# LAST OF SEVERAL OCCURRENCES

COLUMN 17 PEAK WIND IN M.P.H.

PRELIMINARY LOCAL CLIMATOLOGICAL DATA (WS FORM: F-6) , PAGE 2

                                          STATION:  DES MOINES IA
                                          MONTH:    APRIL
                                          YEAR:     2014
                                          LATITUDE:   41 31 N
                                          LONGITUDE:  93 39 W

[TEMPERATURE DATA]      [PRECIPITATION DATA]       SYMBOLS USED IN COLUMN 16

AVERAGE MONTHLY: 47.4   TOTAL FOR MONTH:   2.18    1 = FOG OR MIST
DPTR FM NORMAL:  -1.4   DPTR FM NORMAL:    0.53    2 = FOG REDUCING VISIBILITY
HIGHEST:    86 ON 12    GRTST 24HR  1.81 ON 12-13      TO 1/4 MILE OR LESS
LOWEST:     23 ON  1                               3 = THUNDER
                        SNOW, ICE PELLETS, HAIL    4 = ICE PELLETS
                        TOTAL MONTH:   0.8 INCH    5 = HAIL
                        GRTST 24HR   0.6 ON   M    6 = FREEZING RAIN OR DRIZZLE
                        GRTST DEPTH:   1 ON 14     7 = DUSTSTORM OR SANDSTORM:
                                                       VSBY 1/2 MILE OR LESS
                                                   8 = SMOKE OR HAZE
[NO. OF DAYS WITH]      [WEATHER - DAYS WITH]      9 = BLOWING SNOW
                                                   X = TORNADO
MAX 32 OR BELOW:   0    0.01 INCH OR MORE:   7
MAX 90 OR ABOVE:   0    0.10 INCH OR MORE:   3
MIN 32 OR BELOW:   6    0.50 INCH OR MORE:   1
MIN  0 OR BELOW:   0    1.00 INCH OR MORE:   1

[HDD (BASE 65) ]
TOTAL THIS MO.   267    CLEAR  (SCALE 0-3)   2
DPTR FM NORMAL    20    PTCLDY (SCALE 4-7)   8
TOTAL FM JUL 1  6504    CLOUDY (SCALE 8-10)  5
DPTR FM NORMAL   630

[CDD (BASE 65) ]
TOTAL THIS MO.     7
DPTR FM NORMAL     7    [PRESSURE DATA]
TOTAL FM JAN 1     7    HIGHEST SLP M ON M
DPTR FM NORMAL     6    LOWEST  SLP 29.48 ON 12

[REMARKS]
