000
CXUS54 KFWD 290730
CF6DTO
PRELIMINARY LOCAL CLIMATOLOGICAL DATA (WS FORM: F-6)

                                          STATION:   DENTON
                                          MONTH:     APRIL
                                          YEAR:      2017
                                          LATITUDE:   33 12 N
                                          LONGITUDE:  97 12 W

  TEMPERATURE IN F:       :PCPN:    SNOW:  WIND      :SUNSHINE: SKY     :PK WND
================================================================================
1   2   3   4   5  6A  6B    7    8   9   10  11  12  13   14  15   16   17  18
                                     12Z  AVG MX 2MIN
DY MAX MIN AVG DEP HDD CDD  WTR  SNW DPTH SPD SPD DIR MIN PSBL S-S WX    SPD DR
================================================================================

 1  76  58  67   7   0   2    T  0.0    0 11.1 25 160   M    M   6 3      31 160
 2  69  57  63   3   2   0 2.36  0.0    0 10.6 29 280   M    M   9 13     34  30
 3  76  48  62   2   3   0 0.00  0.0    0  4.3 17 260   M    M   2        23 260
 4  85  52  69   9   0   4    T  0.0    0 12.5 28 200   M    M   1        35 190
 5  70  45  58  -3   7   0 0.00  0.0    0 14.5 29 340   M    M   2        39 350
 6  75  38  57  -4   8   0 0.00  0.0    0  3.3 14 280   M    M   0        16 280
 7  78  45  62   1   3   0 0.00  0.0    0  8.5 20 170   M    M   0        24 170
 8  82  56  69   7   0   4 0.00  0.0    0 18.4 29 170   M    M   0        37 180
 9  83  65  74  12   0   9 0.00  0.0    0 20.8 30 190   M    M   4        36 180
10  77  64  71   9   0   6 0.10  0.0    0 10.9 29 190   M    M   8 3      35 180
11  76  57  67   5   0   2    T  0.0    0  9.8 20  30   M    M   6        24  30
12  75  57  66   4   0   1 0.00  0.0    0  6.7 18 150   M    M   6 1      24 110
13  80  58  69   6   0   4 0.00  0.0    0 10.8 21 160   M    M   5 1      25 180
14  79  65  72   9   0   7 0.00  0.0    0 13.1 22 150   M    M   2        27 150
15  81  63  72   9   0   7 0.00  0.0    0 13.0 22 160   M    M   M        26 150
16  81  65  73   9   0   8    T  0.0    0 11.0 24 170   M    M   4        29 180
17  71  61  66   2   0   1 0.48  0.0    0  8.0 23  50   M    M   5 13     30  50
18  81  57  69   5   0   4 0.00  0.0    0  6.2 14 150   M    M   4 12     18 150
19  82  62  72   8   0   7 0.00  0.0    0 12.5 23 160   M    M   5        29 200
20  83  67  75  11   0  10 0.00  0.0    0 11.2 20 170   M    M   4        25 160
21  84  57  71   6   0   6 0.47  0.0    0 14.6 31 350   M    M   6 13     39 360
22  61  46  54 -11  11   0 0.01    M    0 13.0 22 340   M    M   7        28 350
23  73  43  58  -7   7   0 0.00  0.0    0  6.6 16  20   M    M   0        23 330
24  77  43  60  -6   5   0 0.00  0.0    0 10.4 24 150   M    M   0        29 170
25  84  60  72   6   0   7 0.00  0.0    0 18.2 28 170   M    M   0        34 170
26  74  45  60  -6   5   0    T    M    0 11.6 25 170   M    M   6 3      31 170
27  75  40  58  -8   7   0 0.00  0.0    0 11.5 23 150   M    M   0        29 150
28  86  65  76   9   0  11 0.00  0.0    0 12.3 22 150   M    M   4        29 150
================================================================================
SM 2174 1539        58 100  3.42     0.0 315.4          M       96
================================================================================
AV 77.6 55.0                              11.3 FASTST   M    M   4    MAX(MPH)
                                 MISC ---->  # 31 350               # 39  350
================================================================================
NOTES:
# LAST OF SEVERAL OCCURRENCES

COLUMN 17 PEAK WIND IN M.P.H.

PRELIMINARY LOCAL CLIMATOLOGICAL DATA (WS FORM: F-6) , PAGE 2

                                          STATION:  DENTON
                                          MONTH:    APRIL
                                          YEAR:     2017
                                          LATITUDE:   33 12 N
                                          LONGITUDE:  97 12 W

[TEMPERATURE DATA]      [PRECIPITATION DATA]       SYMBOLS USED IN COLUMN 16

AVERAGE MONTHLY: 66.3   TOTAL FOR MONTH:   3.42    1 = FOG OR MIST
DPTR FM NORMAL:   3.2   DPTR FM NORMAL:    0.46    2 = FOG REDUCING VISIBILITY
HIGHEST:    86 ON 28    GRTST 24HR  2.36 ON  2- 2      TO 1/4 MILE OR LESS
LOWEST:     38 ON  6                               3 = THUNDER
                        SNOW, ICE PELLETS, HAIL    4 = ICE PELLETS
                        TOTAL MONTH:   0.0 INCH    5 = HAIL
                        GRTST 24HR     0.0         6 = FREEZING RAIN OR DRIZZLE
                        GRTST DEPTH:   0           7 = DUSTSTORM OR SANDSTORM:
                                                       VSBY 1/2 MILE OR LESS
                                                   8 = SMOKE OR HAZE
[NO. OF DAYS WITH]      [WEATHER - DAYS WITH]      9 = BLOWING SNOW
                                                   X = TORNADO
MAX 32 OR BELOW:   0    0.01 INCH OR MORE:   5
MAX 90 OR ABOVE:   0    0.10 INCH OR MORE:   4
MIN 32 OR BELOW:   0    0.50 INCH OR MORE:   1
MIN  0 OR BELOW:   0    1.00 INCH OR MORE:   1

[HDD (BASE 65) ]
TOTAL THIS MO.    58    CLEAR  (SCALE 0-3)  11
DPTR FM NORMAL   -60    PTCLDY (SCALE 4-7)  15
TOTAL FM JUL 1  1798    CLOUDY (SCALE 8-10)  1
DPTR FM NORMAL  -890

[CDD (BASE 65) ]
TOTAL THIS MO.   100
DPTR FM NORMAL    33    [PRESSURE DATA]
TOTAL FM JAN 1   208    HIGHEST SLP M ON M
DPTR FM NORMAL   116    LOWEST  SLP 29.37 ON M

[REMARKS]
