000
CXUS55 KTWC 010855
CF6DUG
PRELIMINARY LOCAL CLIMATOLOGICAL DATA (WS FORM: F-6)

                                          STATION:   DOUGLAS AZ
                                          MONTH:     APRIL
                                          YEAR:      2016
                                          LATITUDE:   31 28 N
                                          LONGITUDE: 109 36 W

  TEMPERATURE IN F:       :PCPN:    SNOW:  WIND      :SUNSHINE: SKY     :PK WND
================================================================================
1   2   3   4   5  6A  6B    7    8   9   10  11  12  13   14  15   16   17  18
                                     12Z  AVG MX 2MIN
DY MAX MIN AVG DEP HDD CDD  WTR  SNW DPTH SPD SPD DIR MIN PSBL S-S WX    SPD DR
================================================================================

 1  67  25  46 -12  19   0 0.00    M    M  5.4 15 320   M    M   1        19 330
 2  70  35  53  -5  12   0 0.00    M    M 11.2 21 130   M    M   0        27 130
 3  78  33  56  -2   9   0 0.00    M    M  6.1 13 180   M    M   0        20 170
 4  84  35  60   2   5   0 0.00    M    M  5.1 16 150   M    M   0        20 140
 5  86  44  65   7   0   0 0.00    M    M  6.7 18 330   M    M   0        23 320
 6  86  41  64   5   1   0 0.00    M    M  7.5 20  80   M    M   0        30  70
 7  82  58  70  11   0   5 0.00    M    M 11.1 26 230   M    M   3        35 240
 8  78  47  63   4   2   0    T    M    M  9.9 24 210   M    M   M 3      31 240
 9  81  37  59   0   6   0 0.00    M    M  7.2 22 240   M    M   M        28 240
10  70  45  58  -2   7   0 0.04  0.0    0 12.7 31 190   M    M   M 3      38 200
11  74  33  54  -6  11   0 0.00    M    M  5.5 16 250   M    M   3        20 300
12  70  40  55  -5  10   0    T    M    M  8.6 26 330   M    M   3 3      34 330
13  79  36  58  -2   7   0 0.00    M    M  5.3 14 340   M    M   0        16 250
14  86  40  63   2   2   0 0.00    M    M  7.9 23 270   M    M   0        38 250
15  82  47  65   4   0   0 0.00    M    M 16.1 36 250   M    M   0        45 250
16  69  39  54  -7  11   0 0.00    M    M 12.0 24 330   M    M   0        34 340
17  72  32  52 -10  13   0 0.00    M    M  7.2 16 270   M    M   1        20 260
18  81  38  60  -2   5   0 0.00    M    M  8.9 23 330   M    M   0        30 290
19  81  36  59  -3   6   0 0.00    M    M  7.1 16 330   M    M   0        19 340
20  88  40  64   2   1   0 0.00    M    M  7.5 20 330   M    M   0        25 270
21  89  40  65   2   0   0 0.00    M    M  4.7 20 150   M    M   0        25 150
22  90  46  68   5   0   3 0.00    M    M  8.4 24 240   M    M   0        32 200
23  87  54  71   8   0   6 0.00    M    M 14.5 30 240   M    M   0        38 270
24  84  52  68   4   0   3 0.00    M    M 10.3 25 270   M    M   0        34 240
25  81  51  66   2   0   1 0.00    M    M 16.2 40 220   M    M   0        52 230
26  75  44  60  -4   5   0 0.00    M    M 10.9 25 260   M    M   0        34 260
27  81  35  58  -6   7   0 0.00    M    M 10.2 26 250   M    M   0        33 250
28  79  48  64  -1   1   0 0.00    M    M 17.8 38 240   M    M   0        48 230
29  73  36  55 -10  10   0 0.00    M    M  8.3 22 290   M    M   2        32 310
30  79  42  61  -4   4   0 0.00    M    M 12.6 30 190   M    M   2        36 210
================================================================================
SM 2382 1229       154  18  0.04     0.0 282.9          M       15
================================================================================
AV 79.4 41.0                               9.4 FASTST   M    M   1    MAX(MPH)
                                 MISC ---->  # 40 220               # 52  230
================================================================================
NOTES:
# LAST OF SEVERAL OCCURRENCES

COLUMN 17 PEAK WIND IN M.P.H.

PRELIMINARY LOCAL CLIMATOLOGICAL DATA (WS FORM: F-6) , PAGE 2

                                          STATION:  DOUGLAS AZ
                                          MONTH:    APRIL
                                          YEAR:     2016
                                          LATITUDE:   31 28 N
                                          LONGITUDE: 109 36 W

[TEMPERATURE DATA]      [PRECIPITATION DATA]       SYMBOLS USED IN COLUMN 16

AVERAGE MONTHLY: 60.2   TOTAL FOR MONTH:   0.04    1 = FOG OR MIST
DPTR FM NORMAL:  -1.1   DPTR FM NORMAL:   -0.19    2 = FOG REDUCING VISIBILITY
HIGHEST:    90 ON 22    GRTST 24HR  0.04 ON 10-10      TO 1/4 MILE OR LESS
LOWEST:     25 ON  1                               3 = THUNDER
                        SNOW, ICE PELLETS, HAIL    4 = ICE PELLETS
                        TOTAL MONTH:   0.0 INCH    5 = HAIL
                        GRTST 24HR     0.0         6 = FREEZING RAIN OR DRIZZLE
                        GRTST DEPTH:   0           7 = DUSTSTORM OR SANDSTORM:
                                                       VSBY 1/2 MILE OR LESS
                                                   8 = SMOKE OR HAZE
[NO. OF DAYS WITH]      [WEATHER - DAYS WITH]      9 = BLOWING SNOW
                                                   X = TORNADO
MAX 32 OR BELOW:   0    0.01 INCH OR MORE:   1
MAX 90 OR ABOVE:   1    0.10 INCH OR MORE:   0
MIN 32 OR BELOW:   2    0.50 INCH OR MORE:   0
MIN  0 OR BELOW:   0    1.00 INCH OR MORE:   0

[HDD (BASE 65) ]
TOTAL THIS MO.   154    CLEAR  (SCALE 0-3)  26
DPTR FM NORMAL    14    PTCLDY (SCALE 4-7)   1
TOTAL FM JUL 1  2593    CLOUDY (SCALE 8-10)  0
DPTR FM NORMAL    92

[CDD (BASE 65) ]
TOTAL THIS MO.    18
DPTR FM NORMAL   -11    [PRESSURE DATA]
TOTAL FM JAN 1    18    HIGHEST SLP M ON M
DPTR FM NORMAL   -12    LOWEST  SLP 29.52 ON 30

[REMARKS]
#FINAL-04-16#
