000
CXUS51 KPBZ 300804
CF6DUJ
PRELIMINARY LOCAL CLIMATOLOGICAL DATA (WS FORM: F-6)

                                          STATION:   DUBOIS
                                          MONTH:     AUGUST
                                          YEAR:      2015
                                          LATITUDE:   41 10 N
                                          LONGITUDE:  78 54 W

  TEMPERATURE IN F:       :PCPN:    SNOW:  WIND      :SUNSHINE: SKY     :PK WND
================================================================================
1   2   3   4   5  6A  6B    7    8   9   10  11  12  13   14  15   16   17  18
                                     12Z  AVG MX 2MIN
DY MAX MIN AVG DEP HDD CDD  WTR  SNW DPTH SPD SPD DIR MIN PSBL S-S WX    SPD DR
================================================================================

 1  81  60  71   3   0   6 0.02    M    M  6.9 16 270   M    M   3 8      21 270
 2  84  56  70   2   0   5 0.00    M    M  7.8 16 230   M    M   1 1      22 280
 3  81  64  73   5   0   8    T    M    M  8.2 20 270   M    M   2 1238   30 230
 4  79  61  70   2   0   5 0.00    M    M  6.9 17 250   M    M   4 128    25 240
 5  78  55  67  -1   0   2 0.00    M    M  6.2 17 270   M    M   3        23 270
 6  73  50  62  -6   3   0 0.00    M    M  3.1  9 150   M    M   0 1      12 130
 7  81  53  67  -1   0   2 0.00    M    M  5.3 14  90   M    M   2        18  90
 8  82  57  70   2   0   5 0.00    M    M  5.4 13 100   M    M   7        16 100
 9  83  61  72   4   0   7 0.00    M    M  4.1  8 340   M    M   5        10  90
10  83  62  73   5   0   8 0.98    M    M  6.1 23 260   M    M   5 1238   28 250
11  79  62  71   3   0   6 0.30    M    M  7.3 20 300   M    M   4 138    25 310
12  77  56  67  -1   0   2    T    M    M  8.0 17 320   M    M   5 18     25 310
13  77  49  63  -5   2   0 0.00    M    M  5.7 14 330   M    M   2 12     18 290
14  82  57  70   2   0   5 0.00    M    M  6.0 15 230   M    M   1        21 210
15  84  63  74   6   0   9 0.00    M    M  3.1 12 230   M    M   1 18     14 230
16  86  62  74   6   0   9 0.00    M    M  3.4 14 250   M    M   2 128    17 240
17  86  63  75   8   0  10 0.00    M    M  3.5  9 230   M    M   2 128     M  M
18  79  67  73   6   0   8 0.32    M    M  4.8 16 240   M    M   7 138    23 240
19  84  67  76   9   0  11 0.13    M    M  6.7 14 180   M    M   4 18     20 180
20  77  62  70   3   0   5 0.46    M    M  8.4 24 260   M    M   6 18     30 250
21  76  55  66  -1   0   1 0.00    M    M  5.4 14 280   M    M   1        18 260
22  77  52  65  -2   0   0 0.00    M    M  3.9 10  40   M    M   1 1      14  30
23  79  53  66  -1   0   1 0.00    M    M  5.8 12 120   M    M   0 18     16 120
24  77  57  67   1   0   2 0.00    M    M  6.0 17 250   M    M   3 1      22 260
25  70  52  61  -5   4   0 0.00    M    M  4.9 16 250   M    M   5 1      20 270
26  68  50  59  -7   6   0 0.00    M    M  6.1 14 270   M    M   8 18     17 280
27  69  55  62  -4   3   0 0.00    M    M  4.8 12  20   M    M   9 1      16 330
28  78  49  64  -2   1   0 0.00    M    M  2.4  9 300   M    M   3 128    12 230
29  81  54  68   2   0   3 0.00    M    M  3.6 13 240   M    M   1 18     17 250
================================================================================
SM 2291 1664        19 120  2.21    M    159.8          M       97
================================================================================
AV 79.0 57.4                               5.5 FASTST   M    M   3    MAX(MPH)
                                 MISC ---->  # 24 260               # 30  230
================================================================================
NOTES:
# LAST OF SEVERAL OCCURRENCES

COLUMN 17 PEAK WIND IN M.P.H.

PRELIMINARY LOCAL CLIMATOLOGICAL DATA (WS FORM: F-6) , PAGE 2

                                          STATION:  DUBOIS
                                          MONTH:    AUGUST
                                          YEAR:     2015
                                          LATITUDE:   41 10 N
                                          LONGITUDE:  78 54 W

[TEMPERATURE DATA]      [PRECIPITATION DATA]       SYMBOLS USED IN COLUMN 16

AVERAGE MONTHLY: 68.2   TOTAL FOR MONTH:   2.21    1 = FOG OR MIST
DPTR FM NORMAL:   0.8   DPTR FM NORMAL:   -1.53    2 = FOG REDUCING VISIBILITY
HIGHEST:    86 ON 17,16 GRTST 24HR  1.28 ON 10-11      TO 1/4 MILE OR LESS
LOWEST:     49 ON 28,13                            3 = THUNDER
                        SNOW, ICE PELLETS, HAIL    4 = ICE PELLETS
                        TOTAL MONTH:    M          5 = HAIL
                        GRTST 24HR    M  ON   M    6 = FREEZING RAIN OR DRIZZLE
                        GRTST DEPTH:  M  ON   M    7 = DUSTSTORM OR SANDSTORM:
                                                       VSBY 1/2 MILE OR LESS
                                                   8 = SMOKE OR HAZE
[NO. OF DAYS WITH]      [WEATHER - DAYS WITH]      9 = BLOWING SNOW
                                                   X = TORNADO
MAX 32 OR BELOW:   0    0.01 INCH OR MORE:   6
MAX 90 OR ABOVE:   0    0.10 INCH OR MORE:   5
MIN 32 OR BELOW:   0    0.50 INCH OR MORE:   1
MIN  0 OR BELOW:   0    1.00 INCH OR MORE:   0

[HDD (BASE 65) ]
TOTAL THIS MO.    19    CLEAR  (SCALE 0-3)  16
DPTR FM NORMAL   -14    PTCLDY (SCALE 4-7)  12
TOTAL FM JUL 1    21    CLOUDY (SCALE 8-10)  1
DPTR FM NORMAL   -36

[CDD (BASE 65) ]
TOTAL THIS MO.   120
DPTR FM NORMAL    17    [PRESSURE DATA]
TOTAL FM JAN 1   513    HIGHEST SLP  0.00 ON 17
DPTR FM NORMAL   185    LOWEST  SLP  0.00 ON 17

[REMARKS]
