000
CXUS56 KOTX 301500
CF6EAT
PRELIMINARY LOCAL CLIMATOLOGICAL DATA (WS FORM: F-6)

                                          STATION:   WENATCHEE WA PANGBORN FIELD
                                          MONTH:     AUGUST
                                          YEAR:      2015
                                          LATITUDE:   47 23 N
                                          LONGITUDE: 120 12 W

  TEMPERATURE IN F:       :PCPN:    SNOW:  WIND      :SUNSHINE: SKY     :PK WND
================================================================================
1   2   3   4   5  6A  6B    7    8   9   10  11  12  13   14  15   16   17  18
                                     12Z  AVG MX 2MIN
DY MAX MIN AVG DEP HDD CDD  WTR  SNW DPTH SPD SPD DIR MIN PSBL S-S WX    SPD DR
================================================================================

 1 105  72  89  13   0  24 0.00    M    M  8.9 18 300   M    M   0        23 320
 2 100  68  84   8   0  19 0.00    M    M  8.4 20 310   M    M   0 8      24 320
 3  92  75  84   8   0  19    T    M    M 12.5 23 310   M    M   1        28 340
 4  93  65  79   3   0  14 0.00    M    M 12.0 24 310   M    M   0        31 300
 5  87  65  76   0   0  11 0.00    M    M 13.7 28 310   M    M   1        32 300
 6  84  60  72  -4   0   7 0.00    M    M  9.1 18 280   M    M   0        22 270
 7  87  58  73  -3   0   8 0.00    M    M  7.8 18 300   M    M   0        21 300
 8  92  67  80   5   0  15 0.00    M    M 10.3 23 310   M    M   1        27 310
 9  85  66  76   1   0  11 0.00    M    M  8.9 20 140   M    M   0        25 140
10  94  68  81   6   0  16 0.00    M    M  5.8 15 120   M    M   1        19 130
11  96  68  82   7   0  17 0.00    M    M  6.8 12 280   M    M   0        14 270
12 103  68  86  11   0  21 0.00    M    M  8.0 15 330   M    M   0 8      20 320
13  99  75  87  13   0  22 0.00    M    M  9.0 18 310   M    M   0        22 320
14  92  68  80   6   0  15    T    M    M 16.5 32 280   M    M   0        40 280
15  83  58  71  -3   0   6 0.00    M    M 13.9 26 310   M    M   1        31 300
16  84  60  72  -2   0   7 0.00    M    M  8.2 14 320   M    M   5 8      18 320
17  89  63  76   2   0  11 0.00    M    M  7.5 13 300   M    M   0 8      17 340
18  93  64  79   6   0  14 0.00    M    M  5.9 13 270   M    M   1 8      15 290
19  98  66  82   9   0  17 0.00    M    M  9.7 24 310   M    M   2        31 310
20  95  71  83  10   0  18 0.00    M    M 16.9 31 300   M    M   0        37 300
21  81  61  71  -1   0   6 0.00    M    M 16.8 33 300   M    M   0        42 310
22  81  54  68  -4   0   3 0.00    M    M  4.5 14 310   M    M   3 8      16 150
23  85  54  70  -2   0   5 0.00    M    M  5.6 13 300   M    M   0 8      15 310
24  87  62  75   3   0  10 0.00    M    M  8.2 20 290   M    M   0 8      24 290
25  89  59  74   3   0   9 0.00    M    M  6.3 14 330   M    M   0        17 310
26  91  61  76   5   0  11 0.00    M    M  5.1 13 290   M    M   0 8      14 300
27  95  70  83  12   0  18 0.00    M    M  8.8 17 290   M    M   0        24 290
28  84  70  77   7   0  12 0.00    M    M  6.8 16 310   M    M   3        19 320
29  82  63  73   3   0   8 0.00    M    M  8.0 25 250   M    M   2        32 250
================================================================================
SM 2626 1879         0 374    T     M    269.9          M       21
================================================================================
AV 90.6 64.8                               9.3 FASTST   M    M   1    MAX(MPH)
                                 MISC ---->  # 33 300               # 42  310
================================================================================
NOTES:
# LAST OF SEVERAL OCCURRENCES

COLUMN 17 PEAK WIND IN M.P.H.

PRELIMINARY LOCAL CLIMATOLOGICAL DATA (WS FORM: F-6) , PAGE 2

                                          STATION:  WENATCHEE WA PANGBORN FIELD
                                          MONTH:    AUGUST
                                          YEAR:     2015
                                          LATITUDE:   47 23 N
                                          LONGITUDE: 120 12 W

[TEMPERATURE DATA]      [PRECIPITATION DATA]       SYMBOLS USED IN COLUMN 16

AVERAGE MONTHLY: 77.7   TOTAL FOR MONTH:      T    1 = FOG OR MIST
DPTR FM NORMAL:   4.0   DPTR FM NORMAL:   -0.19    2 = FOG REDUCING VISIBILITY
HIGHEST:   105 ON  1    GRTST 24HR    T  ON 14-14      TO 1/4 MILE OR LESS
LOWEST:     54 ON 23,22                            3 = THUNDER
                        SNOW, ICE PELLETS, HAIL    4 = ICE PELLETS
                        TOTAL MONTH:    M          5 = HAIL
                        GRTST 24HR    M  ON   M    6 = FREEZING RAIN OR DRIZZLE
                        GRTST DEPTH:  M  ON   M    7 = DUSTSTORM OR SANDSTORM:
                                                       VSBY 1/2 MILE OR LESS
                                                   8 = SMOKE OR HAZE
[NO. OF DAYS WITH]      [WEATHER - DAYS WITH]      9 = BLOWING SNOW
                                                   X = TORNADO
MAX 32 OR BELOW:   0    0.01 INCH OR MORE:   0
MAX 90 OR ABOVE:  15    0.10 INCH OR MORE:   0
MIN 32 OR BELOW:   0    0.50 INCH OR MORE:   0
MIN  0 OR BELOW:   0    1.00 INCH OR MORE:   0

[HDD (BASE 65) ]
TOTAL THIS MO.     0    CLEAR  (SCALE 0-3)  28
DPTR FM NORMAL    -1    PTCLDY (SCALE 4-7)   1
TOTAL FM JUL 1     0    CLOUDY (SCALE 8-10)  0
DPTR FM NORMAL    -8

[CDD (BASE 65) ]
TOTAL THIS MO.   374
DPTR FM NORMAL   117    [PRESSURE DATA]
TOTAL FM JAN 1  1336    HIGHEST SLP  0.00 ON 29
DPTR FM NORMAL   371    LOWEST  SLP  0.00 ON M

[REMARKS]
