000
CXUS56 KOTX 280900
CF6EAT
PRELIMINARY LOCAL CLIMATOLOGICAL DATA (WS FORM: F-6)

                                          STATION:   WENATCHEE WA PANGBORN FIELD
                                          MONTH:     MARCH
                                          YEAR:      2017
                                          LATITUDE:   47 23 N
                                          LONGITUDE: 120 12 W

  TEMPERATURE IN F:       :PCPN:    SNOW:  WIND      :SUNSHINE: SKY     :PK WND
================================================================================
1   2   3   4   5  6A  6B    7    8   9   10  11  12  13   14  15   16   17  18
                                     12Z  AVG MX 2MIN
DY MAX MIN AVG DEP HDD CDD  WTR  SNW DPTH SPD SPD DIR MIN PSBL S-S WX    SPD DR
================================================================================

 1  52  26  39   0  26   0 0.00    M    M  5.2 13  80   M    M   1        17 250
 2  42  32  37  -2  28   0    M    M    M  4.5 10 120   M    M   2         M  M
 3  49  31  40   0  25   0    T    M    M  5.4 24 280   M    M   6        32 160
 4  45  33  39  -1  26   0 0.01    M    M  5.8 22 280   M    M   5 1      26 280
 5  42  27  35  -5  30   0 0.04    M    M  3.5 14 290   M    M   6 1      15 290
 6  42  26  34  -7  31   0 0.00    M    M  6.5 22 270   M    M   0        26 270
 7  31  22  27 -14  38   0 0.11    M    M  3.5 10 310   M    M   8 12     12 300
 8  46  20  33  -8  32   0 0.01    M    M  4.6 15 280   M    M   5 12     17 280
 9  35  32  34  -8  31   0 0.18    M    M  2.8  8 310   M    M  10 12     10 310
10  56  32  44   2  21   0 0.00    M    M  6.2 25 290   M    M   4 12     31 300
11  46  34  40  -3  25   0 0.02    M    M  4.4 16 310   M    M   4        20 320
12  52  36  44   1  21   0 0.00    M    M  4.9 15 120   M    M   3        20 120
13  50  37  44   1  21   0 0.07    M    0  3.8 12 280   M    M   8 1      16 300
14  52  40  46   2  19   0 0.09    M    M  1.7  8 240   M    M   8 12      9 240
15  53  41  47   3  18   0 0.03    M    M  5.9 24 270   M    M   6 1      36 270
16  52  36  44   0  21   0 0.00    M    M  9.1 24 290   M    M   0        32 280
17  44  32  38  -7  27   0 0.00    M    M  5.1 12 290   M    M   5        15 300
18  57  33  45   0  20   0 0.00    M    M  9.5 36 290   M    M   4        44 270
19  51  32  42  -3  23   0 0.00    M    M  5.4 15 310   M    M   0        17 320
20  45  29  37  -9  28   0 0.06    M    M  7.3 20 230   M    M   7        23 230
21  42  34  38  -8  27   0 0.24    M    M  6.3 20 220   M    M   8 1      23 220
22  48  35  42  -4  23   0 0.03    M    M  3.5 17 290   M    M   8 1      19 290
23  54  32  43  -4  22   0    T    M    M  5.9 16 140   M    M   2        22 140
24  49  37  43  -4  22   0 0.08    M    M  3.8 12 290   M    M   7 1      13 280
25  55  33  44  -3  21   0 0.00    M    M  7.2 23 290   M    M   2        27 300
26  43  36  40  -7  25   0 0.05    M    M  2.6  9 140   M    M   8 1      11 130
27  58  34  46  -2  19   0 0.00  0.0    M  8.0 23 260   M    M   2        29 250
================================================================================
SM 1291  872       670   0  1.02     0.0 142.4          M      129
================================================================================
AV 47.8 32.3                               5.3 FASTST   M    M   5    MAX(MPH)
                                 MISC ---->  # 36 290               # 44  270
================================================================================
NOTES:
# LAST OF SEVERAL OCCURRENCES

COLUMN 17 PEAK WIND IN M.P.H.

PRELIMINARY LOCAL CLIMATOLOGICAL DATA (WS FORM: F-6) , PAGE 2

                                          STATION:  WENATCHEE WA PANGBORN FIELD
                                          MONTH:    MARCH
                                          YEAR:     2017
                                          LATITUDE:   47 23 N
                                          LONGITUDE: 120 12 W

[TEMPERATURE DATA]      [PRECIPITATION DATA]       SYMBOLS USED IN COLUMN 16

AVERAGE MONTHLY: 40.1   TOTAL FOR MONTH:   1.02    1 = FOG OR MIST
DPTR FM NORMAL:  -3.5   DPTR FM NORMAL:    0.45    2 = FOG REDUCING VISIBILITY
HIGHEST:    58 ON 27    GRTST 24HR  0.24 ON 21-21      TO 1/4 MILE OR LESS
LOWEST:     20 ON  8                               3 = THUNDER
                        SNOW, ICE PELLETS, HAIL    4 = ICE PELLETS
                        TOTAL MONTH:   0.0 INCH    5 = HAIL
                        GRTST 24HR     0.0         6 = FREEZING RAIN OR DRIZZLE
                        GRTST DEPTH:   0           7 = DUSTSTORM OR SANDSTORM:
                                                       VSBY 1/2 MILE OR LESS
                                                   8 = SMOKE OR HAZE
[NO. OF DAYS WITH]      [WEATHER - DAYS WITH]      9 = BLOWING SNOW
                                                   X = TORNADO
MAX 32 OR BELOW:   1    0.01 INCH OR MORE:  14
MAX 90 OR ABOVE:   0    0.10 INCH OR MORE:   3
MIN 32 OR BELOW:  13    0.50 INCH OR MORE:   0
MIN  0 OR BELOW:   0    1.00 INCH OR MORE:   0

[HDD (BASE 65) ]
TOTAL THIS MO.   670    CLEAR  (SCALE 0-3)   8
DPTR FM NORMAL    90    PTCLDY (SCALE 4-7)  18
TOTAL FM JUL 1  5461    CLOUDY (SCALE 8-10)  1
DPTR FM NORMAL   417

[CDD (BASE 65) ]
TOTAL THIS MO.     0
DPTR FM NORMAL     0    [PRESSURE DATA]
TOTAL FM JAN 1     0    HIGHEST SLP M ON M
DPTR FM NORMAL     0    LOWEST  SLP 29.48 ON  5

[REMARKS]
