000
CXUS53 KMPX 281000
CF6EAU
PRELIMINARY LOCAL CLIMATOLOGICAL DATA (WS FORM: F-6)

                                          STATION:   EAU CLAIRE WI
                                          MONTH:     AUGUST
                                          YEAR:      2016
                                          LATITUDE:   44 52 N
                                          LONGITUDE:  91 29 W

  TEMPERATURE IN F:       :PCPN:    SNOW:  WIND      :SUNSHINE: SKY     :PK WND
================================================================================
1   2   3   4   5  6A  6B    7    8   9   10  11  12  13   14  15   16   17  18
                                     12Z  AVG MX 2MIN
DY MAX MIN AVG DEP HDD CDD  WTR  SNW DPTH SPD SPD DIR MIN PSBL S-S WX    SPD DR
================================================================================

 1  86  60  73   2   0   8 0.00  0.0    0  7.6 16 150   M    M   2        21 160
 2  86  68  77   6   0  12 0.00  0.0    0  4.2 16  70   M    M   5 18     21  30
 3  92  66  79   8   0  14 0.00  0.0    0  4.3 14 190   M    M   3 128    19 190
 4  81  66  74   3   0   9 0.34  0.0    0  9.3 21 310   M    M   2 13     30 290
 5  79  60  70  -1   0   5 0.00  0.0    0  7.0 16 300   M    M   3        20 330
 6  82  56  69  -2   0   4 0.00  0.0    0  4.7 14 310   M    M   1        17 300
 7  84  55  70  -1   0   5 0.00  0.0    0  3.0  9 190   M    M   5 12     13 170
 8  83  58  71   1   0   6 0.00  0.0    0  6.7 17 160   M    M   1        22 160
 9  87  65  76   6   0  11 0.00  0.0    0  7.8 18 220   M    M   4 8      25 220
10  92  67  80  10   0  15 0.16  0.0    0  6.5 24 310   M    M   3 123    30 310
11  86  69  78   8   0  13 2.56  0.0    0  6.9 16  40   M    M   7 13     19  80
12  79  67  73   3   0   8 0.07  0.0    0  5.2 10 350   M    M   6        14  40
13  81  62  72   2   0   7 0.00  0.0    0  6.1 15 310   M    M   6        19 300
14  82  60  71   1   0   6 0.00  0.0    0  4.1 13 340   M    M   1        20 320
15  82  56  69  -1   0   4 0.00  0.0    0  2.3  9 150   M    M   1 12      M  M
16  85  59  72   2   0   7 0.45  0.0    0  6.4 21 320   M    M   4 123    28 320
17  83  60  72   2   0   7 0.00  0.0    0  1.6  8 220   M    M   3 12     11 190
18  87  61  74   5   0   9 0.00  0.0    0  5.3 17 180   M    M   1 13     21 180
19  80  65  73   4   0   8 0.57  0.0    0  6.7 33 250   M    M   6 13     44 250
20  70  58  64  -5   1   0 0.37  0.0    0  9.7 21 310   M    M   8 1      27 310
21  73  53  63  -6   2   0 0.00  0.0    0  7.0 16 280   M    M   3        23 260
22  81  51  66  -3   0   1 0.00  0.0    0 11.2 25 200   M    M   1        32 200
23  84  64  74   6   0   9 0.22  0.0    0 10.6 22 180   M    M   1 3      28 160
24  80  64  72   4   0   7 0.02  0.0    0  6.9 16 300   M    M   6 1      23 270
25  78  56  67  -1   0   2 0.00  0.0    0  7.7 20 270   M    M   0        26 240
26  74  53  64  -4   1   0 0.00  0.0    0  2.7  8 220   M    M   1        10 220
27  69  58  64  -4   1   0 0.02  0.0    0  5.3 15 140   M    M   9 1      18 150
================================================================================
SM 2206 1637         5 177  4.78     0.0 166.8          M       93
================================================================================
AV 81.7 60.6                               6.2 FASTST   M    M   3    MAX(MPH)
                                 MISC ---->  # 33 250               # 44  250
================================================================================
NOTES:
# LAST OF SEVERAL OCCURRENCES

COLUMN 17 PEAK WIND IN M.P.H.

PRELIMINARY LOCAL CLIMATOLOGICAL DATA (WS FORM: F-6) , PAGE 2

                                          STATION:  EAU CLAIRE WI
                                          MONTH:    AUGUST
                                          YEAR:     2016
                                          LATITUDE:   44 52 N
                                          LONGITUDE:  91 29 W

[TEMPERATURE DATA]      [PRECIPITATION DATA]       SYMBOLS USED IN COLUMN 16

AVERAGE MONTHLY: 71.2   TOTAL FOR MONTH:   4.78    1 = FOG OR MIST
DPTR FM NORMAL:   1.5   DPTR FM NORMAL:    0.83    2 = FOG REDUCING VISIBILITY
HIGHEST:    92 ON 10, 3 GRTST 24HR  2.72 ON 10-11      TO 1/4 MILE OR LESS
LOWEST:     51 ON 22                               3 = THUNDER
                        SNOW, ICE PELLETS, HAIL    4 = ICE PELLETS
                        TOTAL MONTH:   0.0 INCH    5 = HAIL
                        GRTST 24HR     0.0         6 = FREEZING RAIN OR DRIZZLE
                        GRTST DEPTH:   0           7 = DUSTSTORM OR SANDSTORM:
                                                       VSBY 1/2 MILE OR LESS
                                                   8 = SMOKE OR HAZE
[NO. OF DAYS WITH]      [WEATHER - DAYS WITH]      9 = BLOWING SNOW
                                                   X = TORNADO
MAX 32 OR BELOW:   0    0.01 INCH OR MORE:  10
MAX 90 OR ABOVE:   2    0.10 INCH OR MORE:   7
MIN 32 OR BELOW:   0    0.50 INCH OR MORE:   2
MIN  0 OR BELOW:   0    1.00 INCH OR MORE:   1

[HDD (BASE 65) ]
TOTAL THIS MO.     5    CLEAR  (SCALE 0-3)  15
DPTR FM NORMAL   -17    PTCLDY (SCALE 4-7)  11
TOTAL FM JUL 1     9    CLOUDY (SCALE 8-10)  1
DPTR FM NORMAL   -24

[CDD (BASE 65) ]
TOTAL THIS MO.   177
DPTR FM NORMAL    32    [PRESSURE DATA]
TOTAL FM JAN 1   564    HIGHEST SLP M ON M
DPTR FM NORMAL    53    LOWEST  SLP 29.71 ON 11

[REMARKS]
