000
CXUS51 KAKQ 281010
CF6ECG
PRELIMINARY LOCAL CLIMATOLOGICAL DATA (WS FORM: F-6)

                                          STATION:   ELIZABETH CITY NC
                                          MONTH:     APRIL
                                          YEAR:      2017
                                          LATITUDE:   36 16 N
                                          LONGITUDE:  76 11 W

  TEMPERATURE IN F:       :PCPN:    SNOW:  WIND      :SUNSHINE: SKY     :PK WND
================================================================================
1   2   3   4   5  6A  6B    7    8   9   10  11  12  13   14  15   16   17  18
                                     12Z  AVG MX 2MIN
DY MAX MIN AVG DEP HDD CDD  WTR  SNW DPTH SPD SPD DIR MIN PSBL S-S WX    SPD DR
================================================================================

 1  70  53  62   7   3   0 0.00  0.0    0 10.8 21 340   M    M   4        27 340
 2  62  44  53  -2  12   0 0.00  0.0    0  8.2 15  10   M    M   1        20 360
 3  72  41  57   2   8   0 0.02  0.0    0  9.6 25 190   M    M   4        38 180
 4  82  65  74  18   0   9 0.00  0.0    0 15.0 26 240   M    M   4        37 230
 5  76  55  66  10   0   1 0.05  0.0    0  7.9 18 150   M    M   1        26 140
 6  77  56  67  11   0   2 0.06  0.0    0 17.2 40 220   M    M   5 3      51 220
 7  58  45  52  -4  13   0 0.00  0.0    0 17.8 29 280   M    M   5        38 280
 8  64  35  50  -7  15   0 0.00  0.0    0  8.6 22 340   M    M   0        26 340
 9  73  40  57   0   8   0 0.00  0.0    0  7.5 17 110   M    M   0        21 110
10  76  51  64   7   1   0 0.00  0.0    0 10.2 17 200   M    M   0        25 200
11  80  56  68  10   0   3 0.00  0.0    0 11.2 21 240   M    M   0        26 210
12  80  58  69  11   0   4 0.00  0.0    0  8.1 15 240   M    M   2        20 240
13  68  50  59   1   6   0 0.00  0.0    0 10.7 23  40   M    M   1 1      29  30
14  69  49  59   1   6   0 0.00  0.0    0  7.8 14  70   M    M   4        21  80
15  78  58  68   9   0   3 0.34  0.0    0 10.5 20 190   M    M   4 1      26 210
16  83  62  73  14   0   8 0.00  0.0    0 15.0 24 220   M    M   0        31 220
17  84  63  74  15   0   9 0.27  0.0    0 12.7 23  30   M    M   4 1      27  30
18  68  55  62   3   3   0 0.02  0.0    0 14.1 25  40   M    M   4 1      30  40
19  72  55  64   4   1   0 0.01  0.0    0  9.2 15  40   M    M   7        18  40
20  82  62  72  12   0   7 0.00  0.0    0 10.0 20 230   M    M   3        23 230
21  88  67  78  18   0  13    T  0.0    0 10.6 22 220   M    M   1        29 170
22  85  56  71  11   0   6 1.04  0.0    0 12.9 29  30   M    M   5 13     36  30
23  61  54  58  -3   7   0 0.25  0.0    0 16.1 23  40   M    M  10 1      29  40
24  72  58  65   4   0   0 0.18  0.0    0 12.7 21  80   M    M   8 1      28  90
25  74  63  69   8   0   4 0.28  0.0    0  8.4 28  60   M    M   7 1      37  60
26  75  61  68   7   0   3    T  0.0    0  7.3 14 280   M    M   6 1      18 270
27  83  65  74  12   0   9 0.00  0.0    0 12.1 20 200   M    M   2        25 220
================================================================================
SM 2012 1477        83  81  2.52     0.0 302.2          M       92
================================================================================
AV 74.5 54.7                              11.2 FASTST   M    M   3    MAX(MPH)
                                 MISC ---->  # 40 220               # 51  220
================================================================================
NOTES:
# LAST OF SEVERAL OCCURRENCES

COLUMN 17 PEAK WIND IN M.P.H.

PRELIMINARY LOCAL CLIMATOLOGICAL DATA (WS FORM: F-6) , PAGE 2

                                          STATION:  ELIZABETH CITY NC
                                          MONTH:    APRIL
                                          YEAR:     2017
                                          LATITUDE:   36 16 N
                                          LONGITUDE:  76 11 W

[TEMPERATURE DATA]      [PRECIPITATION DATA]       SYMBOLS USED IN COLUMN 16

AVERAGE MONTHLY: 64.6   TOTAL FOR MONTH:   2.52    1 = FOG OR MIST
DPTR FM NORMAL:   6.3   DPTR FM NORMAL:   -0.33    2 = FOG REDUCING VISIBILITY
HIGHEST:    88 ON 21    GRTST 24HR  1.04 ON 22-22      TO 1/4 MILE OR LESS
LOWEST:     35 ON  8                               3 = THUNDER
                        SNOW, ICE PELLETS, HAIL    4 = ICE PELLETS
                        TOTAL MONTH:   0.0 INCH    5 = HAIL
                        GRTST 24HR     0.0         6 = FREEZING RAIN OR DRIZZLE
                        GRTST DEPTH:   0           7 = DUSTSTORM OR SANDSTORM:
                                                       VSBY 1/2 MILE OR LESS
                                                   8 = SMOKE OR HAZE
[NO. OF DAYS WITH]      [WEATHER - DAYS WITH]      9 = BLOWING SNOW
                                                   X = TORNADO
MAX 32 OR BELOW:   0    0.01 INCH OR MORE:  11
MAX 90 OR ABOVE:   0    0.10 INCH OR MORE:   6
MIN 32 OR BELOW:   0    0.50 INCH OR MORE:   1
MIN  0 OR BELOW:   0    1.00 INCH OR MORE:   1

[HDD (BASE 65) ]
TOTAL THIS MO.    83    CLEAR  (SCALE 0-3)  12
DPTR FM NORMAL  -126    PTCLDY (SCALE 4-7)  14
TOTAL FM JUL 1  2653    CLOUDY (SCALE 8-10)  1
DPTR FM NORMAL  -493

[CDD (BASE 65) ]
TOTAL THIS MO.    81
DPTR FM NORMAL    50    [PRESSURE DATA]
TOTAL FM JAN 1    91    HIGHEST SLP M ON M
DPTR FM NORMAL    53    LOWEST  SLP 29.27 ON  6

[REMARKS]
