000
CXUS51 KAKQ 231010
CF6ECG
PRELIMINARY LOCAL CLIMATOLOGICAL DATA (WS FORM: F-6)

                                          STATION:   ELIZABETH CITY NC
                                          MONTH:     FEBRUARY
                                          YEAR:      2018
                                          LATITUDE:   36 16 N
                                          LONGITUDE:  76 11 W

  TEMPERATURE IN F:       :PCPN:    SNOW:  WIND      :SUNSHINE: SKY     :PK WND
================================================================================
1   2   3   4   5  6A  6B    7    8   9   10  11  12  13   14  15   16   17  18
                                     12Z  AVG MX 2MIN
DY MAX MIN AVG DEP HDD CDD  WTR  SNW DPTH SPD SPD DIR MIN PSBL S-S WX    SPD DR
================================================================================

 1  62  35  49   7  16   0 0.00  0.0    0 13.5 25 220   M    M   1        31 220
 2  54  27  41  -2  24   0 0.17  0.0    0 14.1 33 330   M    M   6 1      39 340
 3  36  22  29 -14  36   0 0.00  0.0    0  7.3 17 340   M    M   0        21 340
 4  60  30  45   2  20   0 0.36  0.0    0  9.4 23 290   M    M   7 1      33 200
 5  49  30  40  -3  25   0 0.00  0.0    0  9.4 24 340   M    M   1        29 340
 6  61  30  46   3  19   0 0.00  0.0    0  6.4 13  40   M    M   3        18 220
 7  70  41  56  13   9   0 0.03  0.0    0 12.1 26 180   M    M   6 1      37 170
 8  47  30  39  -4  26   0 0.01  0.0    0 11.5 24 360   M    M   4 1      31  10
 9  54  28  41  -2  24   0 0.00  0.0    0  4.1 13 110   M    M   1 1      15 110
10  65  38  52   8  13   0 1.04  0.0    0  6.7 17 150   M    M   5 1      24 140
11  74  65  70  26   0   5 0.01  0.0    0 14.8 22 200   M    M   4        29 180
12  67  42  55  11  10   0 0.31  0.0    0 13.6 28 360   M    M   8 1      33 360
13  46  40  43  -1  22   0 0.27  0.0    0 13.7 24  40   M    M   8 1      28  30
14  52  41  47   3  18   0 0.01  0.0    0  7.4 13 240   M    M   7 1      17 250
15  72  51  62  18   3   0 0.00  0.0    0 12.9 20 230   M    M   2        26 240
16  81  52  67  23   0   2 0.22  0.0    0 14.3 29 360   M    M   4 1      36  10
17  52  41  47   3  18   0 0.07  0.0    0 10.8 24  10   M    M   8 1      27  10
18  53  41  47   3  18   0 0.04  0.0    0 10.2 20  40   M    M   2 1      24  40
19  65  39  52   7  13   0 0.10  0.0    0  6.8 18 130   M    M   9 1      21 130
20  77  62  70  25   0   5 0.00  0.0    0  8.9 16 170   M    M   5 1      23 170
21  80  62  71  26   0   6 0.00  0.0    0  9.6 22 220   M    M   5 12     27 230
22  79  48  64  19   1   0    T  0.0    0  8.1 22  20   M    M   5 12     28  30
================================================================================
SM 1356  895       315  18  2.64     0.0 225.6          M      101
================================================================================
AV 61.6 40.7                              10.3 FASTST   M    M   5    MAX(MPH)
                                 MISC ---->  # 33 330               # 39  340
================================================================================
NOTES:
# LAST OF SEVERAL OCCURRENCES

COLUMN 17 PEAK WIND IN M.P.H.

PRELIMINARY LOCAL CLIMATOLOGICAL DATA (WS FORM: F-6) , PAGE 2

                                          STATION:  ELIZABETH CITY NC
                                          MONTH:    FEBRUARY
                                          YEAR:     2018
                                          LATITUDE:   36 16 N
                                          LONGITUDE:  76 11 W

[TEMPERATURE DATA]      [PRECIPITATION DATA]       SYMBOLS USED IN COLUMN 16

AVERAGE MONTHLY: 51.2   TOTAL FOR MONTH:   2.64    1 = FOG OR MIST
DPTR FM NORMAL:   7.4   DPTR FM NORMAL:    0.12    2 = FOG REDUCING VISIBILITY
HIGHEST:    81 ON 16    GRTST 24HR  1.04 ON 10-10      TO 1/4 MILE OR LESS
LOWEST:     22 ON  3                               3 = THUNDER
                        SNOW, ICE PELLETS, HAIL    4 = ICE PELLETS
                        TOTAL MONTH:   0.0 INCH    5 = HAIL
                        GRTST 24HR     0.0         6 = FREEZING RAIN OR DRIZZLE
                        GRTST DEPTH:   0           7 = DUSTSTORM OR SANDSTORM:
                                                       VSBY 1/2 MILE OR LESS
                                                   8 = SMOKE OR HAZE
[NO. OF DAYS WITH]      [WEATHER - DAYS WITH]      9 = BLOWING SNOW
                                                   X = TORNADO
MAX 32 OR BELOW:   0    0.01 INCH OR MORE:  13
MAX 90 OR ABOVE:   0    0.10 INCH OR MORE:   7
MIN 32 OR BELOW:   7    0.50 INCH OR MORE:   1
MIN  0 OR BELOW:   0    1.00 INCH OR MORE:   1

[HDD (BASE 65) ]
TOTAL THIS MO.   315    CLEAR  (SCALE 0-3)   7
DPTR FM NORMAL  -153    PTCLDY (SCALE 4-7)  12
TOTAL FM JUL 1  2242    CLOUDY (SCALE 8-10)  3
DPTR FM NORMAL  -113

[CDD (BASE 65) ]
TOTAL THIS MO.    18
DPTR FM NORMAL    18    [PRESSURE DATA]
TOTAL FM JAN 1    21    HIGHEST SLP M ON M
DPTR FM NORMAL    20    LOWEST  SLP 29.72 ON M

[REMARKS]
