315
CXUS54 KEWX 270910
CF6ECU
PRELIMINARY LOCAL CLIMATOLOGICAL DATA (WS FORM: F-6)

                                          STATION:   Edwards County Airport
                                          MONTH:     APRIL
                                          YEAR:      2017
                                          LATITUDE:   29 57 N
                                          LONGITUDE: 100 10 W

  TEMPERATURE IN F:       :PCPN:    SNOW:  WIND      :SUNSHINE: SKY     :PK WND
================================================================================
1   2   3   4   5  6A  6B    7    8   9   10  11  12  13   14  15   16   17  18
                                     12Z  AVG MX 2MIN
DY MAX MIN AVG DEP HDD CDD  WTR  SNW DPTH SPD SPD DIR MIN PSBL S-S WX    SPD DR
================================================================================

 1  81  63  72   M   0   7 0.00    M    M 11.8 21 160   M    M   5 1      31 160
 2  66  48  57   M   8   0 2.37    M    M  9.6 23 360   M    M   6 13     32 360
 3  81  46  64   M   1   0 0.00    M    M  4.5 13 280   M    M   0        24 270
 4  84  59  72   M   0   7 0.00    M    M  9.5 14 290   M    M   0 8      21 320
 5  68  45  57   M   8   0 0.00    M    M  9.9 17  10   M    M   0        25 360
 6  72  46  59   M   6   0 0.00    M    M  5.6 13 170   M    M   0 8       M  M
 7  73  48  61   M   4   0 0.00    M    M 10.7 16 170   M    M   0        22 150
 8  79  57  68   M   0   3 0.00    M    M 13.3 20 170   M    M   3        25 170
 9  77  61  69   M   0   4 0.00    M    M 14.6 20 180   M    M   6 1      29 180
10  79  66  73   M   0   8 0.00    M    M  8.8 17 170   M    M   8 1      25 170
11  75  63  69   M   0   4 0.00    M    M  8.1 17 150   M    M   6 1      23 150
12  72  59  66   M   0   1 0.00    M    M  8.2 15 150   M    M   8 1      22 160
13  75  63  69   M   0   4 0.01    M    M 11.3 16 160   M    M   7 1      23 150
14  75  63  69   M   0   4 0.00    M    M 12.2 18 170   M    M   7 18     24 170
15  77  64  71   M   0   6 0.00    M    M 13.5 20 160   M    M   8 1      29 160
16  77  59  68   M   0   3 1.31    M    M 10.2 17 160   M    M   8 18     23 170
17  81  57  69   M   0   4 0.06    M    M  5.1 18 110   M    M   1        25 110
18  82  55  69   M   0   4 0.00    M    M  2.3  8 150   M    M   0         M  M
19  81  63  72   M   0   7 0.00    M    M  8.8 13 190   M    M   2 18     18 160
20  81  63  72   M   0   7 0.00    M    M 11.7 17 170   M    M   2 18     23 170
21  81  66  74   M   0   9 0.00    M    M 13.0 20 180   M    M   5        28 170
22  70  54  62   M   3   0 0.00    M    M  9.6 15  50   M    M   6        25  40
23  73  46  60   M   5   0 0.00    M    M  4.3  9  40   M    M   0 8       M  M
24  77  52  65   M   0   0 0.00    M    M 10.3 18 180   M    M   0        25 180
25  88  57  73   M   0   8 0.00    M    M  9.5 15 180   M    M   1        22 180
26  81  57  69   M   0   4 0.00  0.0    0 13.2 27 330   M    M   1 18     32 330
================================================================================
SM 2006 1480        35  94  3.75     0.0 249.6          M       90
================================================================================
AV 77.2 56.9                               9.6 FASTST   M    M   3    MAX(MPH)
                                 MISC ---->  # 27 330               # 32  360
================================================================================
NOTES:
# LAST OF SEVERAL OCCURRENCES

COLUMN 17 PEAK WIND IN M.P.H.

PRELIMINARY LOCAL CLIMATOLOGICAL DATA (WS FORM: F-6) , PAGE 2

                                          STATION:  Edwards County Airport
                                          MONTH:    APRIL
                                          YEAR:     2017
                                          LATITUDE:   29 57 N
                                          LONGITUDE: 100 10 W

[TEMPERATURE DATA]      [PRECIPITATION DATA]       SYMBOLS USED IN COLUMN 16

AVERAGE MONTHLY: 67.0   TOTAL FOR MONTH:   3.75    1 = FOG OR MIST
DPTR FM NORMAL:     M   DPTR FM NORMAL:       M    2 = FOG REDUCING VISIBILITY
HIGHEST:    88 ON 25    GRTST 24HR  2.37 ON  2- 2      TO 1/4 MILE OR LESS
LOWEST:     45 ON  5                               3 = THUNDER
                        SNOW, ICE PELLETS, HAIL    4 = ICE PELLETS
                        TOTAL MONTH:   0.0 INCH    5 = HAIL
                        GRTST 24HR     0.0         6 = FREEZING RAIN OR DRIZZLE
                        GRTST DEPTH:   0           7 = DUSTSTORM OR SANDSTORM:
                                                       VSBY 1/2 MILE OR LESS
                                                   8 = SMOKE OR HAZE
[NO. OF DAYS WITH]      [WEATHER - DAYS WITH]      9 = BLOWING SNOW
                                                   X = TORNADO
MAX 32 OR BELOW:   0    0.01 INCH OR MORE:   4
MAX 90 OR ABOVE:   0    0.10 INCH OR MORE:   2
MIN 32 OR BELOW:   0    0.50 INCH OR MORE:   2
MIN  0 OR BELOW:   0    1.00 INCH OR MORE:   2

[HDD (BASE 65) ]
TOTAL THIS MO.    35    CLEAR  (SCALE 0-3)  13
DPTR FM NORMAL     M    PTCLDY (SCALE 4-7)  11
TOTAL FM JUL 1  1178    CLOUDY (SCALE 8-10)  2
DPTR FM NORMAL     M

[CDD (BASE 65) ]
TOTAL THIS MO.    94
DPTR FM NORMAL     M    [PRESSURE DATA]
TOTAL FM JAN 1   206    HIGHEST SLP M ON M
DPTR FM NORMAL     M    LOWEST  SLP M ON M

[REMARKS]
