000
CXUS55 KVEF 290940
CF6EED
PRELIMINARY LOCAL CLIMATOLOGICAL DATA (WS FORM: F-6)

                                          STATION:   NEEDLES CA
                                          MONTH:     MARCH
                                          YEAR:      2015
                                          LATITUDE:   34 46 N
                                          LONGITUDE: 114 37 W

  TEMPERATURE IN F:       :PCPN:    SNOW:  WIND      :SUNSHINE: SKY     :PK WND
================================================================================
1   2   3   4   5  6A  6B    7    8   9   10  11  12  13   14  15   16   17  18
                                     12Z  AVG MX 2MIN
DY MAX MIN AVG DEP HDD CDD  WTR  SNW DPTH SPD SPD DIR MIN PSBL S-S WX    SPD DR
================================================================================

 1  63  51  57  -4   8   0 0.53  0.0    0  5.8 15 360   M    M   7 1      19  10
 2  64  50  57  -4   8   0 0.26  0.0    0  7.6 18 200   M    M   5 1      26 210
 3  66  45  56  -6   9   0 0.00  0.0    0  4.9 26 330   M    M   0        32 320
 4  68  48  58  -4   7   0 0.00  0.0    0 16.8 30  20   M    M   M        37  30
 5  73  50  62   0   3   0 0.00  0.0    0 10.4 21  10   M    M   0        27  30
 6  79  54  67   5   0   2 0.00  0.0    0 13.2 24  20   M    M   0        30  20
 7  82  60  71   9   0   6 0.00  0.0    0 11.1 22  30   M    M   0        28  30
 8  85  51  68   5   0   3 0.00  0.0    0  4.2 12 260   M    M   0        13  30
 9  86  54  70   7   0   5 0.00  0.0    0  9.3 22  20   M    M   0        25  30
10  86  54  70   7   0   5 0.00  0.0    0  4.9 15  10   M    M   0        18  20
11  82  58  70   7   0   5 0.00  0.0    0  3.4 15 360   M    M   0        20  10
12  86  64  75  11   0  10 0.00  0.0    0 11.6 25  20   M    M   0        33  20
13  86  66  76  12   0  11 0.00  0.0    0 15.7 29  20   M    M   0        36  20
14  89  64  77  13   0  12 0.00  0.0    0  5.4 13 360   M    M   0        15 360
15  91  60  76  12   0  11 0.00  0.0    0  3.7 13 270   M    M   0        14  30
16  90  61  76  12   0  11 0.00  0.0    0  3.6 13 260   M    M   0        14 140
17  91  61  76  11   0  11 0.00  0.0    0  5.7 16 260   M    M   0        20 200
18  85  69  77  12   0  12    T  0.0    0  7.0 16 140   M    M   1        21 170
19  86  65  76  11   0  11    T  0.0    0  8.3 18  50   M    M   3        24  40
20  87  58  73   8   0   8 0.00  0.0    0  4.0 15 250   M    M   0        17 250
21  91  59  75  10   0  10 0.00  0.0    0  6.4 17 220   M    M   0        22 230
22  89  64  77  11   0  12 0.00  0.0    0  8.3 21 230   M    M   0        25 210
23  86  63  75   9   0  10 0.00  0.0    0 10.2 22 260   M    M   0        28 260
24  84  56  70   4   0   5 0.00  0.0    0  4.2 10 270   M    M   0        14 240
25  85  62  74   8   0   9 0.00  0.0    0 17.5 35  20   M    M   0        43  20
26  89  65  77  11   0  12 0.00  0.0    0 11.4 26  10   M    M   0        33  20
27  94  59  77  10   0  12 0.00  0.0    0  4.4 13  10   M    M   0        15  20
28  97  61  79  12   0  14 0.00  0.0    0  5.0 13 250   M    M   0        16 210
================================================================================
SM 2340 1632        35 207  0.79     0.0 224.0          M       16
================================================================================
AV 83.6 58.3                               8.0 FASTST   M    M   1    MAX(MPH)
                                 MISC ---->  # 35  20               # 43   20
================================================================================
NOTES:
# LAST OF SEVERAL OCCURRENCES

COLUMN 17 PEAK WIND IN M.P.H.

PRELIMINARY LOCAL CLIMATOLOGICAL DATA (WS FORM: F-6) , PAGE 2

                                          STATION:  NEEDLES CA
                                          MONTH:    MARCH
                                          YEAR:     2015
                                          LATITUDE:   34 46 N
                                          LONGITUDE: 114 37 W

[TEMPERATURE DATA]      [PRECIPITATION DATA]       SYMBOLS USED IN COLUMN 16

AVERAGE MONTHLY: 70.9   TOTAL FOR MONTH:   0.79    1 = FOG OR MIST
DPTR FM NORMAL:   6.9   DPTR FM NORMAL:    0.29    2 = FOG REDUCING VISIBILITY
HIGHEST:    97 ON 28    GRTST 24HR  0.53 ON  1- 1      TO 1/4 MILE OR LESS
LOWEST:     45 ON  3                               3 = THUNDER
                        SNOW, ICE PELLETS, HAIL    4 = ICE PELLETS
                        TOTAL MONTH:   0.0 INCH    5 = HAIL
                        GRTST 24HR     0.0         6 = FREEZING RAIN OR DRIZZLE
                        GRTST DEPTH:   0           7 = DUSTSTORM OR SANDSTORM:
                                                       VSBY 1/2 MILE OR LESS
                                                   8 = SMOKE OR HAZE
[NO. OF DAYS WITH]      [WEATHER - DAYS WITH]      9 = BLOWING SNOW
                                                   X = TORNADO
MAX 32 OR BELOW:   0    0.01 INCH OR MORE:   2
MAX 90 OR ABOVE:   6    0.10 INCH OR MORE:   2
MIN 32 OR BELOW:   0    0.50 INCH OR MORE:   1
MIN  0 OR BELOW:   0    1.00 INCH OR MORE:   0

[HDD (BASE 65) ]
TOTAL THIS MO.    35    CLEAR  (SCALE 0-3)  25
DPTR FM NORMAL   -52    PTCLDY (SCALE 4-7)   2
TOTAL FM JUL 1   639    CLOUDY (SCALE 8-10)  0
DPTR FM NORMAL  -503

[CDD (BASE 65) ]
TOTAL THIS MO.   207
DPTR FM NORMAL   147    [PRESSURE DATA]
TOTAL FM JAN 1   263    HIGHEST SLP M ON M
DPTR FM NORMAL   193    LOWEST  SLP 29.73 ON 17

[REMARKS]
