376
CXUS55 KVEF 220940
CF6EED
PRELIMINARY LOCAL CLIMATOLOGICAL DATA (WS FORM: F-6)

                                          STATION:   NEEDLES CA
                                          MONTH:     MAY
                                          YEAR:      2015
                                          LATITUDE:   34 46 N
                                          LONGITUDE: 114 37 W

  TEMPERATURE IN F:       :PCPN:    SNOW:  WIND      :SUNSHINE: SKY     :PK WND
================================================================================
1   2   3   4   5  6A  6B    7    8   9   10  11  12  13   14  15   16   17  18
                                     12Z  AVG MX 2MIN
DY MAX MIN AVG DEP HDD CDD  WTR  SNW DPTH SPD SPD DIR MIN PSBL S-S WX    SPD DR
================================================================================

 1 103  73  88  11   0  23 0.00  0.0    0  7.3 21 280   M    M   0        28 240
 2 101  72  87  10   0  22 0.00  0.0    0  9.2 22 210   M    M   0        30 180
 3  95  74  85   7   0  20 0.00  0.0    0  8.5 22 210   M    M   0        27 230
 4  87  69  78   0   0  13 0.04  0.0    0 10.4 32  10   M    M   2        39  10
 5  88  65  77  -1   0  12 0.00  0.0    0  8.6 21 210   M    M   1        30 230
 6  88  69  79   0   0  14 0.00  0.0    0 13.1 26 220   M    M   0        40 200
 7  82  65  74  -5   0   9 0.00  0.0    0 17.0 30 210   M    M   1        40 220
 8  73  54  64 -15   1   0    T  0.0    0  7.9 21 310   M    M   2 38     26 310
 9  83  51  67 -13   0   2 0.00  0.0    0  7.0 17 220   M    M   1        31 300
10  91  60  76  -4   0  11 0.00  0.0    0  6.7 20  40   M    M   0        24  30
11  95  64  80   0   0  15 0.00  0.0    0  8.9 22 220   M    M   0        28 180
12  93  71  82   1   0  17 0.00  0.0    0 12.9 26 210   M    M   0        47 260
13  91  69  80  -1   0  15 0.00  0.0    0 12.5 25 200   M    M   0        33 200
14  83  65  74  -7   0   9 0.00  0.0    0 15.1 29 180   M    M   1        38 180
15  70  57  64 -18   1   0    T  0.0    0 10.0 21 190   M    M   3        25 230
16  82  53  68 -14   0   3 0.00  0.0    0  8.0 21 200   M    M   1        29 180
17  88  60  74  -8   0   9 0.00  0.0    0  7.3 20 190   M    M   0        25 210
18  88  69  79  -3   0  14 0.00  0.0    0 10.0 31  30   M    M   1        38  30
19  90  62  76  -7   0  11 0.00  0.0    0  6.2 17 260   M    M   0        24 160
20  92  69  81  -2   0  16 0.00  0.0    0  8.5 23 200   M    M   0        29 220
21  90  71  81  -2   0  16 0.00  0.0    0 10.2 22 170   M    M   0        30 220
================================================================================
SM 1853 1362         2 251  0.04     0.0 205.3          M       13
================================================================================
AV 88.2 64.9                               9.8 FASTST   M    M   1    MAX(MPH)
                                 MISC ---->  # 32  10               # 47  260
================================================================================
NOTES:
# LAST OF SEVERAL OCCURRENCES

COLUMN 17 PEAK WIND IN M.P.H.

PRELIMINARY LOCAL CLIMATOLOGICAL DATA (WS FORM: F-6) , PAGE 2

                                          STATION:  NEEDLES CA
                                          MONTH:    MAY
                                          YEAR:     2015
                                          LATITUDE:   34 46 N
                                          LONGITUDE: 114 37 W

[TEMPERATURE DATA]      [PRECIPITATION DATA]       SYMBOLS USED IN COLUMN 16

AVERAGE MONTHLY: 76.5   TOTAL FOR MONTH:   0.04    1 = FOG OR MIST
DPTR FM NORMAL:  -3.7   DPTR FM NORMAL:   -0.03    2 = FOG REDUCING VISIBILITY
HIGHEST:   103 ON  1    GRTST 24HR  0.04 ON  4- 4      TO 1/4 MILE OR LESS
LOWEST:     51 ON  9                               3 = THUNDER
                        SNOW, ICE PELLETS, HAIL    4 = ICE PELLETS
                        TOTAL MONTH:   0.0 INCH    5 = HAIL
                        GRTST 24HR     0.0         6 = FREEZING RAIN OR DRIZZLE
                        GRTST DEPTH:   0           7 = DUSTSTORM OR SANDSTORM:
                                                       VSBY 1/2 MILE OR LESS
                                                   8 = SMOKE OR HAZE
[NO. OF DAYS WITH]      [WEATHER - DAYS WITH]      9 = BLOWING SNOW
                                                   X = TORNADO
MAX 32 OR BELOW:   0    0.01 INCH OR MORE:   1
MAX 90 OR ABOVE:  10    0.10 INCH OR MORE:   0
MIN 32 OR BELOW:   0    0.50 INCH OR MORE:   0
MIN  0 OR BELOW:   0    1.00 INCH OR MORE:   0

[HDD (BASE 65) ]
TOTAL THIS MO.     2    CLEAR  (SCALE 0-3)  21
DPTR FM NORMAL     2    PTCLDY (SCALE 4-7)   0
TOTAL FM JUL 1   641    CLOUDY (SCALE 8-10)  0
DPTR FM NORMAL  -529

[CDD (BASE 65) ]
TOTAL THIS MO.   251
DPTR FM NORMAL   -68    [PRESSURE DATA]
TOTAL FM JAN 1   828    HIGHEST SLP M ON M
DPTR FM NORMAL   197    LOWEST  SLP 29.53 ON  6

[REMARKS]
