000
CXUS55 KGJT 211000
CF6EEO
PRELIMINARY LOCAL CLIMATOLOGICAL DATA (WS FORM: F-6)

                                          STATION:   MEEKER CO
                                          MONTH:     OCTOBER
                                          YEAR:      2017
                                          LATITUDE:   40  2 N
                                          LONGITUDE: 107 53 W

  TEMPERATURE IN F:       :PCPN:    SNOW:  WIND      :SUNSHINE: SKY     :PK WND
================================================================================
1   2   3   4   5  6A  6B    7    8   9   10  11  12  13   14  15   16   17  18
                                     12Z  AVG MX 2MIN
DY MAX MIN AVG DEP HDD CDD  WTR  SNW DPTH SPD SPD DIR MIN PSBL S-S WX    SPD DR
================================================================================

 1  48  37  43  -7  22   0 0.76    M    M  4.4 18 330   M    M   8 13     25 330
 2  38  28  33 -17  32   0 0.60    M    M  2.2 10  50   M    M  10 12     14  40
 3  50  19  35 -15  30   0 0.00    M    M  1.0  6  40   M    M   3 12     15 150
 4  74  28  51   2  14   0 0.00    M    M  6.8 33 220   M    M   1        43 230
 5  72  32  52   3  13   0 0.00    M    M  3.7 24 260   M    M   1 1      31 260
 6  56  29  43  -5  22   0 0.00    M    M  5.4 18 250   M    M   2        28 250
 7  67  27  47  -1  18   0 0.00    M    M  6.4 20 210   M    M   0        25 200
 8  71  34  53   5  12   0    T    M    M 15.3 46  20   M    M   2 1      60  10
 9  46  26  36 -11  29   0 0.10    M    M  8.1 26  20   M    M   6 1      33  20
10  59  21  40  -7  25   0 0.00    M    M  5.3 17 230   M    M   0        20 230
11  68  25  47   1  18   0 0.00    M    M  7.2 28 210   M    M   0        35 210
12  69  33  51   5  14   0 0.00    M    M  9.2 28 240   M    M   0        36 250
13  66  25  46   0  19   0 0.00    M    M  6.9 25 230   M    M   0        33 210
14  50  21  36  -9  29   0 0.00    M    M  6.4 28 280   M    M   1        35 290
15  64  17  41  -4  24   0 0.00    M    M  2.8 12 130   M    M   0        16 140
16  70  20  45   1  20   0 0.00    M    M  3.4 15 280   M    M   0        19 280
17  71  22  47   3  18   0 0.00    M    M  4.0 14 280   M    M   0        17 290
18  73  25  49   5  16   0 0.00    M    M  3.3 10 290   M    M   0        13 290
19  73  30  52   9  13   0 0.00    M    M  4.3 20 200   M    M   3        29 210
20  69  33  51   8  14   0 0.34    M    M 11.4 35 220   M    M   4 1      50 230
================================================================================
SM 1254  532       402   0  1.80    M    117.5          M       41
================================================================================
AV 62.7 26.6                               5.9 FASTST   M    M   2    MAX(MPH)
                                 MISC ---->  # 46  20               # 60   10
================================================================================
NOTES:
# LAST OF SEVERAL OCCURRENCES

COLUMN 17 PEAK WIND IN M.P.H.

PRELIMINARY LOCAL CLIMATOLOGICAL DATA (WS FORM: F-6) , PAGE 2

                                          STATION:  MEEKER CO
                                          MONTH:    OCTOBER
                                          YEAR:     2017
                                          LATITUDE:   40  2 N
                                          LONGITUDE: 107 53 W

[TEMPERATURE DATA]      [PRECIPITATION DATA]       SYMBOLS USED IN COLUMN 16

AVERAGE MONTHLY: 44.7   TOTAL FOR MONTH:   1.80    1 = FOG OR MIST
DPTR FM NORMAL:  -1.9   DPTR FM NORMAL:    0.57    2 = FOG REDUCING VISIBILITY
HIGHEST:    74 ON  4    GRTST 24HR  0.80 ON 30- 1      TO 1/4 MILE OR LESS
LOWEST:     17 ON 15                               3 = THUNDER
                        SNOW, ICE PELLETS, HAIL    4 = ICE PELLETS
                        TOTAL MONTH:    M          5 = HAIL
                        GRTST 24HR    M  ON   M    6 = FREEZING RAIN OR DRIZZLE
                        GRTST DEPTH:  M  ON   M    7 = DUSTSTORM OR SANDSTORM:
                                                       VSBY 1/2 MILE OR LESS
                                                   8 = SMOKE OR HAZE
[NO. OF DAYS WITH]      [WEATHER - DAYS WITH]      9 = BLOWING SNOW
                                                   X = TORNADO
MAX 32 OR BELOW:   0    0.01 INCH OR MORE:   4
MAX 90 OR ABOVE:   0    0.10 INCH OR MORE:   4
MIN 32 OR BELOW:  16    0.50 INCH OR MORE:   2
MIN  0 OR BELOW:   0    1.00 INCH OR MORE:   0

[HDD (BASE 65) ]
TOTAL THIS MO.   402    CLEAR  (SCALE 0-3)  16
DPTR FM NORMAL    34    PTCLDY (SCALE 4-7)   3
TOTAL FM JUL 1   616    CLOUDY (SCALE 8-10)  1
DPTR FM NORMAL   -59

[CDD (BASE 65) ]
TOTAL THIS MO.     0
DPTR FM NORMAL     0    [PRESSURE DATA]
TOTAL FM JAN 1   321    HIGHEST SLP M ON M
DPTR FM NORMAL   149    LOWEST  SLP 29.44 ON  8

[REMARKS]
