000
CXUS54 KBMX 271216
CF6EET
PRELIMINARY LOCAL CLIMATOLOGICAL DATA (WS FORM: F-6)

                                          STATION:   SHELBY COUNTY AIRPORT
                                          MONTH:     DECEMBER
                                          YEAR:      2014
                                          LATITUDE:   33 10 N
                                          LONGITUDE:  86 47 W

  TEMPERATURE IN F:       :PCPN:    SNOW:  WIND      :SUNSHINE: SKY     :PK WND
================================================================================
1   2   3   4   5  6A  6B    7    8   9   10  11  12  13   14  15   16   17  18
                                     12Z  AVG MX 2MIN
DY MAX MIN AVG DEP HDD CDD  WTR  SNW DPTH SPD SPD DIR MIN PSBL S-S WX    SPD DR
================================================================================

 1  74  47  61  11   4   0 0.00  0.0    0  1.2  9 180   M    M   4 12     14 190
 2  73  48  61  11   4   0 0.00  0.0    0  1.5 12 270   M    M   2 1      15 270
 3  70  48  59   9   6   0 0.00  0.0    0  0.8  6  10   M    M   0 1       8  10
 4  77  52  65  16   0   0    T  0.0    0  1.7 10 200   M    M   2 1      14 180
 5  75  55  65  16   0   0    T  0.0    0  5.4 15 150   M    M   4 1      20 170
 6  70  51  61  12   4   0 1.49  0.0    0  8.6 20 350   M    M   9 12     29 330
 7  61  46  54   6  11   0 0.00  0.0    0  6.3 14  20   M    M   3        22  30
 8  53  38  46  -2  19   0 0.00  0.0    0  2.9  9 110   M    M   6        14 120
 9  61  36  49   1  16   0 0.00  0.0    0  6.5 22 310   M    M   3        30 360
10  50  33  42  -6  23   0 0.00  0.0    0  6.0 13 330   M    M   0        18 360
11  53  31  42  -5  23   0 0.00  0.0    0  2.9 12 300   M    M   0 18     16 300
12  59  32  46  -1  19   0 0.00  0.0    0  2.8  9 340   M    M   0        13 350
13  59  32  46  -1  19   0 0.00  0.0    0  5.5 15 330   M    M   1        20 320
14  59  37  48   1  17   0 0.00  0.0    0  3.5 12  20   M    M   2 1      20  20
15  66  36  51   5  14   0    T  0.0    0  3.9 14 190   M    M   4 18     21 200
16  65  37  51   5  14   0 0.02  0.0    0  6.9 15 300   M    M   2        24 300
17  48  33  41  -5  24   0 0.00  0.0    0  2.1 10 320   M    M   4 1      13 310
18  54  35  45  -1  20   0 0.00  0.0    0  1.8  8 350   M    M   4        11 330
19  50  35  43  -3  22   0 0.33  0.0    0  1.6 10 330   M    M   4 18     15 320
20  52  41  47   2  18   0 0.08  0.0    0  2.3  7 360   M    M  10 1      10 350
21  55  42  49   4  16   0 0.00  0.0    0  3.0  9  70   M    M  10 18     12 110
22  54  49  52   7  13   0 0.24  0.0    0  4.8 13 120   M    M  10 1      20 120
23  63  54  59  14   6   0 1.84  0.0    0  6.9 21 290   M    M  10 13     30 310
24  60  43  52   7  13   0 0.36  0.0    0  6.9 17 290   M    M   9 1      26 250
25  54  35  45   0  20   0 0.00  0.0    0  1.3  8 250   M    M   0        11 240
26  57  35  46   2  19   0 0.00  0.0    0  1.4  7 100   M    M   0        10 130
================================================================================
SM 1572 1061       364   0  4.36     0.0  98.5          M      103
================================================================================
AV 60.5 40.8                               3.8 FASTST   M    M   4    MAX(MPH)
                                 MISC ---->  # 22 310               # 30  360
================================================================================
NOTES:
# LAST OF SEVERAL OCCURRENCES

COLUMN 17 PEAK WIND IN M.P.H.

PRELIMINARY LOCAL CLIMATOLOGICAL DATA (WS FORM: F-6) , PAGE 2

                                          STATION:  SHELBY COUNTY AIRPORT
                                          MONTH:    DECEMBER
                                          YEAR:     2014
                                          LATITUDE:   33 10 N
                                          LONGITUDE:  86 47 W

[TEMPERATURE DATA]      [PRECIPITATION DATA]       SYMBOLS USED IN COLUMN 16

AVERAGE MONTHLY: 50.6   TOTAL FOR MONTH:   4.36    1 = FOG OR MIST
DPTR FM NORMAL:   3.7   DPTR FM NORMAL:    0.33    2 = FOG REDUCING VISIBILITY
HIGHEST:    77 ON  4    GRTST 24HR  2.15 ON 23-24      TO 1/4 MILE OR LESS
LOWEST:     31 ON 11                               3 = THUNDER
                        SNOW, ICE PELLETS, HAIL    4 = ICE PELLETS
                        TOTAL MONTH:   0.0 INCH    5 = HAIL
                        GRTST 24HR     0.0         6 = FREEZING RAIN OR DRIZZLE
                        GRTST DEPTH:   0           7 = DUSTSTORM OR SANDSTORM:
                                                       VSBY 1/2 MILE OR LESS
                                                   8 = SMOKE OR HAZE
[NO. OF DAYS WITH]      [WEATHER - DAYS WITH]      9 = BLOWING SNOW
                                                   X = TORNADO
MAX 32 OR BELOW:   0    0.01 INCH OR MORE:   7
MAX 90 OR ABOVE:   0    0.10 INCH OR MORE:   5
MIN 32 OR BELOW:   3    0.50 INCH OR MORE:   2
MIN  0 OR BELOW:   0    1.00 INCH OR MORE:   2

[HDD (BASE 65) ]
TOTAL THIS MO.   364    CLEAR  (SCALE 0-3)  12
DPTR FM NORMAL  -108    PTCLDY (SCALE 4-7)   8
TOTAL FM JUL 1   890    CLOUDY (SCALE 8-10)  6
DPTR FM NORMAL   -26

[CDD (BASE 65) ]
TOTAL THIS MO.     0
DPTR FM NORMAL     0    [PRESSURE DATA]
TOTAL FM JAN 1  2174    HIGHEST SLP M ON M
DPTR FM NORMAL   198    LOWEST  SLP 29.56 ON 24

[REMARKS]
