290
CXUS51 KRLX 191306
CF6EKN
PRELIMINARY LOCAL CLIMATOLOGICAL DATA (WS FORM: F-6)

                                          STATION:   ELKINS WV
                                          MONTH:     FEBRUARY
                                          YEAR:      2018
                                          LATITUDE:   38 52 N
                                          LONGITUDE:  79 51 W

  TEMPERATURE IN F:       :PCPN:    SNOW:  WIND      :SUNSHINE: SKY     :PK WND
================================================================================
1   2   3   4   5  6A  6B    7    8   9   10  11  12  13   14  15   16   17  18
                                     12Z  AVG MX 2MIN
DY MAX MIN AVG DEP HDD CDD  WTR  SNW DPTH SPD SPD DIR MIN PSBL S-S WX    SPD DR
================================================================================

 1  48  32  40  10  25   0 0.31  1.8    0  8.9 20 250   M    M   7 1      29 250
 2  32   4  18 -12  47   0 0.03  2.3    2 10.1 25 290   M    M  10 18     36 290
 3  36   0  18 -12  47   0 0.00  0.0    3  3.5 13 170   M    M   6        19 180
 4  38  29  34   4  31   0 0.46  0.7    2  5.8 20 210   M    M  10 12     27 200
 5  35  18  27  -3  38   0 0.06  0.6    2  6.4 25 290   M    M   5 1      34 300
 6  34  17  26  -5  39   0 0.00  0.0    1  3.7 16 250   M    M   8 8      24 240
 7  45  26  36   5  29   0 0.93    T    0  7.4 22 280   M    M  10 1      29 280
 8  29  17  23  -8  42   0    T  0.7    1  5.0 17 280   M    M   7 18     25 270
 9  52  17  35   4  30   0 0.00  0.0    0  2.4 16 220   M    M   1 1      26 240
10  57  33  45  14  20   0 0.25  0.0    0  4.1 15 160   M    M   8 1      21 160
11  62  42  52  21  13   0 0.84  0.0    0  4.6 16 300   M    M  10 1      24 210
12  43  25  34   2  31   0 0.01    T    0  4.5 16 310   M    M   6 1      21 310
13  46  21  34   2  31   0 0.06  0.0    0  2.5 13 150   M    M   7 128    17 150
14  60  35  48  16  17   0 0.68  0.0    0  6.7 15 230   M    M  10 1      23 220
15  66  58  62  30   3   0 0.10  0.0    0 12.2 25 230   M    M   8 1      37 250
16  67  32  50  18  15   0 1.55  0.0    0  9.5 29 220   M    M  10 1      43 220
17  43  25  34   2  31   0 0.36    T    0  4.6 20 250   M    M   7 1      27 250
18  47  31  39   6  26   0 0.09    T    0  6.4 18 290   M    M   3 18     26 290
================================================================================
SM  840  462       515   0  5.73     6.1 108.3          M      133
================================================================================
AV 46.7 25.7                               6.0 FASTST   M    M   7    MAX(MPH)
                                 MISC ---->  # 29 220               # 43  220
================================================================================
NOTES:
# LAST OF SEVERAL OCCURRENCES

COLUMN 17 PEAK WIND IN M.P.H.

PRELIMINARY LOCAL CLIMATOLOGICAL DATA (WS FORM: F-6) , PAGE 2

                                          STATION:  ELKINS WV
                                          MONTH:    FEBRUARY
                                          YEAR:     2018
                                          LATITUDE:   38 52 N
                                          LONGITUDE:  79 51 W

[TEMPERATURE DATA]      [PRECIPITATION DATA]       SYMBOLS USED IN COLUMN 16

AVERAGE MONTHLY: 36.2   TOTAL FOR MONTH:   5.73    1 = FOG OR MIST
DPTR FM NORMAL:   5.0   DPTR FM NORMAL:    3.78    2 = FOG REDUCING VISIBILITY
HIGHEST:    67 ON 16    GRTST 24HR  1.55 ON 16-16      TO 1/4 MILE OR LESS
LOWEST:      0 ON  3                               3 = THUNDER
                        SNOW, ICE PELLETS, HAIL    4 = ICE PELLETS
                        TOTAL MONTH:   6.1 INCHES  5 = HAIL
                        GRTST 24HR   2.3 ON  2- 2  6 = FREEZING RAIN OR DRIZZLE
                        GRTST DEPTH:   3 ON  3     7 = DUSTSTORM OR SANDSTORM:
                                                       VSBY 1/2 MILE OR LESS
                                                   8 = SMOKE OR HAZE
[NO. OF DAYS WITH]      [WEATHER - DAYS WITH]      9 = BLOWING SNOW
                                                   X = TORNADO
MAX 32 OR BELOW:   2    0.01 INCH OR MORE:  14
MAX 90 OR ABOVE:   0    0.10 INCH OR MORE:   9
MIN 32 OR BELOW:  14    0.50 INCH OR MORE:   4
MIN  0 OR BELOW:   1    1.00 INCH OR MORE:   1

[HDD (BASE 65) ]
TOTAL THIS MO.   515    CLEAR  (SCALE 0-3)   1
DPTR FM NORMAL   -94    PTCLDY (SCALE 4-7)  10
TOTAL FM JUL 1  3836    CLOUDY (SCALE 8-10)  7
DPTR FM NORMAL  -174

[CDD (BASE 65) ]
TOTAL THIS MO.     0
DPTR FM NORMAL     0    [PRESSURE DATA]
TOTAL FM JAN 1     0    HIGHEST SLP M ON M
DPTR FM NORMAL     0    LOWEST  SLP 29.73 ON 16

[REMARKS]
