000
CXUS51 KRLX 291126
CF6EKN
PRELIMINARY LOCAL CLIMATOLOGICAL DATA (WS FORM: F-6)

                                          STATION:   ELKINS WV
                                          MONTH:     MARCH
                                          YEAR:      2017
                                          LATITUDE:   38 52 N
                                          LONGITUDE:  79 51 W

  TEMPERATURE IN F:       :PCPN:    SNOW:  WIND      :SUNSHINE: SKY     :PK WND
================================================================================
1   2   3   4   5  6A  6B    7    8   9   10  11  12  13   14  15   16   17  18
                                     12Z  AVG MX 2MIN
DY MAX MIN AVG DEP HDD CDD  WTR  SNW DPTH SPD SPD DIR MIN PSBL S-S WX    SPD DR
================================================================================

 1  69  42  56  21   9   0 0.22  0.0    0 12.6 43 270   M    M   7 3      60 250
 2  42  29  36   0  29   0 0.01  0.8    0 13.8 29 280   M    M  10        44 260
 3  30  22  26 -10  39   0 0.05  0.6    1 12.9 22 300   M    M   7 12     33 270
 4  36  13  25 -11  40   0 0.00  0.0    0  3.8 16 330   M    M   0        22 350
 5  58  16  37   1  28   0 0.00  0.0    0  1.5 10 300   M    M   1        13 320
 6  59  34  47  10  18   0 0.02  0.0    0  3.9 15 210   M    M  10        23 260
 7  61  51  56  19   9   0 0.59  0.0    0  6.9 15 170   M    M   9 1      20 170
 8  58  37  48  11  17   0 0.13  0.0    0 12.4 36 300   M    M   2        46 310
 9  63  41  52  14  13   0 0.00  0.0    0 10.1 23 250   M    M   0        34 240
10  55  24  40   2  25   0 0.16  2.0    2 11.5 25 310   M    M   9 12     39 320
11  30  17  24 -14  41   0 0.00  0.0    0  8.2 17 280   M    M   1        24 320
12  38  13  26 -12  39   0 0.00  0.0    0  3.9 16 310   M    M   0        23 280
13  50  17  34  -5  31   0    T  0.0    0  7.6 20 150   M    M   2        26 150
14  38  13  26 -13  39   0 0.32  6.5    3  9.7 23 300   M    M  10 1      33 290
15  26  11  19 -20  46   0 0.01  0.1    5 13.8 26 270   M    M   8 89     38 280
16  33  19  26 -14  39   0    T  1.0    3  8.6 18 290   M    M   7        25 280
17  39  11  25 -15  40   0 0.58    T    0  1.3 15 170   M    M   5 128    19 180
18  53  34  44   4  21   0 0.30    T    0  4.9 21 290   M    M   8 13     27 290
19  40  33  37  -4  28   0 0.09    T    0  4.6 15 310   M    M  10 1      22 300
20  56  30  43   2  22   0 0.07  0.0    0  2.0 12 190   M    M   6 1      15 180
21  52  43  48   7  17   0 0.06  0.0    0  4.7 15 250   M    M   8 1      22 240
22  46  21  34  -8  31   0 0.00  0.0    0  8.5 18 310   M    M   3        26 360
23  58  16  37  -5  28   0 0.00  0.0    0  3.7 12 210   M    M   0        18 210
24  74  41  58  16   7   0    T  0.0    0  4.8 18 250   M    M   6        24 260
25  72  48  60  17   5   0 0.00  0.0    0  1.7 12 250   M    M   6        14 270
26  70  41  56  13   9   0 0.21  0.0    0  6.9 24 150   M    M   5 1      31 150
27  71  53  62  18   3   0 0.50  0.0    0  6.2 16 240   M    M   8 1      24 220
28  65  52  59  15   6   0 0.14  0.0    0  4.2 14 310   M    M  10 18     22 270
================================================================================
SM 1442  822       679   0  3.46    10.9 194.7          M      158
================================================================================
AV 51.5 29.4                               7.0 FASTST   M    M   6    MAX(MPH)
                                 MISC ---->  # 43 270               # 60  250
================================================================================
NOTES:
# LAST OF SEVERAL OCCURRENCES

COLUMN 17 PEAK WIND IN M.P.H.

PRELIMINARY LOCAL CLIMATOLOGICAL DATA (WS FORM: F-6) , PAGE 2

                                          STATION:  ELKINS WV
                                          MONTH:    MARCH
                                          YEAR:     2017
                                          LATITUDE:   38 52 N
                                          LONGITUDE:  79 51 W

[TEMPERATURE DATA]      [PRECIPITATION DATA]       SYMBOLS USED IN COLUMN 16

AVERAGE MONTHLY: 40.4   TOTAL FOR MONTH:   3.46    1 = FOG OR MIST
DPTR FM NORMAL:   1.1   DPTR FM NORMAL:   -0.10    2 = FOG REDUCING VISIBILITY
HIGHEST:    74 ON 24    GRTST 24HR  0.59 ON  7- 7      TO 1/4 MILE OR LESS
LOWEST:     11 ON 17,15                            3 = THUNDER
                        SNOW, ICE PELLETS, HAIL    4 = ICE PELLETS
                        TOTAL MONTH:  10.9 INCHES  5 = HAIL
                        GRTST 24HR   6.5 ON 14-14  6 = FREEZING RAIN OR DRIZZLE
                        GRTST DEPTH:   5 ON 15     7 = DUSTSTORM OR SANDSTORM:
                                                       VSBY 1/2 MILE OR LESS
                                                   8 = SMOKE OR HAZE
[NO. OF DAYS WITH]      [WEATHER - DAYS WITH]      9 = BLOWING SNOW
                                                   X = TORNADO
MAX 32 OR BELOW:   3    0.01 INCH OR MORE:  17
MAX 90 OR ABOVE:   0    0.10 INCH OR MORE:  10
MIN 32 OR BELOW:  15    0.50 INCH OR MORE:   3
MIN  0 OR BELOW:   0    1.00 INCH OR MORE:   0

[HDD (BASE 65) ]
TOTAL THIS MO.   679    CLEAR  (SCALE 0-3)   8
DPTR FM NORMAL   -40    PTCLDY (SCALE 4-7)  12
TOTAL FM JUL 1  4082    CLOUDY (SCALE 8-10)  8
DPTR FM NORMAL  -958

[CDD (BASE 65) ]
TOTAL THIS MO.     0
DPTR FM NORMAL     0    [PRESSURE DATA]
TOTAL FM JAN 1     0    HIGHEST SLP M ON M
DPTR FM NORMAL     0    LOWEST  SLP 29.60 ON  1

[REMARKS]
