000
CXUS54 KEPZ 231200
CF6ELP
PRELIMINARY LOCAL CLIMATOLOGICAL DATA (WS FORM: F-6)

                                          STATION:   EL PASO
                                          MONTH:     MARCH
                                          YEAR:      2017
                                          LATITUDE:   31 47 N
                                          LONGITUDE: 106 24 W

  TEMPERATURE IN F:       :PCPN:    SNOW:  WIND      :SUNSHINE: SKY     :PK WND
================================================================================
1   2   3   4   5  6A  6B    7    8   9   10  11  12  13   14  15   16   17  18
                                     12Z  AVG MX 2MIN
DY MAX MIN AVG DEP HDD CDD  WTR  SNW DPTH SPD SPD DIR MIN PSBL S-S WX    SPD DR
================================================================================

 1  64  45  55   2  10   0 0.00  0.0    0  9.2 20 360   M    M   2        23 360
 2  69  41  55   1  10   0 0.00  0.0    0 11.7 21 360   M    M   4        25 350
 3  67  47  57   3   8   0 0.00  0.0    0  7.6 18 120   M    M   8        23 110
 4  76  44  60   6   5   0 0.00  0.0    0  6.9 18 250   M    M   5        24 220
 5  77  50  64  10   1   0 0.00  0.0    0 14.9 32 250   M    M   6 8      41 250
 6  77  59  68  14   0   3 0.00  0.0    0 18.3 33 240   M    M   3 8      42 240
 7  73  47  60   5   5   0 0.00  0.0    0  9.5 23  10   M    M   0        27 360
 8  80  43  62   7   3   0 0.00  0.0    0  6.0 14  10   M    M   2 8      16  10
 9  82  47  65  10   0   0 0.00  0.0    0  5.1 14 290   M    M   6        18 270
10  83  50  67  12   0   2 0.00  0.0    0  6.9 15 120   M    M   3        20 110
11  84  49  67  12   0   2 0.00  0.0    0  7.8 21  90   M    M   6        26  90
12  78  48  63   7   2   0 0.00  0.0    0  7.6 26 300   M    M   2        32 290
13  74  51  63   7   2   0 0.00  0.0    0  6.5 18  90   M    M   2 8      22  90
14  85  47  66  10   0   1 0.00  0.0    0  4.4 15 290   M    M   2 8      21 310
15  86  52  69  13   0   4 0.00  0.0    0  5.2 17 250   M    M   3        22 250
16  85  54  70  14   0   5 0.00  0.0    0 11.3 24 270   M    M   5        32 260
17  86  49  68  11   0   3 0.00  0.0    0  3.8 17 290   M    M   1        21 290
18  88  52  70  13   0   5 0.00  0.0    0  5.4 12 270   M    M   2        15 200
19  90  60  75  18   0  10 0.00  0.0    0  5.0 16 230   M    M   2        25 230
20  89  59  74  17   0   9 0.00  0.0    0  4.7 15 170   M    M   2        21 190
21  89  55  72  14   0   7 0.00  0.0    0  4.1 17 240   M    M   2        23 240
22  93  53  73  15   0   8 0.00  0.0    0  8.5 26 260   M    M   1        33 260
================================================================================
SM 1775 1102        46  59  0.00     0.0 170.4          M       69
================================================================================
AV 80.7 50.1                               7.7 FASTST   M    M   3    MAX(MPH)
                                 MISC ---->  # 33 240               # 42  240
================================================================================
NOTES:
# LAST OF SEVERAL OCCURRENCES

COLUMN 17 PEAK WIND IN M.P.H.

PRELIMINARY LOCAL CLIMATOLOGICAL DATA (WS FORM: F-6) , PAGE 2

                                          STATION:  EL PASO
                                          MONTH:    MARCH
                                          YEAR:     2017
                                          LATITUDE:   31 47 N
                                          LONGITUDE: 106 24 W

[TEMPERATURE DATA]      [PRECIPITATION DATA]       SYMBOLS USED IN COLUMN 16

AVERAGE MONTHLY: 65.4   TOTAL FOR MONTH:   0.00    1 = FOG OR MIST
DPTR FM NORMAL:   9.8   DPTR FM NORMAL:   -0.19    2 = FOG REDUCING VISIBILITY
HIGHEST:    93 ON 22    GRTST 24HR  0.00 ON 22-22      TO 1/4 MILE OR LESS
LOWEST:     41 ON  2                               3 = THUNDER
                        SNOW, ICE PELLETS, HAIL    4 = ICE PELLETS
                        TOTAL MONTH:   0.0 INCH    5 = HAIL
                        GRTST 24HR     0.0         6 = FREEZING RAIN OR DRIZZLE
                        GRTST DEPTH:   0           7 = DUSTSTORM OR SANDSTORM:
                                                       VSBY 1/2 MILE OR LESS
                                                   8 = SMOKE OR HAZE
[NO. OF DAYS WITH]      [WEATHER - DAYS WITH]      9 = BLOWING SNOW
                                                   X = TORNADO
MAX 32 OR BELOW:   0    0.01 INCH OR MORE:   0
MAX 90 OR ABOVE:   2    0.10 INCH OR MORE:   0
MIN 32 OR BELOW:   0    0.50 INCH OR MORE:   0
MIN  0 OR BELOW:   0    1.00 INCH OR MORE:   0

[HDD (BASE 65) ]
TOTAL THIS MO.    46    CLEAR  (SCALE 0-3)  15
DPTR FM NORMAL  -167    PTCLDY (SCALE 4-7)   7
TOTAL FM JUL 1  1515    CLOUDY (SCALE 8-10)  0
DPTR FM NORMAL  -801

[CDD (BASE 65) ]
TOTAL THIS MO.    59
DPTR FM NORMAL    59    [PRESSURE DATA]
TOTAL FM JAN 1    62    HIGHEST SLP M ON M
DPTR FM NORMAL    62    LOWEST  SLP 29.68 ON 22

[REMARKS]
