000
CXUS54 KEWX 180910
CF6ERV
PRELIMINARY LOCAL CLIMATOLOGICAL DATA (WS FORM: F-6)

                                          STATION:   KERRVILLE
                                          MONTH:     OCTOBER
                                          YEAR:      2017
                                          LATITUDE:   29 58 N
                                          LONGITUDE:  99  5 W

  TEMPERATURE IN F:       :PCPN:    SNOW:  WIND      :SUNSHINE: SKY     :PK WND
================================================================================
1   2   3   4   5  6A  6B    7    8   9   10  11  12  13   14  15   16   17  18
                                     12Z  AVG MX 2MIN
DY MAX MIN AVG DEP HDD CDD  WTR  SNW DPTH SPD SPD DIR MIN PSBL S-S WX    SPD DR
================================================================================

 1  85  59  72   M   0   7 0.00    M    M  3.2 10 150   M    M   0         M  M
 2  85  66  76   M   0  11 0.00    M    M  6.6 14 170   M    M   4 1      18 150
 3  84  72  78   M   0  13    T    M    M  6.7 14 110   M    M   9         M  M
 4  83  69  76   M   0  11    T    M    M  4.7 13 120   M    M   7 1       M  M
 5  84  65  75   M   0  10 0.00    M    M  2.8  7 150   M    M   5 128     M  M
 6  84  64  74   M   0   9 0.00    M    M  4.1  9 180   M    M   5         M  M
 7  80  63  72   M   0   7 0.00    M    M  3.3 10 150   M    M   7 1       M  M
 8  89  59  74   M   0   9 0.00    M    M  3.7 15 180   M    M   1 1      17 180
 9  92  67  80   M   0  15 0.00    M    M  7.3 14 140   M    M   1        17 160
10  74  54  64   M   1   0 0.01    M    M 11.6 24 350   M    M   8 8      32 350
11  79  54  67   M   0   2 0.00    M    M  1.9  8  50   M    M   3         M  M
12  82  56  69   M   0   4 0.00    M    M  3.9 12 170   M    M   4         M  M
13  85  63  74   M   0   9 0.00    M    M  5.5 13 190   M    M   6 1      24 180
14  85  69  77   M   0  12 0.00    M    M  7.2 13 170   M    M   6 1      20 160
15  76  56  66   M   0   1 0.00    M    M  9.6 18  10   M    M   5        25  10
16  75  41  58   M   7   0 0.00    M    M  5.8 12  50   M    M   0        17  50
17  79  37  58   M   7   0 0.00  0.0    0  1.6  6 130   M    M   0         M  M
================================================================================
SM 1401 1014        15 120  0.01     0.0  89.5          M       71
================================================================================
AV 82.4 59.7                               5.3 FASTST   M    M   4    MAX(MPH)
                                 MISC ---->  # 24 350               # 32  350
================================================================================
NOTES:
# LAST OF SEVERAL OCCURRENCES

COLUMN 17 PEAK WIND IN M.P.H.

PRELIMINARY LOCAL CLIMATOLOGICAL DATA (WS FORM: F-6) , PAGE 2

                                          STATION:  KERRVILLE
                                          MONTH:    OCTOBER
                                          YEAR:     2017
                                          LATITUDE:   29 58 N
                                          LONGITUDE:  99  5 W

[TEMPERATURE DATA]      [PRECIPITATION DATA]       SYMBOLS USED IN COLUMN 16

AVERAGE MONTHLY: 71.0   TOTAL FOR MONTH:   0.01    1 = FOG OR MIST
DPTR FM NORMAL:     M   DPTR FM NORMAL:       M    2 = FOG REDUCING VISIBILITY
HIGHEST:    92 ON  9    GRTST 24HR  0.01 ON 10-10      TO 1/4 MILE OR LESS
LOWEST:     37 ON 17                               3 = THUNDER
                        SNOW, ICE PELLETS, HAIL    4 = ICE PELLETS
                        TOTAL MONTH:   0.0 INCH    5 = HAIL
                        GRTST 24HR     0.0         6 = FREEZING RAIN OR DRIZZLE
                        GRTST DEPTH:   0           7 = DUSTSTORM OR SANDSTORM:
                                                       VSBY 1/2 MILE OR LESS
                                                   8 = SMOKE OR HAZE
[NO. OF DAYS WITH]      [WEATHER - DAYS WITH]      9 = BLOWING SNOW
                                                   X = TORNADO
MAX 32 OR BELOW:   0    0.01 INCH OR MORE:   1
MAX 90 OR ABOVE:   1    0.10 INCH OR MORE:   0
MIN 32 OR BELOW:   0    0.50 INCH OR MORE:   0
MIN  0 OR BELOW:   0    1.00 INCH OR MORE:   0

[HDD (BASE 65) ]
TOTAL THIS MO.    15    CLEAR  (SCALE 0-3)   6
DPTR FM NORMAL     M    PTCLDY (SCALE 4-7)  10
TOTAL FM JUL 1    15    CLOUDY (SCALE 8-10)  1
DPTR FM NORMAL     M

[CDD (BASE 65) ]
TOTAL THIS MO.   120
DPTR FM NORMAL     M    [PRESSURE DATA]
TOTAL FM JAN 1  2479    HIGHEST SLP M ON M
DPTR FM NORMAL     M    LOWEST  SLP M ON M

[REMARKS]
