000
CXUS51 KOKX 010703
CF6EWR
PRELIMINARY LOCAL CLIMATOLOGICAL DATA (WS FORM: F-6)

                                          STATION:   NEWARK NJ
                                          MONTH:     JUNE
                                          YEAR:      2015
                                          LATITUDE:   40 42 N
                                          LONGITUDE:  74 10 W

  TEMPERATURE IN F:       :PCPN:    SNOW:  WIND      :SUNSHINE: SKY     :PK WND
================================================================================
1   2   3   4   5  6A  6B    7    8   9   10  11  12  13   14  15   16   17  18
                                     12Z  AVG MX 2MIN
DY MAX MIN AVG DEP HDD CDD  WTR  SNW DPTH SPD SPD DIR MIN PSBL S-S WX    SPD DR
================================================================================

 1  61  52  57 -11   8   0 1.66  0.0    0 11.0 15  70   M    M  10 123    23  70
 2  57  49  53 -15  12   0 0.47  0.0    0  8.1  8  40   M    M  10 128    16  20
 3  69  54  62  -6   3   0 0.00  0.0    0  6.6 13 140   M    M   8        16 160
 4  67  56  62  -7   3   0 0.00  0.0    0  7.3 15 130   M    M   8        20 130
 5  71  57  64  -5   1   0 0.19  0.0    0  4.7 12 360   M    M  10 18     15 360
 6  78  61  70   0   0   5 0.15  0.0    0  9.5 26 360   M    M   7 1      33 360
 7  72  53  63  -7   2   0 0.00  0.0    0  8.6 17 150   M    M   5        23 140
 8  84  62  73   3   0   8 0.10  0.0    0 11.3 24 230   M    M   9 1      31 220
 9  86  68  77   7   0  12 0.01  0.0    0 11.8 26 250   M    M   7        33 240
10  86  65  76   5   0  11 0.00  0.0    0  8.0 18 230   M    M   3        28 230
11  93  70  82  11   0  17 0.00  0.0    0 11.0 22 250   M    M   7 3      28 250
12  89  73  81   9   0  16 0.00  0.0    0  8.5 20 210   M    M   8        26 200
13  88  72  80   8   0  15 0.00  0.0    0 10.0 23 320   M    M   8        31 330
14  87  66  77   5   0  12 0.35  0.0    0  5.5 20 230   M    M   8 13     25 220
15  83  66  75   3   0  10 1.08  0.0    0  5.4 14  30   M    M   8 138    17  30
16  77  66  72  -1   0   7 0.04  0.0    0  5.7 17 310   M    M   9 18     22 310
17  81  66  74   1   0   9    T  0.0    0  7.9 16 330   M    M   8        21 340
18  69  65  67  -6   0   2    T  0.0    0  6.5 12 150   M    M  10 1      14 150
19  89  67  78   4   0  13    T  0.0    0  7.5 18 350   M    M   8        25 300
20  74  65  70  -4   0   5 0.02  0.0    0  7.4 13  80   M    M   9 1      20  70
21  91  71  81   7   0  16 0.22  0.0    0 11.1 26 270   M    M   8 1      32 280
22  90  71  81   7   0  16 0.00  0.0    0  9.5 21 270   M    M   5        26 270
23  93  74  84   9   0  19 0.23  0.0    0 12.2 25 210   M    M   8 38     35 210
24  86  68  77   2   0  12 0.00  0.0    0 10.2 17 330   M    M   5        26 290
25  85  66  76   1   0  11    T  0.0    0  7.3 16 250   M    M   8        23 270
26  81  70  76   1   0  11 0.00  0.0    0  6.9 15  20   M    M   8        18 150
27  72  61  67  -9   0   2 1.16  0.0    0  9.6 21  60   M    M  10 1      31  50
28  76  62  69  -7   0   4 0.22  0.0    0 10.6 20 230   M    M   9 1      25  50
29  79  62  71  -5   0   6 0.00  0.0    0 10.8 20 280   M    M   4        24 280
30  83  66  75  -1   0  10    T  0.0    0  7.5 18 140   M    M   7        25 140
================================================================================
SM 2397 1924        29 249  5.90     0.0 258.0          M      232
================================================================================
AV 79.9 64.1                               8.6 FASTST   M    M   8    MAX(MPH)
                                 MISC ---->  # 26 360               # 35  210
================================================================================
NOTES:
# LAST OF SEVERAL OCCURRENCES

COLUMN 17 PEAK WIND IN M.P.H.

PRELIMINARY LOCAL CLIMATOLOGICAL DATA (WS FORM: F-6) , PAGE 2

                                          STATION:  NEWARK NJ
                                          MONTH:    JUNE
                                          YEAR:     2015
                                          LATITUDE:   40 42 N
                                          LONGITUDE:  74 10 W

[TEMPERATURE DATA]      [PRECIPITATION DATA]       SYMBOLS USED IN COLUMN 16

AVERAGE MONTHLY: 72.0   TOTAL FOR MONTH:   5.90    1 = FOG OR MIST
DPTR FM NORMAL:  -0.4   DPTR FM NORMAL:    1.88    2 = FOG REDUCING VISIBILITY
HIGHEST:    93 ON 23,11 GRTST 24HR  5.01 ON 31- 1      TO 1/4 MILE OR LESS
LOWEST:     49 ON  2                               3 = THUNDER
                        SNOW, ICE PELLETS, HAIL    4 = ICE PELLETS
                        TOTAL MONTH:   0.0 INCH    5 = HAIL
                        GRTST 24HR     0.0         6 = FREEZING RAIN OR DRIZZLE
                        GRTST DEPTH:   0           7 = DUSTSTORM OR SANDSTORM:
                                                       VSBY 1/2 MILE OR LESS
                                                   8 = SMOKE OR HAZE
[NO. OF DAYS WITH]      [WEATHER - DAYS WITH]      9 = BLOWING SNOW
                                                   X = TORNADO
MAX 32 OR BELOW:   0    0.01 INCH OR MORE:  14
MAX 90 OR ABOVE:   4    0.10 INCH OR MORE:  11
MIN 32 OR BELOW:   0    0.50 INCH OR MORE:   3
MIN  0 OR BELOW:   0    1.00 INCH OR MORE:   3

[HDD (BASE 65) ]
TOTAL THIS MO.    29    CLEAR  (SCALE 0-3)   0
DPTR FM NORMAL    12    PTCLDY (SCALE 4-7)  15
TOTAL FM JUL 1  5143    CLOUDY (SCALE 8-10) 15
DPTR FM NORMAL   271

[CDD (BASE 65) ]
TOTAL THIS MO.   249
DPTR FM NORMAL    10    [PRESSURE DATA]
TOTAL FM JAN 1   409    HIGHEST SLP M ON M
DPTR FM NORMAL    94    LOWEST  SLP 29.63 ON  9

[REMARKS]
#FINAL-06-15#
