000
CXUS53 KFGF 010915
CF6FAR
PRELIMINARY LOCAL CLIMATOLOGICAL DATA (WS FORM: F-6)

                                          STATION:   FARGO HECTOR INTL AP ND
                                          MONTH:     FEBRUARY
                                          YEAR:      2017
                                          LATITUDE:   46 54 N
                                          LONGITUDE:  96 48 W

  TEMPERATURE IN F:       :PCPN:    SNOW:  WIND      :SUNSHINE: SKY     :PK WND
================================================================================
1   2   3   4   5  6A  6B    7    8   9   10  11  12  13   14  15   16   17  18
                                     12Z  AVG MX 2MIN
DY MAX MIN AVG DEP HDD CDD  WTR  SNW DPTH SPD SPD DIR MIN PSBL S-S WX    SPD DR
================================================================================

 1  12   3   8  -2  57   0 0.00  0.0    1 16.0 26 290   M    M   1        32 280
 2  10   3   7  -4  58   0 0.00  0.0    1 12.9 21 290   M    M   0        24 290
 3  22   3  13   2  52   0 0.00  0.0    1 10.2 17 240   M    M   0        22 150
 4  30  10  20   9  45   0 0.01  0.1    1 14.4 25 340   M    M   7 18     30 340
 5  15   3   9  -2  56   0    T    T    1  7.0 16 350   M    M   4        19 340
 6  18  14  16   4  49   0 0.01  0.1    1 13.5 24  30   M    M  10        32  30
 7  14  -5   5  -7  60   0 0.07  0.9    1 18.2 32 350   M    M   7 1289   37 350
 8   5  -9  -2 -14  67   0 0.00  0.0    2 11.4 22 260   M    M   0        24 270
 9  23  -5   9  -3  56   0 0.00  0.0    2 13.2 29 160   M    M   3        36 170
10  46  22  34  21  31   0 0.00  0.0    2 14.1 26 160   M    M   3        35 170
11  35  22  29  16  36   0    T  0.0    1 10.1 26 310   M    M   6 1      34 320
12  37  24  31  17  34   0 0.00  0.0    T 13.5 22 300   M    M   1        29 290
13  40  27  34  20  31   0 0.00  0.0    T 11.0 17 290   M    M   0        21 220
14  36  18  27  13  38   0 0.00  0.0    T 17.6 30 350   M    M   0        34 350
15  38  15  27  13  38   0 0.00  0.0    T 11.7 23 160   M    M   0        30 160
16  44  29  37  22  28   0 0.00  0.0    T  9.9 18 190   M    M   0        22 190
17  53  33  43  28  22   0 0.00  0.0    T  8.9 20 280   M    M   0        24 270
18  47  31  39  23  26   0 0.00  0.0    T  5.5 13 300   M    M   1 1      16 290
19  56  33  45  29  20   0 0.00  0.0    0 16.1 28 140   M    M   0 1      39 150
20  54  31  43  27  22   0 0.31  0.0    0 12.5 24 150   M    M   6 1      32 160
21  48  32  40  23  25   0    T  0.0    0  7.1 15 250   M    M   3 1      21 260
22  36  30  33  16  32   0 0.28  0.3    0 12.7 26 360   M    M   8 12     32 350
23  31  22  27   9  38   0    T    T    T 14.4 25 360   M    M   7        32 360
24  26  16  21   3  44   0    T    T    0 17.3 26 340   M    M   2        32 340
25  32  14  23   4  42   0 0.03  0.2    T  7.7 17 250   M    M   7        20 240
26  23   9  16  -3  49   0 0.08  2.6    3  4.9 17 350   M    M   7 18     22 350
27  34  17  26   6  39   0 0.00  0.0    1  8.2 20 360   M    M   4        25  10
28  31  18  25   5  40   0 0.00  0.0    T 15.1 24 350   M    M   3        28 360
================================================================================
SM  896  460      1135   0  0.79     4.2 335.1          M       90
================================================================================
AV 32.0 16.4                              12.0 FASTST   M    M   3    MAX(MPH)
                                 MISC ---->  # 32 350               # 39  150
================================================================================
NOTES:
# LAST OF SEVERAL OCCURRENCES

COLUMN 17 PEAK WIND IN M.P.H.

PRELIMINARY LOCAL CLIMATOLOGICAL DATA (WS FORM: F-6) , PAGE 2

                                          STATION:  FARGO HECTOR INTL AP ND
                                          MONTH:    FEBRUARY
                                          YEAR:     2017
                                          LATITUDE:   46 54 N
                                          LONGITUDE:  96 48 W

[TEMPERATURE DATA]      [PRECIPITATION DATA]       SYMBOLS USED IN COLUMN 16

AVERAGE MONTHLY: 24.2   TOTAL FOR MONTH:   0.79    1 = FOG OR MIST
DPTR FM NORMAL:   9.6   DPTR FM NORMAL:    0.18    2 = FOG REDUCING VISIBILITY
HIGHEST:    56 ON 19    GRTST 24HR  0.31 ON 20-20      TO 1/4 MILE OR LESS
LOWEST:     -9 ON  8                               3 = THUNDER
                        SNOW, ICE PELLETS, HAIL    4 = ICE PELLETS
                        TOTAL MONTH:   4.2 INCHES  5 = HAIL
                        GRTST 24HR   2.6 ON   M    6 = FREEZING RAIN OR DRIZZLE
                        GRTST DEPTH:   3 ON 26     7 = DUSTSTORM OR SANDSTORM:
                                                       VSBY 1/2 MILE OR LESS
                                                   8 = SMOKE OR HAZE
[NO. OF DAYS WITH]      [WEATHER - DAYS WITH]      9 = BLOWING SNOW
                                                   X = TORNADO
MAX 32 OR BELOW:  14    0.01 INCH OR MORE:   7
MAX 90 OR ABOVE:   0    0.10 INCH OR MORE:   2
MIN 32 OR BELOW:  26    0.50 INCH OR MORE:   0
MIN  0 OR BELOW:   3    1.00 INCH OR MORE:   0

[HDD (BASE 65) ]
TOTAL THIS MO.  1135    CLEAR  (SCALE 0-3)  16
DPTR FM NORMAL  -275    PTCLDY (SCALE 4-7)  10
TOTAL FM JUL 1  5498    CLOUDY (SCALE 8-10)  2
DPTR FM NORMAL -1180

[CDD (BASE 65) ]
TOTAL THIS MO.     0
DPTR FM NORMAL     0    [PRESSURE DATA]
TOTAL FM JAN 1     0    HIGHEST SLP M ON M
DPTR FM NORMAL     0    LOWEST  SLP 29.37 ON 17

[REMARKS]
#FINAL-02-17#
