000
CXUS53 KFGF 300915
CF6FAR
PRELIMINARY LOCAL CLIMATOLOGICAL DATA (WS FORM: F-6)

                                          STATION:   FARGO HECTOR INTL AP ND
                                          MONTH:     MAY
                                          YEAR:      2015
                                          LATITUDE:   46 54 N
                                          LONGITUDE:  96 48 W

  TEMPERATURE IN F:       :PCPN:    SNOW:  WIND      :SUNSHINE: SKY     :PK WND
================================================================================
1   2   3   4   5  6A  6B    7    8   9   10  11  12  13   14  15   16   17  18
                                     12Z  AVG MX 2MIN
DY MAX MIN AVG DEP HDD CDD  WTR  SNW DPTH SPD SPD DIR MIN PSBL S-S WX    SPD DR
================================================================================

 1  76  49  63  11   2   0 0.02  0.0    0  5.9 13 160   M    M   3 12     16 160
 2  87  51  69  17   0   4 0.05  0.0    0 14.9 37 320   M    M   0        46 230
 3  72  45  59   6   6   0 0.00  0.0    0 12.9 29 340   M    M   1        36 360
 4  70  35  53   0  12   0 0.00  0.0    0  4.8 12 340   M    M   0        15 210
 5  81  47  64  11   1   0 0.00  0.0    0 14.7 25 150   M    M   1        36 160
 6  66  59  63   9   2   0 0.24  0.0    0 15.8 22 120   M    M   9 18     34 170
 7  69  44  57   3   8   0 0.12  0.0    0 17.6 28 270   M    M   9 1      32 340
 8  46  34  40 -15  25   0 0.00  0.0    0 16.5 25 360   M    M   8        32 350
 9  55  30  43 -12  22   0 0.00  0.0    0 13.3 23 360   M    M   8 8      30 350
10  48  42  45 -10  20   0 0.92  0.0    0 17.9 31  40   M    M  10 1      38  40
11  44  38  41 -15  24   0 0.88  0.0    0 20.6 31 340   M    M  10 1      38 360
12  57  33  45 -11  20   0 0.02  0.0    0  8.6 15  70   M    M   3        18 360
13  65  46  56   0   9   0 0.52  0.0    0 18.7 35 140   M    M   8 1      46 150
14  61  51  56  -1   9   0 0.29  0.0    0 13.9 28 160   M    M  10 1      35 170
15  61  49  55  -2  10   0 0.01  0.0    0  5.4 15  10   M    M  10 12     17 340
16  70  52  61   4   4   0 0.00  0.0    0 13.7 22 120   M    M   7        28 120
17  69  39  54  -4  11   0 2.60  0.0    0 16.0 33 320   M    M   8 1      41 320
18  40  34  37 -21  28   0 0.15    T    0 24.2 39 330   M    M  10 1      49 320
19  57  31  44 -14  21   0 0.00  0.0    0  7.0 15 340   M    M   0 8      19  20
20  71  36  54  -4  11   0 0.00  0.0    0  6.2 14 330   M    M   0        17 280
21  70  44  57  -2   8   0 0.00  0.0    0  8.7 17 320   M    M   0        20 320
22  75  41  58  -1   7   0 0.00  0.0    0  4.5 14 160   M    M   0        17 180
23  73  49  61   2   4   0 0.00  0.0    0  9.6 21 160   M    M   0        27 170
24  71  49  60   0   5   0 0.00  0.0    0  6.8 17  80   M    M   7        23  80
25  66  51  59  -1   6   0 0.32  0.0    0  7.8 21  50   M    M   8 1      25  40
26  77  48  63   3   2   0 0.00  0.0    0  6.9 13 190   M    M   1 1      19 170
27  83  51  67   6   0   2 0.00  0.0    0  6.0 17 310   M    M   0        24 300
28  86  61  74  13   0   9 0.92  0.0    0 11.7 40 190   M    M   6 1      53 180
29  63  43  53  -8  12   0 0.79  0.0    0 21.2 33 360   M    M   7 1      41 360
================================================================================
SM 1929 1282       289  15  7.85    T    351.8          M      144
================================================================================
AV 66.5 44.2                              12.1 FASTST   M    M   5    MAX(MPH)
                                 MISC ---->  # 40 190               # 53  180
================================================================================
NOTES:
# LAST OF SEVERAL OCCURRENCES

COLUMN 17 PEAK WIND IN M.P.H.

PRELIMINARY LOCAL CLIMATOLOGICAL DATA (WS FORM: F-6) , PAGE 2

                                          STATION:  FARGO HECTOR INTL AP ND
                                          MONTH:    MAY
                                          YEAR:     2015
                                          LATITUDE:   46 54 N
                                          LONGITUDE:  96 48 W

[TEMPERATURE DATA]      [PRECIPITATION DATA]       SYMBOLS USED IN COLUMN 16

AVERAGE MONTHLY: 55.4   TOTAL FOR MONTH:   7.85    1 = FOG OR MIST
DPTR FM NORMAL:  -1.4   DPTR FM NORMAL:    5.25    2 = FOG REDUCING VISIBILITY
HIGHEST:    87 ON  2    GRTST 24HR  2.75 ON 17-18      TO 1/4 MILE OR LESS
LOWEST:     30 ON  9                               3 = THUNDER
                        SNOW, ICE PELLETS, HAIL    4 = ICE PELLETS
                        TOTAL MONTH:    T          5 = HAIL
                        GRTST 24HR    T  ON 18-18  6 = FREEZING RAIN OR DRIZZLE
                        GRTST DEPTH:   0           7 = DUSTSTORM OR SANDSTORM:
                                                       VSBY 1/2 MILE OR LESS
                                                   8 = SMOKE OR HAZE
[NO. OF DAYS WITH]      [WEATHER - DAYS WITH]      9 = BLOWING SNOW
                                                   X = TORNADO
MAX 32 OR BELOW:   0    0.01 INCH OR MORE:  15
MAX 90 OR ABOVE:   0    0.10 INCH OR MORE:  11
MIN 32 OR BELOW:   2    0.50 INCH OR MORE:   6
MIN  0 OR BELOW:   0    1.00 INCH OR MORE:   1

[HDD (BASE 65) ]
TOTAL THIS MO.   289    CLEAR  (SCALE 0-3)  11
DPTR FM NORMAL    27    PTCLDY (SCALE 4-7)   8
TOTAL FM JUL 1  8202    CLOUDY (SCALE 8-10) 10
DPTR FM NORMAL  -516

[CDD (BASE 65) ]
TOTAL THIS MO.    15
DPTR FM NORMAL   -11    [PRESSURE DATA]
TOTAL FM JAN 1    15    HIGHEST SLP M ON M
DPTR FM NORMAL   -14    LOWEST  SLP 29.37 ON 17

[REMARKS]
