000
CXUS53 KMPX 291000
CF6FCM
PRELIMINARY LOCAL CLIMATOLOGICAL DATA (WS FORM: F-6)

                                          STATION:   MINNEAPOLIS FLYING CLOUD MN
                                          MONTH:     AUGUST
                                          YEAR:      2014
                                          LATITUDE:   44 49 N
                                          LONGITUDE:  93 27 W

  TEMPERATURE IN F:       :PCPN:    SNOW:  WIND      :SUNSHINE: SKY     :PK WND
================================================================================
1   2   3   4   5  6A  6B    7    8   9   10  11  12  13   14  15   16   17  18
                                     12Z  AVG MX 2MIN
DY MAX MIN AVG DEP HDD CDD  WTR  SNW DPTH SPD SPD DIR MIN PSBL S-S WX    SPD DR
================================================================================

 1  86  61  74   1   0   9 0.00    M    M  2.9 12 280   M    M   0 8      16 340
 2  88  62  75   2   0  10    T    M    M  3.9 16 350   M    M   2 138    20 360
 3  88  65  77   4   0  12 0.00    M    M  3.2 10 290   M    M   2 138    14 290
 4  82  65  74   2   0   9 0.00    M    M  4.9 13 320   M    M   1 18     16 320
 5  81  61  71  -1   0   6 0.00    M    M  4.7 13  40   M    M   1 18     17  40
 6  84  60  72   0   0   7 0.00    M    M  4.7 14 130   M    M   0        17 150
 7  85  62  74   2   0   9 0.00    M    M  6.1 15 150   M    M   2 18     21 140
 8  85  65  75   3   0  10 0.00    M    M  5.7 14 120   M    M   4 8      17 160
 9  80  67  74   2   0   9    T    M    M  6.0 14 130   M    M   5        17 120
10  85  68  77   5   0  12 0.04    M    M  5.4 13 170   M    M   6 1      17 180
11  79  62  71  -1   0   6 0.04    M    M  9.8 21 320   M    M   8 1      29 320
12  81  57  69  -3   0   4 0.00    M    M  7.9 17 310   M    M   0 1      23 330
13  85  59  72   0   0   7 0.00    M    M  4.6 13 310   M    M   2        16 310
14  82  60  71  -1   0   6 0.00    M    M  7.3 12 140   M    M   2        17 140
15  85  65  75   4   0  10 0.00    M    M  6.9 14 160   M    M   2        17 170
16  87  66  77   6   0  12 0.00    M    M  3.5 10 220   M    M   5 1      14 200
17  82  69  76   5   0  11 1.32    M    M  6.9 14  80   M    M   9 138    20  90
18  87  65  76   5   0  11 0.12    M    M  5.5 18 220   M    M   4 13     29 240
19  83  63  73   2   0   8 0.00    M    M  4.5 14 310   M    M   5 1      17 310
20  84  64  74   3   0   9 0.01    M    M  5.9 12 110   M    M   1 18     20 130
21  87  71  79   9   0  14 0.17    M    M  6.0 20  90   M    M   7 13     23  80
22  79  68  74   4   0   9 0.00    M    M  3.1 10 340   M    M   7 18     13  10
23  77  68  73   3   0   8 0.00    M    M  8.1 15 120   M    M   7 18     18 120
24  90  71  81  11   0  16 0.03    M    M 10.3 21 130   M    M   5 13     26 140
25  79  63  71   1   0   6 0.01    M    M  6.3 15 230   M    M   0 1      20 230
26  75  56  66  -3   0   1    T    M    M  5.0 14 330   M    M   1 8      18 330
27  79  60  70   1   0   5    T    M    M  3.9 10 170   M    M   3        14  70
28  72  61  67  -2   0   2 0.03    M    M  9.6 18 130   M    M   5 1      23 130
================================================================================
SM 2317 1784         0 238  1.77    M    162.6          M       96
================================================================================
AV 82.8 63.7                               5.8 FASTST   M    M   3    MAX(MPH)
                                 MISC ---->  # 21 320               # 29  320
================================================================================
NOTES:
# LAST OF SEVERAL OCCURRENCES

COLUMN 17 PEAK WIND IN M.P.H.

PRELIMINARY LOCAL CLIMATOLOGICAL DATA (WS FORM: F-6) , PAGE 2

                                          STATION:  MINNEAPOLIS FLYING CLOUD MN
                                          MONTH:    AUGUST
                                          YEAR:     2014
                                          LATITUDE:   44 49 N
                                          LONGITUDE:  93 27 W

[TEMPERATURE DATA]      [PRECIPITATION DATA]       SYMBOLS USED IN COLUMN 16

AVERAGE MONTHLY: 73.2   TOTAL FOR MONTH:   1.77    1 = FOG OR MIST
DPTR FM NORMAL:   2.0   DPTR FM NORMAL:   -2.16    2 = FOG REDUCING VISIBILITY
HIGHEST:    90 ON 24    GRTST 24HR  1.35 ON 17-18      TO 1/4 MILE OR LESS
LOWEST:     56 ON 26                               3 = THUNDER
                        SNOW, ICE PELLETS, HAIL    4 = ICE PELLETS
                        TOTAL MONTH:    M          5 = HAIL
                        GRTST 24HR    M  ON   M    6 = FREEZING RAIN OR DRIZZLE
                        GRTST DEPTH:  M  ON   M    7 = DUSTSTORM OR SANDSTORM:
                                                       VSBY 1/2 MILE OR LESS
                                                   8 = SMOKE OR HAZE
[NO. OF DAYS WITH]      [WEATHER - DAYS WITH]      9 = BLOWING SNOW
                                                   X = TORNADO
MAX 32 OR BELOW:   0    0.01 INCH OR MORE:   9
MAX 90 OR ABOVE:   1    0.10 INCH OR MORE:   3
MIN 32 OR BELOW:   0    0.50 INCH OR MORE:   1
MIN  0 OR BELOW:   0    1.00 INCH OR MORE:   1

[HDD (BASE 65) ]
TOTAL THIS MO.     0    CLEAR  (SCALE 0-3)  15
DPTR FM NORMAL    -3    PTCLDY (SCALE 4-7)  12
TOTAL FM JUL 1     5    CLOUDY (SCALE 8-10)  1
DPTR FM NORMAL    -2

[CDD (BASE 65) ]
TOTAL THIS MO.   238
DPTR FM NORMAL    54    [PRESSURE DATA]
TOTAL FM JAN 1   653    HIGHEST SLP M ON M
DPTR FM NORMAL     4    LOWEST  SLP 29.62 ON 18

[REMARKS]
