000
CXUS54 KOUN 290700
CF6FDR
PRELIMINARY LOCAL CLIMATOLOGICAL DATA (WS FORM: F-6)

                                          STATION:   FREDERICK MUNICIPAL
                                          MONTH:     MAY
                                          YEAR:      2017
                                          LATITUDE:   34 21 N
                                          LONGITUDE:  98 59 W

  TEMPERATURE IN F:       :PCPN:    SNOW:  WIND      :SUNSHINE: SKY     :PK WND
================================================================================
1   2   3   4   5  6A  6B    7    8   9   10  11  12  13   14  15   16   17  18
                                     12Z  AVG MX 2MIN
DY MAX MIN AVG DEP HDD CDD  WTR  SNW DPTH SPD SPD DIR MIN PSBL S-S WX    SPD DR
================================================================================

 1  78  37  58  -9   7   0 0.00  0.0    0  6.7 14 360   M    M   0 8      17  10
 2  89  49  69   1   0   4 0.00  0.0    0 12.2 25 150   M    M   0        31 150
 3  73  54  64  -4   1   0    T  0.0    0 19.7 33 360   M    M   3        40  10
 4  74  49  62  -6   3   0 0.00  0.0    0 16.5 26 350   M    M   0        32 350
 5  81  48  65  -3   0   0 0.00  0.0    0  7.2 13 310   M    M   0 8      21 350
 6  89  52  71   2   0   6 0.00  0.0    0  7.7 15 170   M    M   0        21 190
 7  92  56  74   5   0   9 0.00  0.0    0 13.7 25 140   M    M   0        31 140
 8  86  57  72   2   0   7 0.00  0.0    0 13.2 24 150   M    M   1        33 130
 9  87  62  75   5   0  10    T  0.0    0 12.6 26 170   M    M   7        32 170
10  85  64  75   5   0  10 0.03  0.0    0 15.5 54 330   M    M   7 1238   72 320
11  81  60  71   1   0   6 0.00  0.0    0 13.6 28 360   M    M   1 1      34 360
12  79  57  68  -3   0   3 0.00  0.0    0 13.0 25 360   M    M   1        31 360
13  84  53  69  -2   0   4 0.00  0.0    0  8.2 17 130   M    M   0        20 130
14  96  55  76   5   0  11 0.00  0.0    0 12.7 23 150   M    M   0        28 180
15  96  70  83  11   0  18 0.00  0.0    0 18.0 30 160   M    M   0        37 150
16  83  64  74   2   0   9 0.48  0.0    0 21.6 39 160   M    M   7 13     48 210
17  88  59  74   2   0   9    T  0.0    0 16.1 24 210   M    M   0 3      30 200
18  85  62  74   1   0   9 1.08  0.0    0 13.0 28 170   M    M   3 13     35 150
19  73  62  68  -5   0   3 0.08  0.0    0 10.6 26 110   M    M   3 13     32 100
20  77  55  66  -7   0   1 0.11  0.0    0 12.0 24 340   M    M   2 3      29 330
21  78  51  65  -9   0   0 0.00  0.0    0  9.0 18 130   M    M   0        22 130
22  76  57  67  -7   0   2 0.01  0.0    0  6.7 10 130   M    M   8 3       M  M
23  73  55  64 -10   1   0    T  0.0    0 13.7 25 350   M    M   5 8      33 350
24  81  49  65 -10   0   0 0.00  0.0    0  8.9 17 260   M    M   0        21 260
25  98  56  77   2   0  12 0.00  0.0    0 15.2 22 160   M    M   0        31 160
26  98  56  77   2   0  12 0.00  0.0    M 10.5 25 280   M    M   0 8      31 290
27 102  67  85   9   0  20 0.00  0.0    0 11.3 28  20   M    M   0 1      34  10
28  88  65  77   1   0  12 0.00  0.0    0 14.3 35  30   M    M   1        42  20
================================================================================
SM 2370 1581        12 177  1.79     0.0 353.4          M       49
================================================================================
AV 84.6 56.5                              12.6 FASTST   M    M   2    MAX(MPH)
                                 MISC ---->  # 54 330               # 72  320
================================================================================
NOTES:
# LAST OF SEVERAL OCCURRENCES

COLUMN 17 PEAK WIND IN M.P.H.

PRELIMINARY LOCAL CLIMATOLOGICAL DATA (WS FORM: F-6) , PAGE 2

                                          STATION:  FREDERICK MUNICIPAL
                                          MONTH:    MAY
                                          YEAR:     2017
                                          LATITUDE:   34 21 N
                                          LONGITUDE:  98 59 W

[TEMPERATURE DATA]      [PRECIPITATION DATA]       SYMBOLS USED IN COLUMN 16

AVERAGE MONTHLY: 70.6   TOTAL FOR MONTH:   1.79    1 = FOG OR MIST
DPTR FM NORMAL:  -1.0   DPTR FM NORMAL:   -1.60    2 = FOG REDUCING VISIBILITY
HIGHEST:   102 ON 27    GRTST 24HR  1.08 ON 18-18      TO 1/4 MILE OR LESS
LOWEST:     37 ON  1                               3 = THUNDER
                        SNOW, ICE PELLETS, HAIL    4 = ICE PELLETS
                        TOTAL MONTH:   0.0 INCH    5 = HAIL
                        GRTST 24HR     0.0         6 = FREEZING RAIN OR DRIZZLE
                        GRTST DEPTH:   0           7 = DUSTSTORM OR SANDSTORM:
                                                       VSBY 1/2 MILE OR LESS
                                                   8 = SMOKE OR HAZE
[NO. OF DAYS WITH]      [WEATHER - DAYS WITH]      9 = BLOWING SNOW
                                                   X = TORNADO
MAX 32 OR BELOW:   0    0.01 INCH OR MORE:   6
MAX 90 OR ABOVE:   6    0.10 INCH OR MORE:   3
MIN 32 OR BELOW:   0    0.50 INCH OR MORE:   1
MIN  0 OR BELOW:   0    1.00 INCH OR MORE:   1

[HDD (BASE 65) ]
TOTAL THIS MO.    12    CLEAR  (SCALE 0-3)  22
DPTR FM NORMAL    -8    PTCLDY (SCALE 4-7)   6
TOTAL FM JUL 1  2210    CLOUDY (SCALE 8-10)  0
DPTR FM NORMAL  -840

[CDD (BASE 65) ]
TOTAL THIS MO.   177
DPTR FM NORMAL   -29    [PRESSURE DATA]
TOTAL FM JAN 1   326    HIGHEST SLP M ON M
DPTR FM NORMAL    37    LOWEST  SLP 29.46 ON 25

[REMARKS]
