000
CXUS54 KOUN 270800
CF6FDR
PRELIMINARY LOCAL CLIMATOLOGICAL DATA (WS FORM: F-6)

                                          STATION:   FREDERICK MUNICIPAL
                                          MONTH:     AUGUST
                                          YEAR:      2015
                                          LATITUDE:   34 21 N
                                          LONGITUDE:  98 59 W

  TEMPERATURE IN F:       :PCPN:    SNOW:  WIND      :SUNSHINE: SKY     :PK WND
================================================================================
1   2   3   4   5  6A  6B    7    8   9   10  11  12  13   14  15   16   17  18
                                     12Z  AVG MX 2MIN
DY MAX MIN AVG DEP HDD CDD  WTR  SNW DPTH SPD SPD DIR MIN PSBL S-S WX    SPD DR
================================================================================

 1  86  74  80  -6   0  15 0.02  0.0    0  5.4 16 190   M    M   2 8      21 190
 2  95  72  84  -2   0  19 0.29  0.0    0 10.2 21 170   M    M   3 1      31 180
 3  89  69  79  -7   0  14 0.59  0.0    0  7.5 20 350   M    M   5 13     23 350
 4  94  72  83  -3   0  18 0.13  0.0    0 10.6 21 140   M    M   4 1      24 140
 5 103  72  88   3   0  23 0.00  0.0    0 10.3 20 230   M    M   0        24 230
 6 106  75  91   6   0  26 0.00  0.0    0 11.7 24 250   M    M   0        29 250
 7 104  75  90   5   0  25 0.00  0.0    0  9.1 18 160   M    M   0        23 160
 8 104  74  89   4   0  24 0.00  0.0    0 11.6 21 160   M    M   0        27 160
 9 105  73  89   4   0  24 0.00  0.0    0 11.5 21 210   M    M   0        25 190
10 102  73  88   3   0  23 0.00  0.0    0  9.7 20  60   M    M   0 8      25  70
11  97  77  87   2   0  22    T  0.0    0 10.5 18  60   M    M   2        23  70
12  90  72  81  -4   0  16 0.06  0.0    0  9.9 24  20   M    M   2 1      30 360
13  97  69  83  -2   0  18 0.00  0.0    0  8.3 15 110   M    M   1        21 120
14  89  74  82  -3   0  17 0.00  0.0    0 12.3 29 100   M    M   2        34  90
15  96  71  84   0   0  19 0.00  0.0    0  8.7 17 110   M    M   2        23  90
16  97  67  82  -2   0  17 0.00  0.0    0  8.0 16 120   M    M   0        22 100
17  99  69  84   0   0  19 0.00  0.0    0  9.0 17 200   M    M   1        24 160
18  99  78  89   5   0  24    T  0.0    0 14.3 25 220   M    M   1        34 220
19  85  61  73 -11   0   8 0.66  0.0    0 10.7 35 350   M    M   6 13     45 360
20  84  58  71 -13   0   6 0.00  0.0    0  6.7 16 120   M    M   3 1      22 120
21  93  71  82  -1   0  17 0.00  0.0    0 13.8 22 140   M    M   5        26 150
22 100  74  87   4   0  22 0.00  0.0    0 14.0 24 170   M    M   0        32 200
23  89  69  79  -4   0  14 0.00  0.0    0 11.1 26  20   M    M   1 3      33  10
24  94  66  80  -3   0  15 0.00  0.0    0  7.8 17  60   M    M   1        20  70
25  97  67  82   0   0  17 0.15  0.0    0  7.9 24  40   M    M   2 3      33  30
26  97  69  83   1   0  18 0.00  0.0    0  7.1 12 150   M    M   0        15 160
================================================================================
SM 2491 1841         0 480  1.90     0.0 257.7          M       43
================================================================================
AV 95.8 70.8                               9.9 FASTST   M    M   2    MAX(MPH)
                                 MISC ---->  # 35 350               # 45  360
================================================================================
NOTES:
# LAST OF SEVERAL OCCURRENCES

COLUMN 17 PEAK WIND IN M.P.H.

PRELIMINARY LOCAL CLIMATOLOGICAL DATA (WS FORM: F-6) , PAGE 2

                                          STATION:  FREDERICK MUNICIPAL
                                          MONTH:    AUGUST
                                          YEAR:     2015
                                          LATITUDE:   34 21 N
                                          LONGITUDE:  98 59 W

[TEMPERATURE DATA]      [PRECIPITATION DATA]       SYMBOLS USED IN COLUMN 16

AVERAGE MONTHLY: 83.3   TOTAL FOR MONTH:   1.90    1 = FOG OR MIST
DPTR FM NORMAL:  -1.1   DPTR FM NORMAL:    0.14    2 = FOG REDUCING VISIBILITY
HIGHEST:   106 ON  6    GRTST 24HR  0.68 ON  3- 4      TO 1/4 MILE OR LESS
LOWEST:     58 ON 20                               3 = THUNDER
                        SNOW, ICE PELLETS, HAIL    4 = ICE PELLETS
                        TOTAL MONTH:   0.0 INCH    5 = HAIL
                        GRTST 24HR     0.0         6 = FREEZING RAIN OR DRIZZLE
                        GRTST DEPTH:   0           7 = DUSTSTORM OR SANDSTORM:
                                                       VSBY 1/2 MILE OR LESS
                                                   8 = SMOKE OR HAZE
[NO. OF DAYS WITH]      [WEATHER - DAYS WITH]      9 = BLOWING SNOW
                                                   X = TORNADO
MAX 32 OR BELOW:   0    0.01 INCH OR MORE:   7
MAX 90 OR ABOVE:  20    0.10 INCH OR MORE:   5
MIN 32 OR BELOW:   0    0.50 INCH OR MORE:   2
MIN  0 OR BELOW:   0    1.00 INCH OR MORE:   0

[HDD (BASE 65) ]
TOTAL THIS MO.     0    CLEAR  (SCALE 0-3)  21
DPTR FM NORMAL     0    PTCLDY (SCALE 4-7)   5
TOTAL FM JUL 1     0    CLOUDY (SCALE 8-10)  0
DPTR FM NORMAL     0

[CDD (BASE 65) ]
TOTAL THIS MO.   480
DPTR FM NORMAL   -23    [PRESSURE DATA]
TOTAL FM JAN 1  1809    HIGHEST SLP M ON M
DPTR FM NORMAL   -78    LOWEST  SLP 29.62 ON 18

[REMARKS]
