000
CXUS52 KFFC 261110
CF6FFC
PRELIMINARY LOCAL CLIMATOLOGICAL DATA (WS FORM: F-6)

                                          STATION:   PEACHTREE CITY
                                          MONTH:     MAY
                                          YEAR:      2016
                                          LATITUDE:   33 20 N
                                          LONGITUDE:  84 34 W

  TEMPERATURE IN F:       :PCPN:    SNOW:  WIND      :SUNSHINE: SKY     :PK WND
================================================================================
1   2   3   4   5  6A  6B    7    8   9   10  11  12  13   14  15   16   17  18
                                     12Z  AVG MX 2MIN
DY MAX MIN AVG DEP HDD CDD  WTR  SNW DPTH SPD SPD DIR MIN PSBL S-S WX    SPD DR
================================================================================

 1  83  62  73   8   0   8    T  0.0    M  2.8 13 300   M    M   3 13     16 310
 2  83  62  73   8   0   8    T  0.0    M  3.6 13 240   M    M   2 1      21 240
 3  76  59  68   3   0   3    T  0.0    M  5.7 14 320   M    M   7        18 310
 4  71  51  61  -5   4   0 0.04  0.0    M  7.7 22 350   M    M   3 1      31 360
 5  67  49  58  -8   7   0    T    M    M 11.1 20 320   0    0   0        30 290
 6  72  45  59  -7   6   0 0.00    M    M  9.9 26 340   M    M   1        34 340
 7  80  43  62  -5   3   0 0.00    M    M  4.8 15 300   M    M   0        21 270
 8  86  51  69   2   0   4 0.00    M    M  3.6 13 290   M    M   0        18 290
 9  77  56  67   0   0   2 0.00    M    M  2.4 15 270   M    M   0        19 280
10  81  60  71   4   0   6 0.00  0.0    M  3.1 14 170   M    M   3        19 180
11  86  57  72   4   0   7 0.00  0.0    M  2.4 10 280   M    M   1 1      13 280
12  86  61  74   6   0   9 0.26  0.0    0  2.0 23 270   M    M   1 138    35 260
13  79  54  67  -1   0   2    T  0.0    0  6.9 16 310   M    M   1        23 320
14  82  49  66  -3   0   1 0.00  0.0    M  8.2 21 290   M    M   0        29 290
15  72  50  61  -8   4   0 0.00    M    M  8.4 15 350   M    M   0        25 340
16  77  46  62  -7   3   0 0.00    M    M  2.9 14  80   M    M   4        19  80
17  72  60  66  -3   0   1 0.15    M    M  5.8 14  50   M    M   8 1      19  90
18  80  65  73   3   0   8 0.06  0.0    M  2.7  9 250   M    M   7 1      12 270
19  83  64  74   4   0   9 0.03  0.0    M  4.6 13 100   M    M   6 13     18  90
20  72  62  67  -3   0   2    T    M    M  6.9 10 120   M    M  10 1       M  M
21  83  62  73   3   0   8 0.02    M    M  5.6 20 320   M    M   6 1      27 300
22  79  53  66  -5   0   1 0.00    M    M  9.7 22 330   M    M   0        28 330
23  84  49  67  -4   0   2 0.00    M    M  4.1 14 310   M    M   1        23 360
24  86  54  70  -1   0   5 0.00    M    M  1.6 10 300   M    M   2 1      14 270
25  88  55  72   1   0   7 0.00    M    M  2.4 14 140   M    M   0 1      23 130
================================================================================
SM 1985 1379        27  93  0.56     0.0 128.9            0     66
================================================================================
AV 79.4 55.2                               5.2 FASTST    0   0   3    MAX(MPH)
                                 MISC ---->  # 26 340               # 35  260
================================================================================
NOTES:
# LAST OF SEVERAL OCCURRENCES

COLUMN 17 PEAK WIND IN M.P.H.

PRELIMINARY LOCAL CLIMATOLOGICAL DATA (WS FORM: F-6) , PAGE 2

                                          STATION:  PEACHTREE CITY
                                          MONTH:    MAY
                                          YEAR:     2016
                                          LATITUDE:   33 20 N
                                          LONGITUDE:  84 34 W

[TEMPERATURE DATA]      [PRECIPITATION DATA]       SYMBOLS USED IN COLUMN 16

AVERAGE MONTHLY: 67.3   TOTAL FOR MONTH:   0.56    1 = FOG OR MIST
DPTR FM NORMAL:  -0.9   DPTR FM NORMAL:   -1.99    2 = FOG REDUCING VISIBILITY
HIGHEST:    88 ON 25    GRTST 24HR  0.33 ON 30- 1      TO 1/4 MILE OR LESS
LOWEST:     43 ON  7                               3 = THUNDER
                        SNOW, ICE PELLETS, HAIL    4 = ICE PELLETS
                        TOTAL MONTH:   0.0 INCH    5 = HAIL
                        GRTST 24HR     0.0         6 = FREEZING RAIN OR DRIZZLE
                        GRTST DEPTH:   0           7 = DUSTSTORM OR SANDSTORM:
                                                       VSBY 1/2 MILE OR LESS
                                                   8 = SMOKE OR HAZE
[NO. OF DAYS WITH]      [WEATHER - DAYS WITH]      9 = BLOWING SNOW
                                                   X = TORNADO
MAX 32 OR BELOW:   0    0.01 INCH OR MORE:   6
MAX 90 OR ABOVE:   0    0.10 INCH OR MORE:   2
MIN 32 OR BELOW:   0    0.50 INCH OR MORE:   0
MIN  0 OR BELOW:   0    1.00 INCH OR MORE:   0

[HDD (BASE 65) ]
TOTAL THIS MO.    27    CLEAR  (SCALE 0-3)  17
DPTR FM NORMAL    -4    PTCLDY (SCALE 4-7)   6
TOTAL FM JUL 1  2319    CLOUDY (SCALE 8-10)  2
DPTR FM NORMAL  -631

[CDD (BASE 65) ]
TOTAL THIS MO.    93
DPTR FM NORMAL   -15    [PRESSURE DATA]
TOTAL FM JAN 1   142    HIGHEST SLP  0.00 ON  5
DPTR FM NORMAL    -2    LOWEST  SLP 29.67 ON  4

[REMARKS]
