000
CXUS53 KLMK 310800
CF6FFT
PRELIMINARY LOCAL CLIMATOLOGICAL DATA (WS FORM: F-6)

                                          STATION:   FRANKFORT KY
                                          MONTH:     AUGUST
                                          YEAR:      2015
                                          LATITUDE:   38 10 N
                                          LONGITUDE:  84 54 W

  TEMPERATURE IN F:       :PCPN:    SNOW:  WIND      :SUNSHINE: SKY     :PK WND
================================================================================
1   2   3   4   5  6A  6B    7    8   9   10  11  12  13   14  15   16   17  18
                                     12Z  AVG MX 2MIN
DY MAX MIN AVG DEP HDD CDD  WTR  SNW DPTH SPD SPD DIR MIN PSBL S-S WX    SPD DR
================================================================================

 1  85  63  74  -2   0   9 0.00    M    M  3.7 13 340   M    M   0        17 290
 2  87  60  74  -2   0   9 0.00    M    M  3.7 10 230   M    M   0        13 230
 3  89  64  77   1   0  12 0.02    M    M  7.8 22  60   M    M   2 3      32  40
 4  87  67  77   1   0  12 1.25    M    M  3.6 25 250   M    M   5 13     34 270
 5  87  65  76   0   0  11 0.01    M    M  2.9 23 230   M    M   1 1      29 240
 6  77  66  72  -4   0   7 0.95    M    M  6.5 14  50   M    M  10 18     20  30
 7  83  63  73  -3   0   8 0.00    M    M  3.0  7 280   M    M   8 1      10 280
 8  84  63  74  -2   0   9 0.00    M    M  1.5  7 340   M    M   2 1      10 280
 9  84  64  74  -2   0   9    T    M    M  2.0 10 160   M    M   1 18     14 110
10  85  71  78   2   0  13 0.02    M    M  6.4 21 230   M    M   5 3      28 230
11  83  67  75  -1   0  10 0.00    M    M  5.1 15 330   M    M   3 18     19 330
12  81  61  71  -5   0   6 0.00    M    M  4.5 14 340   M    M   1        19 360
13  82  57  70  -6   0   5 0.00    M    M  2.2  9  10   M    M   1        14  60
14  84  58  71  -5   0   6 0.00    M    M  2.0  8  40   M    M   0        11  70
15  87  58  73  -3   0   8 0.00    M    M  2.2 17 340   M    M   1        22 330
16  89  62  76   0   0  11 0.00    M    M  1.9  8  80   M    M   1         9  80
17  78  69  74  -1   0   9 0.01    M    M  2.9 12 200   0    0   0        14 210
18  85  67  76   1   0  11 0.00    M    M  4.1 13 220   M    M   5 1      16 170
19  87  71  79   4   0  14 0.06    M    M  9.0 18 200   M    M   4 13     24 200
20  78  58  68  -7   0   3 0.61    M    M  4.5 16 200   M    M   4 1      21 200
21  79  54  67  -8   0   2 0.00    M    M  2.3 10  40   M    M   1 12     14 100
22  83  56  70  -5   0   5 0.00    M    M  2.6 12 100   M    M   0        14 110
23  87  66  77   2   0  12    T    M    M  3.9 13 230   M    M   3 3      16 220
24  78  58  68  -7   0   3 0.00    M    M  5.5 15 320   M    M   1        21 310
25  76  53  65  -9   0   0 0.00    M    M  3.8 14 330   M    M   1        17 310
26  77  51  64 -10   1   0 0.00    M    M  2.5 10  30   M    M   2        13  70
27  78  54  66  -8   0   1 0.00    M    M  4.3 13  80   M    M   4 1      17  50
28  83  52  68  -6   0   3 0.00    M    M  3.2 10 100   M    M   0        14  60
29  88  62  75   1   0  10 0.00    M    M  5.8 16 220   M    M   2        20 210
30  87  67  77   4   0  12 0.08    M    M  6.0 15 220   M    M   4 1      20 200
================================================================================
SM 2498 1847         1 230  3.01    M    119.4            0     72
================================================================================
AV 83.3 61.6                               4.0 FASTST    0   0   2    MAX(MPH)
                                 MISC ---->  # 25 250               # 34  270
================================================================================
NOTES:
# LAST OF SEVERAL OCCURRENCES

COLUMN 17 PEAK WIND IN M.P.H.

PRELIMINARY LOCAL CLIMATOLOGICAL DATA (WS FORM: F-6) , PAGE 2

                                          STATION:  FRANKFORT KY
                                          MONTH:    AUGUST
                                          YEAR:     2015
                                          LATITUDE:   38 10 N
                                          LONGITUDE:  84 54 W

[TEMPERATURE DATA]      [PRECIPITATION DATA]       SYMBOLS USED IN COLUMN 16

AVERAGE MONTHLY: 72.4   TOTAL FOR MONTH:   3.01    1 = FOG OR MIST
DPTR FM NORMAL:  -2.9   DPTR FM NORMAL:   -0.24    2 = FOG REDUCING VISIBILITY
HIGHEST:    89 ON 16, 3 GRTST 24HR  1.26 ON  4- 5      TO 1/4 MILE OR LESS
LOWEST:     51 ON 26                               3 = THUNDER
                        SNOW, ICE PELLETS, HAIL    4 = ICE PELLETS
                        TOTAL MONTH:    M          5 = HAIL
                        GRTST 24HR    M  ON   M    6 = FREEZING RAIN OR DRIZZLE
                        GRTST DEPTH:  M  ON   M    7 = DUSTSTORM OR SANDSTORM:
                                                       VSBY 1/2 MILE OR LESS
                                                   8 = SMOKE OR HAZE
[NO. OF DAYS WITH]      [WEATHER - DAYS WITH]      9 = BLOWING SNOW
                                                   X = TORNADO
MAX 32 OR BELOW:   0    0.01 INCH OR MORE:   9
MAX 90 OR ABOVE:   0    0.10 INCH OR MORE:   3
MIN 32 OR BELOW:   0    0.50 INCH OR MORE:   3
MIN  0 OR BELOW:   0    1.00 INCH OR MORE:   1

[HDD (BASE 65) ]
TOTAL THIS MO.     1    CLEAR  (SCALE 0-3)  20
DPTR FM NORMAL     1    PTCLDY (SCALE 4-7)   8
TOTAL FM JUL 1     1    CLOUDY (SCALE 8-10)  2
DPTR FM NORMAL     1

[CDD (BASE 65) ]
TOTAL THIS MO.   230
DPTR FM NORMAL   -79    [PRESSURE DATA]
TOTAL FM JAN 1  1029    HIGHEST SLP  0.00 ON 17
DPTR FM NORMAL    35    LOWEST  SLP  0.00 ON 17

[REMARKS]
