000
CXUS53 KFGF 220915
CF6FGF
PRELIMINARY LOCAL CLIMATOLOGICAL DATA (WS FORM: F-6)

                                          STATION:   GRAND FORKS UNIV. (NWS) ND
                                          MONTH:     FEBRUARY
                                          YEAR:      2018
                                          LATITUDE:   47 55 N
                                          LONGITUDE:  97  6 W

  TEMPERATURE IN F:       :PCPN:    SNOW:  WIND      :SUNSHINE: SKY     :PK WND
================================================================================
1   2   3   4   5  6A  6B    7    8   9   10  11  12  13   14  15   16   17  18
                                     12Z  AVG MX 2MIN
DY MAX MIN AVG DEP HDD CDD  WTR  SNW DPTH SPD SPD DIR MIN PSBL S-S WX    SPD DR
================================================================================

 1   3 -10  -3 -12  68   0 0.00  0.0    5   M   M   M   M    M   M         M  M
 2  10  -9   1  -9  64   0 0.01  0.4    5   M   M   M   M    M   M         M  M
 3   3 -14  -5 -15  70   0 0.14  1.6    7   M   M   M   M    M   M 9       M  M
 4   4 -17  -6 -16  71   0 0.00  0.0    7   M   M   M   M    M   M         M  M
 5   9 -10   0 -10  65   0 0.00  0.0    7   M   M   M   M    M   M         M  M
 6   7 -13  -3 -14  68   0 0.01  0.4    7   M   M   M   M    M   M         M  M
 7   6 -13  -3 -14  68   0 0.00  0.0    7   M   M   M   M    M   M         M  M
 8   5 -13  -4 -15  69   0 0.00  0.0    7   M   M   M   M    M   M         M  M
 9   6 -16  -5 -17  70   0 0.00  0.0    7   M   M   M   M    M   M         M  M
10   8  -8   0 -12  65   0 0.00  0.0    7   M   M   M   M    M   M         M  M
11  15  -9   3  -9  62   0    T    T    7   M   M   M   M    M   M         M  M
12   1 -19  -9 -21  74   0    T  0.1    7   M   M   M   M    M   M         M  M
13  23   1  12  -1  53   0    T    T    7   M   M   M   M    M   M         M  M
14  40  14  27  14  38   0    T    T    7   M   M   M   M    M   M         M  M
15  26  -2  12  -2  53   0 0.02  0.4    6   M   M   M   M    M   M         M  M
16  25  -2  12  -2  53   0 0.00  0.0    6   M   M   M   M    M   M         M  M
17  23   7  15   1  50   0 0.00  0.0    6   M   M   M   M    M   M         M  M
18  14   5  10  -5  55   0 0.10  3.6    6   M   M   M   M    M   M 19      M  M
19   7  -2   3 -12  62   0    T    T    9   M   M   M   M    M   M         M  M
20  12   0   6  -9  59   0 0.06  0.9    8   M   M   M   M    M   M         M  M
21  12  -3   5 -11  60   0 0.00  0.0    8   M   M   M   M    M   M         M  M
================================================================================
SM  259 -133      1297   0  0.34     7.4     M          M        M
================================================================================
AV 12.3 -6.3                                 M FASTST   M    M   3    MAX(MPH)
                                 MISC ---->     M   M                  M    M
================================================================================
NOTES:
# LAST OF SEVERAL OCCURRENCES

COLUMN 17 PEAK WIND IN M.P.H.

PRELIMINARY LOCAL CLIMATOLOGICAL DATA (WS FORM: F-6) , PAGE 2

                                          STATION:  GRAND FORKS UNIV. (NWS) ND
                                          MONTH:    FEBRUARY
                                          YEAR:     2018
                                          LATITUDE:   47 55 N
                                          LONGITUDE:  97  6 W

[TEMPERATURE DATA]      [PRECIPITATION DATA]       SYMBOLS USED IN COLUMN 16

AVERAGE MONTHLY:  3.0   TOTAL FOR MONTH:   0.34    1 = FOG OR MIST
DPTR FM NORMAL:  -9.3   DPTR FM NORMAL:   -0.06    2 = FOG REDUCING VISIBILITY
HIGHEST:    40 ON 14    GRTST 24HR  0.14 ON  3- 3      TO 1/4 MILE OR LESS
LOWEST:    -19 ON 12                               3 = THUNDER
                        SNOW, ICE PELLETS, HAIL    4 = ICE PELLETS
                        TOTAL MONTH:   7.4 INCHES  5 = HAIL
                        GRTST 24HR   3.6 ON   M    6 = FREEZING RAIN OR DRIZZLE
                        GRTST DEPTH:   9 ON 19     7 = DUSTSTORM OR SANDSTORM:
                                                       VSBY 1/2 MILE OR LESS
                                                   8 = SMOKE OR HAZE
[NO. OF DAYS WITH]      [WEATHER - DAYS WITH]      9 = BLOWING SNOW
                                                   X = TORNADO
MAX 32 OR BELOW:  20    0.01 INCH OR MORE:   6
MAX 90 OR ABOVE:   0    0.10 INCH OR MORE:   2
MIN 32 OR BELOW:  21    0.50 INCH OR MORE:   0
MIN  0 OR BELOW:  17    1.00 INCH OR MORE:   0

[HDD (BASE 65) ]
TOTAL THIS MO.  1297    CLEAR  (SCALE 0-3)   0
DPTR FM NORMAL   190    PTCLDY (SCALE 4-7)   0
TOTAL FM JUL 1  6625    CLOUDY (SCALE 8-10)  0
DPTR FM NORMAL     0

[CDD (BASE 65) ]
TOTAL THIS MO.     0
DPTR FM NORMAL     0    [PRESSURE DATA]
TOTAL FM JAN 1     0    HIGHEST SLP M ON M
DPTR FM NORMAL     0    LOWEST  SLP M ON M

[REMARKS]
