000
CXUS53 KARX 290930
CF6FKA
PRELIMINARY LOCAL CLIMATOLOGICAL DATA (WS FORM: F-6)

                                          STATION:   PRESTON MN
                                          MONTH:     AUGUST
                                          YEAR:      2016
                                          LATITUDE:   43 40 N
                                          LONGITUDE:  92 11 W

  TEMPERATURE IN F:       :PCPN:    SNOW:  WIND      :SUNSHINE: SKY     :PK WND
================================================================================
1   2   3   4   5  6A  6B    7    8   9   10  11  12  13   14  15   16   17  18
                                     12Z  AVG MX 2MIN
DY MAX MIN AVG DEP HDD CDD  WTR  SNW DPTH SPD SPD DIR MIN PSBL S-S WX    SPD DR
================================================================================

 1  81  64  73   M   0   8 0.00  0.0    0  7.3 14 140   M    M   5        21 140
 2  83  66  75   M   0  10 0.00  0.0    0  5.0 13 180   M    M   4 12      M  M
 3  86  67  77   M   0  12 0.00  0.0    0  3.6  8 170   M    M   3 123     M  M
 4  84  63  74   M   0   9 1.02  0.0    0  8.7 16 190   M    M   5 13     25  20
 5  74  59  67   M   0   2 0.00  0.0    0  8.4 12 320   M    M   3        18 330
 6  76  56  66   M   0   1 0.00  0.0    0  5.7 10 350   M    M   1        20 350
 7  77  59  68   M   0   3 0.00  0.0    0  2.0  5 150   M    M   1         M  M
 8  79  57  68   M   0   3 0.00  0.0    0  5.1 12 160   M    M   2 1      17 140
 9  82  64  73   M   0   8 0.00  0.0    0  5.9 12 210   M    M   5        16 210
10  86  67  77   M   0  12 0.00  0.0    0  6.8 13 170   M    M   4 12     20 170
11  82  68  75   M   0  10 0.38  0.0    0  8.4 17 170   M    M   3 3      28 230
12  78  66  72   M   0   7 0.24  0.0    0  4.4 13 330   M    M  10         M  M
13  77  64  71   M   0   6 0.00  0.0    0  8.3 13 300   M    M   5        22 300
14  77  60  69   M   0   4 0.00  0.0    0  4.8 10 330   M    M   1         M  M
15  78  56  67   M   0   2 0.00  0.0    0  2.0  7 130   M    M   1         M  M
16  82  62  72   M   0   7 0.05  0.0    0  4.7 10 200   M    M   5 13      M  M
17  82  60  71   M   0   6 0.00  0.0    0  2.9  7 190   M    M   3 1       M  M
18  84  63  74   M   0   9    M  0.0    0  6.1 13 260   M    M   4 123    28 260
19  72  65  69   M   0   4    M  0.0    0  5.3 15 290   M    M   7 3       M  M
20  67  55  61   M   4   0 0.02  0.0    0  9.1 16 320   M    M   7 1      27 330
21  69  53  61   M   4   0 0.00  0.0    0  8.5 13 320   M    M   2         M  M
22  77  54  66   M   0   1 0.00  0.0    0 12.5 22 190   M    M   1        30 200
23  79  61  70   M   0   5 1.43  0.0    0 11.2 18 140   M    M   3 3      28 150
24  79  63  71   M   0   6 0.11  0.0    0  7.5 13 150   M    M   5 13     16 320
25  75  57  66   M   0   1 0.00  0.0    0  7.3 12 260   M    M   0        17 260
26  70  53  62   M   3   0 0.04  0.0    0  2.7  6 120   M    M   2         M  M
27  70  59  65   M   0   0 0.00  0.0    0  4.9  9 120   M    M   9 1       M  M
28  82  60  71   M   0   6 0.00  0.0    0  4.5 10 150   M    M   5 12      M  M
================================================================================
SM 2188 1701        11 142  3.29     0.0 173.6          M      106
================================================================================
AV 78.1 60.8                               6.2 FASTST   M    M   4    MAX(MPH)
                                 MISC ---->    22   M                 30    M
================================================================================
NOTES:
# LAST OF SEVERAL OCCURRENCES

COLUMN 17 PEAK WIND IN M.P.H.

PRELIMINARY LOCAL CLIMATOLOGICAL DATA (WS FORM: F-6) , PAGE 2

                                          STATION:  PRESTON MN
                                          MONTH:    AUGUST
                                          YEAR:     2016
                                          LATITUDE:   43 40 N
                                          LONGITUDE:  92 11 W

[TEMPERATURE DATA]      [PRECIPITATION DATA]       SYMBOLS USED IN COLUMN 16

AVERAGE MONTHLY: 69.4   TOTAL FOR MONTH:   3.29    1 = FOG OR MIST
DPTR FM NORMAL:     M   DPTR FM NORMAL:       M    2 = FOG REDUCING VISIBILITY
HIGHEST:    86 ON 10, 3 GRTST 24HR  1.43 ON 23-23      TO 1/4 MILE OR LESS
LOWEST:     53 ON 26,21                            3 = THUNDER
                        SNOW, ICE PELLETS, HAIL    4 = ICE PELLETS
                        TOTAL MONTH:   0.0 INCH    5 = HAIL
                        GRTST 24HR     0.0         6 = FREEZING RAIN OR DRIZZLE
                        GRTST DEPTH:   0           7 = DUSTSTORM OR SANDSTORM:
                                                       VSBY 1/2 MILE OR LESS
                                                   8 = SMOKE OR HAZE
[NO. OF DAYS WITH]      [WEATHER - DAYS WITH]      9 = BLOWING SNOW
                                                   X = TORNADO
MAX 32 OR BELOW:   0    0.01 INCH OR MORE:   8
MAX 90 OR ABOVE:   0    0.10 INCH OR MORE:   5
MIN 32 OR BELOW:   0    0.50 INCH OR MORE:   2
MIN  0 OR BELOW:   0    1.00 INCH OR MORE:   2

[HDD (BASE 65) ]
TOTAL THIS MO.    11    CLEAR  (SCALE 0-3)  14
DPTR FM NORMAL     M    PTCLDY (SCALE 4-7)  12
TOTAL FM JUL 1    17    CLOUDY (SCALE 8-10)  2
DPTR FM NORMAL     M

[CDD (BASE 65) ]
TOTAL THIS MO.   142
DPTR FM NORMAL     M    [PRESSURE DATA]
TOTAL FM JAN 1   480    HIGHEST SLP M ON M
DPTR FM NORMAL     M    LOWEST  SLP M ON M

[REMARKS]
