000
CXUS53 KARX 010930
CF6FKA
PRELIMINARY LOCAL CLIMATOLOGICAL DATA (WS FORM: F-6)

                                          STATION:   PRESTON MN
                                          MONTH:     SEPTEMBER
                                          YEAR:      2016
                                          LATITUDE:   43 40 N
                                          LONGITUDE:  92 11 W

  TEMPERATURE IN F:       :PCPN:    SNOW:  WIND      :SUNSHINE: SKY     :PK WND
================================================================================
1   2   3   4   5  6A  6B    7    8   9   10  11  12  13   14  15   16   17  18
                                     12Z  AVG MX 2MIN
DY MAX MIN AVG DEP HDD CDD  WTR  SNW DPTH SPD SPD DIR MIN PSBL S-S WX    SPD DR
================================================================================

 1  72  51  62   M   3   0 0.00  0.0    0  4.6 10  80   M    M   2        17  60
 2  73  50  62   M   3   0 0.00  0.0    0  4.0  7 140   M    M   0         M  M
 3  73  53  63   M   2   0 0.00  0.0    0  8.1 17 160   M    M   3        22 160
 4  76  57  67   M   0   2 0.00  0.0    0 10.8 18 160   M    M   2        24 170
 5  83  64  74   M   0   9 0.33  0.0    0 10.5 15 170   M    M   4 3      24 170
 6  82  67  75   M   0  10 1.17  0.0    0  7.1 16 220   M    M   7 3      22 220
 7  74  64  69   M   0   4 1.06  0.0    0  4.2  9 170   M    M   6 123     M  M
 8  75  57  66   M   0   1 0.00  0.0    0  6.3 13 300   M    M   3 1      16 290
 9  70  58  64   M   1   0 1.03  0.0    0  6.4 16 340   M    M   7 3      22 340
10  67  52  60   M   5   0 0.04  0.0    0 11.0 18 320   M    M   4        29 310
11  74  49  62   M   3   0 0.00  0.0    0 11.1 21 190   M    M   0        28 190
12  80  55  68   M   0   3    M  0.0    0 11.8 20 180   M    M   3 3      27 180
13  66  54  60   M   5   0    M  0.0    0  8.7 14 350   M    M   6 1      17 350
14  69  49  59   M   6   0 0.00  0.0    0  4.4  8 130   M    M   2 8       M  M
15  75  54  65   M   0   0 0.85  0.0    0  8.6 17 150   M    M   5 3      21 150
16  74  60  67   M   0   2 0.02  0.0    0  6.5 12 310   M    M   5         M  M
17  65  54  60   M   5   0 0.00  0.0    0  8.6 13 290   M    M   4        17 290
18  81  51  66   M   0   1 0.00  0.0    0  9.7 17 200   M    M   2        24 200
19  74  58  66   M   0   1 0.00  0.0    0  7.5 14  10   M    M   2 8      18 210
20  80  53  67   M   0   2 0.00  0.0    0  6.7 17 140   M    M   1 3       M  M
21  77  62  70   M   0   5 2.03  0.0    0 11.9 25  90   M    M   7 3      36  90
22  72  61  67   M   0   2 0.73  0.0    0  6.9 15 130   M    M   8 3      22  50
23  66  59  63   M   2   0 0.00  0.0    0  8.6 12  80   M    M  10 13     17  80
24  68  61  65   M   0   0 0.00  0.0    0  9.8 13 130   M    M  10 18     21 130
25  68  51  60   M   5   0 0.04  0.0    0 12.0 22 270   M    M   8 1      27 270
26  65  47  56   M   9   0 0.00  0.0    0 16.4 30 290   M    M   0        41 280
27  63  43  53   M  12   0 0.00  0.0    0 14.8 25 300   M    M   3        32 300
28  62  46  54   M  11   0 0.00  0.0    0 11.3 17 360   M    M   9 1      23 360
29  67  46  57   M   8   0 0.00  0.0    0  7.5 12  30   M    M   2 1       M  M
30  67  48  58   M   7   0 0.00  0.0    0  6.7 12  80   M    M   6        16  40
================================================================================
SM 2158 1634        87  42  7.30     0.0 262.5          M      131
================================================================================
AV 71.9 54.5                               8.8 FASTST   M    M   4    MAX(MPH)
                                 MISC ---->    30   M                 41    M
================================================================================
NOTES:
# LAST OF SEVERAL OCCURRENCES

COLUMN 17 PEAK WIND IN M.P.H.

PRELIMINARY LOCAL CLIMATOLOGICAL DATA (WS FORM: F-6) , PAGE 2

                                          STATION:  PRESTON MN
                                          MONTH:    SEPTEMBER
                                          YEAR:     2016
                                          LATITUDE:   43 40 N
                                          LONGITUDE:  92 11 W

[TEMPERATURE DATA]      [PRECIPITATION DATA]       SYMBOLS USED IN COLUMN 16

AVERAGE MONTHLY: 63.2   TOTAL FOR MONTH:   7.30    1 = FOG OR MIST
DPTR FM NORMAL:     M   DPTR FM NORMAL:       M    2 = FOG REDUCING VISIBILITY
HIGHEST:    83 ON  5    GRTST 24HR  2.03 ON 21-21      TO 1/4 MILE OR LESS
LOWEST:     43 ON 27                               3 = THUNDER
                        SNOW, ICE PELLETS, HAIL    4 = ICE PELLETS
                        TOTAL MONTH:   0.0 INCH    5 = HAIL
                        GRTST 24HR     0.0         6 = FREEZING RAIN OR DRIZZLE
                        GRTST DEPTH:   0           7 = DUSTSTORM OR SANDSTORM:
                                                       VSBY 1/2 MILE OR LESS
                                                   8 = SMOKE OR HAZE
[NO. OF DAYS WITH]      [WEATHER - DAYS WITH]      9 = BLOWING SNOW
                                                   X = TORNADO
MAX 32 OR BELOW:   0    0.01 INCH OR MORE:  10
MAX 90 OR ABOVE:   0    0.10 INCH OR MORE:   7
MIN 32 OR BELOW:   0    0.50 INCH OR MORE:   6
MIN  0 OR BELOW:   0    1.00 INCH OR MORE:   4

[HDD (BASE 65) ]
TOTAL THIS MO.    87    CLEAR  (SCALE 0-3)  14
DPTR FM NORMAL     M    PTCLDY (SCALE 4-7)  12
TOTAL FM JUL 1   104    CLOUDY (SCALE 8-10)  4
DPTR FM NORMAL     M

[CDD (BASE 65) ]
TOTAL THIS MO.    42
DPTR FM NORMAL     M    [PRESSURE DATA]
TOTAL FM JAN 1   534    HIGHEST SLP M ON M
DPTR FM NORMAL     M    LOWEST  SLP M ON M

[REMARKS]
#FINAL-09-16#
