000
CXUS53 KARX 300930
CF6FKA
PRELIMINARY LOCAL CLIMATOLOGICAL DATA (WS FORM: F-6)

                                          STATION:   PRESTON MN
                                          MONTH:     SEPTEMBER
                                          YEAR:      2014
                                          LATITUDE:   43 40 N
                                          LONGITUDE:  92 11 W

  TEMPERATURE IN F:       :PCPN:    SNOW:  WIND      :SUNSHINE: SKY     :PK WND
================================================================================
1   2   3   4   5  6A  6B    7    8   9   10  11  12  13   14  15   16   17  18
                                     12Z  AVG MX 2MIN
DY MAX MIN AVG DEP HDD CDD  WTR  SNW DPTH SPD SPD DIR MIN PSBL S-S WX    SPD DR
================================================================================

 1  74  58  66   M   0   1 0.15  0.0    0  2.9 12 170   M    M   4 13     21 170
 2  75  55  65   M   0   0 0.00  0.0    0  0.3  4 250   M    M   2 3       M  M
 3  81  55  68   M   0   3 0.00  0.0    0  2.8 13 200   M    M   2        23 180
 4  85  68  77   M   0  12 0.00  0.0    0  2.2 12 180   M    M   8        20 180
 5  71  49  60   M   5   0 0.08  0.0    0  4.0 12 310   M    M   4        18 330
 6  73  47  60   M   5   0 0.00  0.0    0  7.5 14 310   M    M   0        21 320
 7  73  52  63   M   2   0 0.00  0.0    0  6.8 14 210   M    M   1        18 210
 8  69  52  61   M   4   0 0.06  0.0    0  8.6 17 150   M    M   2 3      25 150
 9  74  61  68   M   0   3 0.13  0.0    0  8.1 16 170   M    M   9        20 170
10  64  45  55   M  10   0 1.39  0.0    0 13.2 21 340   M    M  10 1      28 340
11  54  40  47   M  18   0 0.00  0.0    0  8.8 15  10   M    M   7        20  10
12  47  37  42   M  23   0 0.11  0.0    0  3.4  8 300   M    M   8         M  M
13  57  34  46   M  19   0 0.00  0.0    0  4.6 10 220   M    M   1         M  M
14  67  42  55   M  10   0 0.00  0.0    0  8.2 16 210   M    M   7        22 230
15  58  44  51   M  14   0 0.32  0.0    0  5.5 14 350   M    M   6        18 340
16  64  40  52   M  13   0 0.00  0.0    0  4.4  9 240   M    M   1        16 230
17  69  46  58   M   7   0 0.00  0.0    0  2.9  6 230   M    M   4         M  M
18  71  45  58   M   7   0 0.00  0.0    0  6.0 13 150   M    M   2 1      16 150
19  74  51  63   M   2   0 0.06  0.0    0 15.7 30 180   M    M   2 3      39 180
20  74  53  64   M   1   0 0.51  0.0    0 12.3 21 310   M    M   3 3      30 310
21  62  47  55   M  10   0 0.00  0.0    0 12.6 20 340   M    M   4        28 310
22  69  43  56   M   9   0 0.00  0.0    0  5.0 10 280   M    M   0         M  M
23  71  46  59   M   6   0 0.00  0.0    0  7.0 14 150   M    M   0        18 210
24  65  54  60   M   5   0    M  0.0    0  7.5 10 160   M    M   9        18 170
25  73  56  65   M   0   0 0.00  0.0    0  5.0  9 180   M    M   9         M  M
26  77  55  66   M   0   1 0.00  0.0    0  5.5 12 150   M    M   2        16 140
27  79  58  69   M   0   4 0.00  0.0    0  5.1  9 180   M    M   2         M  M
28  78  55  67   M   0   2 0.00  0.0    0  4.2  8 240   M    M   1 3       M  M
29  62  45  54   M  11   0 0.00  0.0    0  7.8 12  20   M    M   3 1      17  30
================================================================================
SM 2010 1433       181  26  2.81     0.0 187.9          M      113
================================================================================
AV 69.3 49.4                               6.5 FASTST   M    M   4    MAX(MPH)
                                 MISC ---->    30   M                 39    M
================================================================================
NOTES:
# LAST OF SEVERAL OCCURRENCES

COLUMN 17 PEAK WIND IN M.P.H.

PRELIMINARY LOCAL CLIMATOLOGICAL DATA (WS FORM: F-6) , PAGE 2

                                          STATION:  PRESTON MN
                                          MONTH:    SEPTEMBER
                                          YEAR:     2014
                                          LATITUDE:   43 40 N
                                          LONGITUDE:  92 11 W

[TEMPERATURE DATA]      [PRECIPITATION DATA]       SYMBOLS USED IN COLUMN 16

AVERAGE MONTHLY: 59.4   TOTAL FOR MONTH:   2.81    1 = FOG OR MIST
DPTR FM NORMAL:     M   DPTR FM NORMAL:       M    2 = FOG REDUCING VISIBILITY
HIGHEST:    85 ON  4    GRTST 24HR  1.39 ON 10-10      TO 1/4 MILE OR LESS
LOWEST:     34 ON 13                               3 = THUNDER
                        SNOW, ICE PELLETS, HAIL    4 = ICE PELLETS
                        TOTAL MONTH:   0.0 INCH    5 = HAIL
                        GRTST 24HR     0.0         6 = FREEZING RAIN OR DRIZZLE
                        GRTST DEPTH:   0           7 = DUSTSTORM OR SANDSTORM:
                                                       VSBY 1/2 MILE OR LESS
                                                   8 = SMOKE OR HAZE
[NO. OF DAYS WITH]      [WEATHER - DAYS WITH]      9 = BLOWING SNOW
                                                   X = TORNADO
MAX 32 OR BELOW:   0    0.01 INCH OR MORE:   9
MAX 90 OR ABOVE:   0    0.10 INCH OR MORE:   6
MIN 32 OR BELOW:   0    0.50 INCH OR MORE:   2
MIN  0 OR BELOW:   0    1.00 INCH OR MORE:   1

[HDD (BASE 65) ]
TOTAL THIS MO.   181    CLEAR  (SCALE 0-3)  15
DPTR FM NORMAL     M    PTCLDY (SCALE 4-7)   9
TOTAL FM JUL 1   215    CLOUDY (SCALE 8-10)  5
DPTR FM NORMAL     M

[CDD (BASE 65) ]
TOTAL THIS MO.    26
DPTR FM NORMAL     M    [PRESSURE DATA]
TOTAL FM JAN 1   426    HIGHEST SLP M ON M
DPTR FM NORMAL     M    LOWEST  SLP M ON M

[REMARKS]
