000
CXUS56 KFGZ 010900
CF6FLG
PRELIMINARY LOCAL CLIMATOLOGICAL DATA (WS FORM: F-6)

                                          STATION:   FLAGSTAFF AZ AIRPORT
                                          MONTH:     FEBRUARY
                                          YEAR:      2017
                                          LATITUDE:   35  7 N
                                          LONGITUDE: 111 40 W

  TEMPERATURE IN F:       :PCPN:    SNOW:  WIND      :SUNSHINE: SKY     :PK WND
================================================================================
1   2   3   4   5  6A  6B    7    8   9   10  11  12  13   14  15   16   17  18
                                     12Z  AVG MX 2MIN
DY MAX MIN AVG DEP HDD CDD  WTR  SNW DPTH SPD SPD DIR MIN PSBL S-S WX    SPD DR
================================================================================

 1  47  15  31   0  34   0 0.00  0.0    9  7.2 18 220   M    M   0        21 220
 2  44  20  32   1  33   0 0.00  0.0    7  6.0 18 210   M    M   0        22 220
 3  45  21  33   2  32   0 0.00  0.0    6  6.7 18 220   M    M   0        24 220
 4  45  22  34   3  31   0 0.00  0.0    4  5.5 17 210   M    M   0 1      20 210
 5  47  17  32   1  33   0 0.00  0.0    4  5.8 20 220   M    M   0        21 220
 6  41  34  38   7  27   0    T    T    3 12.5 25 220   M    M   6        31 220
 7  40  34  37   6  28   0 0.04  0.0    2  7.8 20 230   M    M  10 12     23 220
 8  57  29  43  12  22   0 0.00  0.0    2  2.1 13 220   M    M   3 128    14 210
 9  63  26  45  14  20   0 0.00  0.0    1  2.9 14 220   M    M   0        18 200
10  58  28  43  12  22   0 0.00  0.0    0  8.8 24 230   M    M   0 8      31 230
11  52  33  43  12  22   0 0.05  0.0    0 10.5 26 220   M    M   3 1      33 220
12  48  33  41   9  24   0 0.20  0.0    0  8.7 23  60   M    M  10 12     28  60
13  47  27  37   5  28   0    T  0.0    0  7.0 16  70   M    M   8 12     21  60
14  47  23  35   3  30   0 0.00  0.0    0  7.0 21  50   M    M   0 8      28  30
15  49  25  37   5  28   0 0.00  0.0    0  6.5 16  70   M    M   0 8      22  50
16  54  18  36   4  29   0 0.00  0.0    0  5.0 16 220   M    M   0 8      21 230
17  45  32  39   7  26   0 0.02    T    0 10.9 25 210   M    M   6 1      35 210
18  40  32  36   4  29   0 0.30    T    0  7.3 28 220   M    M  10 1      35 210
19  37  28  33   1  32   0 0.11  1.9    2  9.0 22 220   M    M  10 1      25 220
20  49  32  41   8  24   0 0.00  0.0    0  5.5 14 250   M    M   6        18 240
21  58  29  44  11  21   0 0.00  0.0    0  7.4 20 230   M    M   2 18     25 230
22  49  36  43  10  22   0 0.00  0.0    0 15.4 30 220   M    M   7        41 230
23  37  23  30  -3  35   0 0.00  0.0    0 12.4 25 220   M    M   4        38 250
24  37  14  26  -7  39   0 0.00  0.0    0  8.8 23 230   M    M   0        30 230
25  42  13  28  -6  37   0    T    M    0  9.3 26 210   M    M   3 8      33 220
26  37  25  31  -3  34   0    T    M    0  8.4 21 230   M    M   8 1      27 230
27  32  29  31  -3  34   0 0.86 10.0    0 16.4 24 210   M    M  10 12     34 220
28  37  21  29  -5  36   0 0.75  6.3   16  7.6 20 230   M    M   8 128    25 230
================================================================================
SM 1284  719       812   0  2.33    18.2 228.4          M      114
================================================================================
AV 45.9 25.7                               8.2 FASTST   M    M   4    MAX(MPH)
                                 MISC ---->  # 30 220               # 41  230
================================================================================
NOTES:
# LAST OF SEVERAL OCCURRENCES

COLUMN 17 PEAK WIND IN M.P.H.

PRELIMINARY LOCAL CLIMATOLOGICAL DATA (WS FORM: F-6) , PAGE 2

                                          STATION:  FLAGSTAFF AZ AIRPORT
                                          MONTH:    FEBRUARY
                                          YEAR:     2017
                                          LATITUDE:   35  7 N
                                          LONGITUDE: 111 40 W

[TEMPERATURE DATA]      [PRECIPITATION DATA]       SYMBOLS USED IN COLUMN 16

AVERAGE MONTHLY: 35.8   TOTAL FOR MONTH:   2.33    1 = FOG OR MIST
DPTR FM NORMAL:   3.7   DPTR FM NORMAL:    0.17    2 = FOG REDUCING VISIBILITY
HIGHEST:    63 ON  9    GRTST 24HR  1.59 ON 27-28      TO 1/4 MILE OR LESS
LOWEST:     13 ON 25                               3 = THUNDER
                        SNOW, ICE PELLETS, HAIL    4 = ICE PELLETS
                        TOTAL MONTH:  18.2 INCHES  5 = HAIL
                        GRTST 24HR  10.0 ON 27-27  6 = FREEZING RAIN OR DRIZZLE
                        GRTST DEPTH:  16 ON 28     7 = DUSTSTORM OR SANDSTORM:
                                                       VSBY 1/2 MILE OR LESS
                                                   8 = SMOKE OR HAZE
[NO. OF DAYS WITH]      [WEATHER - DAYS WITH]      9 = BLOWING SNOW
                                                   X = TORNADO
MAX 32 OR BELOW:   1    0.01 INCH OR MORE:   8
MAX 90 OR ABOVE:   0    0.10 INCH OR MORE:   5
MIN 32 OR BELOW:  23    0.50 INCH OR MORE:   2
MIN  0 OR BELOW:   0    1.00 INCH OR MORE:   0

[HDD (BASE 65) ]
TOTAL THIS MO.   812    CLEAR  (SCALE 0-3)  15
DPTR FM NORMAL  -111    PTCLDY (SCALE 4-7)   7
TOTAL FM JUL 1  4465    CLOUDY (SCALE 8-10)  6
DPTR FM NORMAL  -374

[CDD (BASE 65) ]
TOTAL THIS MO.     0
DPTR FM NORMAL     0    [PRESSURE DATA]
TOTAL FM JAN 1     0    HIGHEST SLP M ON M
DPTR FM NORMAL     0    LOWEST  SLP 29.55 ON 18

[REMARKS]
#FINAL-02-17#
