000
CXUS56 KFGZ 240900
CF6FLG
PRELIMINARY LOCAL CLIMATOLOGICAL DATA (WS FORM: F-6)

                                          STATION:   FLAGSTAFF AZ AIRPORT
                                          MONTH:     JUNE
                                          YEAR:      2017
                                          LATITUDE:   35  7 N
                                          LONGITUDE: 111 40 W

  TEMPERATURE IN F:       :PCPN:    SNOW:  WIND      :SUNSHINE: SKY     :PK WND
================================================================================
1   2   3   4   5  6A  6B    7    8   9   10  11  12  13   14  15   16   17  18
                                     12Z  AVG MX 2MIN
DY MAX MIN AVG DEP HDD CDD  WTR  SNW DPTH SPD SPD DIR MIN PSBL S-S WX    SPD DR
================================================================================

 1  74  37  56   0   9   0 0.00  0.0    0  6.5 25 210   M    M   1        32 210
 2  76  39  58   2   7   0 0.00  0.0    0  3.1 14  60   M    M   2 8      19  40
 3  82  39  61   5   4   0 0.00  0.0    0  2.0 18  10   M    M   2 8      24  20
 4  83  47  65   9   0   0 0.00  0.0    0  7.6 22 230   M    M   1        27 210
 5  82  51  67  10   0   2 0.00  0.0    0  6.6 21 240   M    M   2        30 240
 6  83  45  64   7   1   0 0.00  0.0    0  7.2 23 220   M    M   0        28 220
 7  82  46  64   7   1   0 0.00  0.0    0  8.5 26 220   M    M   0        35 230
 8  79  38  59   1   6   0 0.00  0.0    0  9.1 24 210   M    M   0 8      32 210
 9  80  43  62   4   3   0 0.00  0.0    0 13.0 32 220   M    M   0 8      39 220
10  75  48  62   4   3   0 0.00  0.0    0 15.4 30 220   M    M   0        40 210
11  73  51  62   4   3   0 0.00  0.0    0 18.0 35 220   M    M   0        43 240
12  67  38  53  -6  12   0 0.00  0.0    0 19.0 36 210   M    M   0 8      50 240
13  74  35  55  -4  10   0 0.00  0.0    0  6.1 18 200   M    M   0 8      26 240
14  82  33  58  -1   7   0 0.00  0.0    0  5.9 23 220   M    M   0        29 200
15  85  38  62   2   3   0 0.00  0.0    0  5.8 21 220   M    M   0 8      27 220
16  87  44  66   6   0   1 0.00  0.0    0  4.9 20 230   M    M   0 8      26 230
17  89  49  69   9   0   4 0.00  0.0    0  7.0 23 210   M    M   0        27 200
18  92  54  73  12   0   8 0.00  0.0    0  4.6 21  60   M    M   0 8      29  60
19  92  49  71  10   0   6 0.12  0.0    0  5.5 28  10   M    M   0 3      35  10
20  91  51  71  10   0   6 0.00  0.0    0  3.2 22 240   M    M   0        30 230
21  92  54  73  11   0   8 0.00  0.0    0  4.7 16 200   M    M   0 8      21 220
22  91  57  74  12   0   9 0.00  0.0    0  7.1 23 230   M    M   0 8      33 230
23  93  50  72  10   0   7 0.00  0.0    0  5.8 20 220   M    M   0 8      26 200
================================================================================
SM 1904 1036        69  51  0.12     0.0 176.6          M        8
================================================================================
AV 82.8 45.0                               7.7 FASTST   M    M   0    MAX(MPH)
                                 MISC ---->  # 36 210               # 50  240
================================================================================
NOTES:
# LAST OF SEVERAL OCCURRENCES

COLUMN 17 PEAK WIND IN M.P.H.

PRELIMINARY LOCAL CLIMATOLOGICAL DATA (WS FORM: F-6) , PAGE 2

                                          STATION:  FLAGSTAFF AZ AIRPORT
                                          MONTH:    JUNE
                                          YEAR:     2017
                                          LATITUDE:   35  7 N
                                          LONGITUDE: 111 40 W

[TEMPERATURE DATA]      [PRECIPITATION DATA]       SYMBOLS USED IN COLUMN 16

AVERAGE MONTHLY: 63.9   TOTAL FOR MONTH:   0.12    1 = FOG OR MIST
DPTR FM NORMAL:   5.1   DPTR FM NORMAL:   -0.11    2 = FOG REDUCING VISIBILITY
HIGHEST:    93 ON 23    GRTST 24HR  0.12 ON 19-19      TO 1/4 MILE OR LESS
LOWEST:     33 ON 14                               3 = THUNDER
                        SNOW, ICE PELLETS, HAIL    4 = ICE PELLETS
                        TOTAL MONTH:   0.0 INCH    5 = HAIL
                        GRTST 24HR     0.0         6 = FREEZING RAIN OR DRIZZLE
                        GRTST DEPTH:   0           7 = DUSTSTORM OR SANDSTORM:
                                                       VSBY 1/2 MILE OR LESS
                                                   8 = SMOKE OR HAZE
[NO. OF DAYS WITH]      [WEATHER - DAYS WITH]      9 = BLOWING SNOW
                                                   X = TORNADO
MAX 32 OR BELOW:   0    0.01 INCH OR MORE:   1
MAX 90 OR ABOVE:   6    0.10 INCH OR MORE:   1
MIN 32 OR BELOW:   0    0.50 INCH OR MORE:   0
MIN  0 OR BELOW:   0    1.00 INCH OR MORE:   0

[HDD (BASE 65) ]
TOTAL THIS MO.    69    CLEAR  (SCALE 0-3)  23
DPTR FM NORMAL   -82    PTCLDY (SCALE 4-7)   0
TOTAL FM JUL 1  6293    CLOUDY (SCALE 8-10)  0
DPTR FM NORMAL  -631

[CDD (BASE 65) ]
TOTAL THIS MO.    51
DPTR FM NORMAL    45    [PRESSURE DATA]
TOTAL FM JAN 1    51    HIGHEST SLP M ON M
DPTR FM NORMAL    45    LOWEST  SLP 29.66 ON 11

[REMARKS]
