000
CXUS52 KMFL 011000
CF6FLL
PRELIMINARY LOCAL CLIMATOLOGICAL DATA (WS FORM: F-6)

                                          STATION:   FORT LAUDERDALE
                                          MONTH:     FEBRUARY
                                          YEAR:      2015
                                          LATITUDE:   26  4 N
                                          LONGITUDE:  80  9 W

  TEMPERATURE IN F:       :PCPN:    SNOW:  WIND      :SUNSHINE: SKY     :PK WND
================================================================================
1   2   3   4   5  6A  6B    7    8   9   10  11  12  13   14  15   16   17  18
                                     12Z  AVG MX 2MIN
DY MAX MIN AVG DEP HDD CDD  WTR  SNW DPTH SPD SPD DIR MIN PSBL S-S WX    SPD DR
================================================================================

 1  75  65  70   0   0   5 0.00  0.0    0 14.6 22 100   M    M   6        30 120
 2  83  66  75   5   0  10 0.01  0.0    0  9.9 24 240   M    M   4 1      30 220
 3  75  55  65  -5   0   0 0.00  0.0    0 10.3 17  90   M    M   4        24  70
 4  75  67  71   1   0   6 0.00  0.0    0 11.3 18 110   M    M   7        22 110
 5  74  61  68  -2   0   3 1.19  0.0    0 12.6 21 250   M    M  10 13     27 260
 6  74  57  66  -4   0   1 0.04  0.0    0 11.9 22  90   M    M   6 1      29  90
 7  71  64  68  -2   0   3    T  0.0    0 13.0 21  80   M    M   7        26  60
 8  76  65  71   1   0   6 0.00  0.0    0 10.2 18 120   M    M   4        24 120
 9  79  63  71   1   0   6 0.34  0.0    0  6.4 21 270   M    M   7 13     27 260
10  74  57  66  -5   0   1 0.03  0.0    0 11.3 23 270   M    M   4 1      31 300
11  72  52  62  -9   3   0 0.00  0.0    0  6.2 14 330   M    M   1        17 330
12  75  55  65  -6   0   0 0.00  0.0    0  6.6 14 240   M    M   2        19 240
13  73  53  63  -8   2   0 0.00  0.0    0  7.4 16 280   M    M   0        21 290
14  66  46  56 -15   9   0 0.00  0.0    0  7.1 17 340   M    M   2 8      23 350
15  74  47  61 -10   4   0 0.00  0.0    0  6.4 14 330   M    M   1        21  80
16  74  57  66  -5   0   1 0.00  0.0    0 10.1 24 130   M    M   4        29 130
17  82  64  73   2   0   8 0.00  0.0    0  9.6 22 250   M    M   4        30 230
18  71  50  61 -10   4   0 0.11  0.0    0  8.3 21 320   M    M   7 1      27 320
19  58  44  51 -20  14   0 0.00  0.0    0 11.6 25 320   M    M   0        35 330
20  65  40  53 -18  12   0 0.00  0.0    0 11.5 23  90   M    M   3        32  90
21  74  61  68  -3   0   3 0.00  0.0    0 17.5 25 100   M    M   9        31 110
22  78  69  74   3   0   9 0.00  0.0    0 12.1 20 130   M    M   6        26 130
23  80  70  75   4   0  10 0.00  0.0    0  5.7 14 150   M    M   5        18 110
24  84  65  75   4   0  10 0.00  0.0    0  7.7 17 230   M    M   4        22 270
25  80  64  72   0   0   7 0.00  0.0    0  9.6 20 160   M    M   5 1      24 150
26  84  71  78   6   0  13    T  0.0    0 12.7 26 260   M    M   8        34 260
27  76  66  71  -1   0   6    T  0.0    0  8.8 16  60   M    M  10        19  80
28  76  70  73   1   0   8 2.23  0.0    0 12.8 23 100   M    M   9 1      27 100
================================================================================
SM 2098 1664        48 116  3.95     0.0 283.2          M      139
================================================================================
AV 74.9 59.4                              10.1 FASTST   M    M   5    MAX(MPH)
                                 MISC ---->  # 26 260               # 35  330
================================================================================
NOTES:
# LAST OF SEVERAL OCCURRENCES

COLUMN 17 PEAK WIND IN M.P.H.

PRELIMINARY LOCAL CLIMATOLOGICAL DATA (WS FORM: F-6) , PAGE 2

                                          STATION:  FORT LAUDERDALE
                                          MONTH:    FEBRUARY
                                          YEAR:     2015
                                          LATITUDE:   26  4 N
                                          LONGITUDE:  80  9 W

[TEMPERATURE DATA]      [PRECIPITATION DATA]       SYMBOLS USED IN COLUMN 16

AVERAGE MONTHLY: 67.2   TOTAL FOR MONTH:   3.95    1 = FOG OR MIST
DPTR FM NORMAL:  -3.7   DPTR FM NORMAL:    0.99    2 = FOG REDUCING VISIBILITY
HIGHEST:    84 ON 26,24 GRTST 24HR  2.23 ON 28-28      TO 1/4 MILE OR LESS
LOWEST:     40 ON 20                               3 = THUNDER
                        SNOW, ICE PELLETS, HAIL    4 = ICE PELLETS
                        TOTAL MONTH:   0.0 INCH    5 = HAIL
                        GRTST 24HR     0.0         6 = FREEZING RAIN OR DRIZZLE
                        GRTST DEPTH:   0           7 = DUSTSTORM OR SANDSTORM:
                                                       VSBY 1/2 MILE OR LESS
                                                   8 = SMOKE OR HAZE
[NO. OF DAYS WITH]      [WEATHER - DAYS WITH]      9 = BLOWING SNOW
                                                   X = TORNADO
MAX 32 OR BELOW:   0    0.01 INCH OR MORE:   7
MAX 90 OR ABOVE:   0    0.10 INCH OR MORE:   4
MIN 32 OR BELOW:   0    0.50 INCH OR MORE:   2
MIN  0 OR BELOW:   0    1.00 INCH OR MORE:   2

[HDD (BASE 65) ]
TOTAL THIS MO.    48    CLEAR  (SCALE 0-3)   6
DPTR FM NORMAL    26    PTCLDY (SCALE 4-7)  17
TOTAL FM JUL 1    97    CLOUDY (SCALE 8-10)  5
DPTR FM NORMAL    -5

[CDD (BASE 65) ]
TOTAL THIS MO.   116
DPTR FM NORMAL   -70    [PRESSURE DATA]
TOTAL FM JAN 1   281    HIGHEST SLP 30.35 ON 20
DPTR FM NORMAL   -75    LOWEST  SLP 29.69 ON 10

[REMARKS]
#FINAL-02-15#
