000
CXUS54 KLZK 291130
CF6FLP
PRELIMINARY LOCAL CLIMATOLOGICAL DATA (WS FORM: F-6)

                                          STATION:   Flippin
                                          MONTH:     AUGUST
                                          YEAR:      2015
                                          LATITUDE:   36 17 N
                                          LONGITUDE:  92 28 W

  TEMPERATURE IN F:       :PCPN:    SNOW:  WIND      :SUNSHINE: SKY     :PK WND
================================================================================
1   2   3   4   5  6A  6B    7    8   9   10  11  12  13   14  15   16   17  18
                                     12Z  AVG MX 2MIN
DY MAX MIN AVG DEP HDD CDD  WTR  SNW DPTH SPD SPD DIR MIN PSBL S-S WX    SPD DR
================================================================================

 1  93  64  79   M   0  14 0.00  0.0    0  1.4  6  40   M    M   0         M  M
 2  95  66  81   M   0  16 0.00  0.0    0  1.8  7 280   M    M   1         M  M
 3  97  68  83   M   0  18 0.00  0.0    0  1.8  9  20   M    M   1         M  M
 4  91  70  81   M   0  16 0.35  0.0    0  1.3  5 160   M    M   1 3       M  M
 5  79  70  75   M   0  10 1.09  0.0    0  2.9  7 110   M    M   8 3       M  M
 6  90  70  80   M   0  15 0.00  0.0    0  2.3  7 310   M    M   4         M  M
 7  93  72  83   M   0  18 0.01  0.0    0  4.3  9  70   M    M   4 3       M  M
 8  90  75  83   M   0  18 0.00  0.0    0  3.6  9  40   M    M   5         M  M
 9  97  72  85   M   0  20 0.00  0.0    0  2.5  7 110   M    M   1         M  M
10  90  73  82   M   0  17 0.05  0.0    0  5.7 15 240   M    M   2        22 230
11  88  70  79   M   0  14 0.00  0.0    0  5.2 12  10   M    M   2        17 350
12  86  64  75   M   0  10 0.00  0.0    0  2.7  8  10   M    M   1         M  M
13  86  61  74   M   0   9 0.00  0.0    0  1.4  5  90   M    M   0         M  M
14  88  61  75   M   0  10 0.00  0.0    0  2.4  9  30   M    M   1         M  M
15  88  63  76   M   0  11 0.00  0.0    0  2.6  9  60   M    M   3         M  M
16  90  66  78   M   0  13 0.00  0.0    0  2.7  8  80   M    M   3         M  M
17  91  68  80   M   0  15 0.00  0.0    0  2.2  7 120   M    M   1         M  M
18  93  70  82   M   0  17 0.00  0.0    0  3.8 10 240   M    M   2 3      17 220
19  75  64  70   M   0   5 0.75  0.0    0  4.3 10 340   M    M   8 3       M  M
20  81  54  68   M   0   3 0.00  0.0    0  1.5  9  90   M    M   0         M  M
21  77  55  66   M   0   1 0.00  0.0    0  2.3  7 110   M    M   6         M  M
22  90  66  78   M   0  13 0.00  0.0    0  4.0 10 170   M    M   4        16 170
23  81  68  75   M   0  10 0.07  0.0    0  4.9 10 360   M    M   3 3      16 360
24  81  57  69   M   0   4 0.00  0.0    0  3.3  9 310   M    M   0         M  M
25  84  52  68   M   0   3 0.00  0.0    0  1.9 10  10   M    M   0         M  M
26  84  57  71   M   0   6 0.00  0.0    0  2.2  9 350   M    M   1         M  M
27  82  57  70   M   0   5 0.00  0.0    0  2.3  6  90   M    M   0         M  M
28  84  57  71   M   0   6 0.00  0.0    0  3.3  9 170   M    M   0         M  M
================================================================================
SM 2444 1810         0 317  2.32     0.0  80.6          M       62
================================================================================
AV 87.3 64.6                               2.9 FASTST   M    M   2    MAX(MPH)
                                 MISC ---->  # 15 240                 22    M
================================================================================
NOTES:
# LAST OF SEVERAL OCCURRENCES

COLUMN 17 PEAK WIND IN M.P.H.

PRELIMINARY LOCAL CLIMATOLOGICAL DATA (WS FORM: F-6) , PAGE 2

                                          STATION:  Flippin
                                          MONTH:    AUGUST
                                          YEAR:     2015
                                          LATITUDE:   36 17 N
                                          LONGITUDE:  92 28 W

[TEMPERATURE DATA]      [PRECIPITATION DATA]       SYMBOLS USED IN COLUMN 16

AVERAGE MONTHLY: 76.0   TOTAL FOR MONTH:   2.32    1 = FOG OR MIST
DPTR FM NORMAL:     M   DPTR FM NORMAL:       M    2 = FOG REDUCING VISIBILITY
HIGHEST:    97 ON  9, 3 GRTST 24HR  1.09 ON  5- 5      TO 1/4 MILE OR LESS
LOWEST:     52 ON 25                               3 = THUNDER
                        SNOW, ICE PELLETS, HAIL    4 = ICE PELLETS
                        TOTAL MONTH:   0.0 INCH    5 = HAIL
                        GRTST 24HR     0.0         6 = FREEZING RAIN OR DRIZZLE
                        GRTST DEPTH:   0           7 = DUSTSTORM OR SANDSTORM:
                                                       VSBY 1/2 MILE OR LESS
                                                   8 = SMOKE OR HAZE
[NO. OF DAYS WITH]      [WEATHER - DAYS WITH]      9 = BLOWING SNOW
                                                   X = TORNADO
MAX 32 OR BELOW:   0    0.01 INCH OR MORE:   6
MAX 90 OR ABOVE:  13    0.10 INCH OR MORE:   3
MIN 32 OR BELOW:   0    0.50 INCH OR MORE:   2
MIN  0 OR BELOW:   0    1.00 INCH OR MORE:   1

[HDD (BASE 65) ]
TOTAL THIS MO.     0    CLEAR  (SCALE 0-3)  21
DPTR FM NORMAL     M    PTCLDY (SCALE 4-7)   7
TOTAL FM JUL 1     0    CLOUDY (SCALE 8-10)  0
DPTR FM NORMAL     M

[CDD (BASE 65) ]
TOTAL THIS MO.   317
DPTR FM NORMAL     M    [PRESSURE DATA]
TOTAL FM JAN 1  1358    HIGHEST SLP M ON M
DPTR FM NORMAL     M    LOWEST  SLP M ON M

[REMARKS]
