000
CXUS53 KOAX 271000
CF6FNB
PRELIMINARY LOCAL CLIMATOLOGICAL DATA (WS FORM: F-6)

                                          STATION:   FALLS CITY, NEBRASKA
                                          MONTH:     MARCH
                                          YEAR:      2015
                                          LATITUDE:   40  4 N
                                          LONGITUDE:  95 35 W

  TEMPERATURE IN F:       :PCPN:    SNOW:  WIND      :SUNSHINE: SKY     :PK WND
================================================================================
1   2   3   4   5  6A  6B    7    8   9   10  11  12  13   14  15   16   17  18
                                     12Z  AVG MX 2MIN
DY MAX MIN AVG DEP HDD CDD  WTR  SNW DPTH SPD SPD DIR MIN PSBL S-S WX    SPD DR
================================================================================

 1  39  18  29  -7  36   0    T    M    M  2.4 10 320   M    M   5 1      14 320
 2  43  22  33  -3  32   0 0.00    M    M  9.5 21 150   M    M   5 1      25 140
 3  44  20  32  -5  33   0    T    M    M 13.2 24 320   M    M   7 1      31 320
 4  34  13  24 -13  41   0    T    M    M  9.4 21 320   M    M   3        27 320
 5  33   3  18 -20  47   0 0.00    M    M  4.6 12 160   M    M   0        16 180
 6  63  24  44   6  21   0 0.00    M    M 11.4 18 230   M    M   1        26 260
 7  67  33  50  12  15   0 0.00    M    M  7.0 17 230   M    M   0        22 230
 8  63  32  48   9  17   0 0.00    M    M  6.7 16  30   M    M   0        22  30
 9  62  26  44   5  21   0 0.00    M    M  4.2 10 100   M    M   0 18     14 110
10  75  25  50  10  15   0 0.00    M    M  4.7 15 250   M    M   0 18     20 200
11  74  36  55  15  10   0 0.00    M    M  7.6 15 110   M    M   0        19 110
12  76  39  58  18   7   0 0.00    M    M  9.7 22 190   M    M   0        28 190
13  77  33  55  14  10   0 0.00    M    M  8.3 23  20   M    M   0 8      31  10
14  68  36  52  11  13   0 0.00    M    M  7.1 15 360   M    M   0        22 350
15  77  27  52  10  13   0 0.00    M    M 11.5 25 210   M    M   0        35 220
16  87  49  68  26   0   3 0.00    M    M 16.7 30 200   M    M   0        38  30
17  55  35  45   3  20   0 0.00    M    M 14.9 29  10   M    M   0        39  10
18  50  33  42  -1  23   0 0.00    M    M 10.3 18 120   M    M   5 18     22 120
19  42  34  38  -5  27   0    T    M    M  4.5  9 110   M    M   9 1      11  90
20  72  23  48   4  17   0 0.00    M    M  5.9 16 270   M    M   3 12     23 210
21  72  34  53   9  12   0 0.00    M    M  7.8 14 100   M    M   0        20  90
22  75  39  57  13   8   0 0.00    M    M  8.9 21 160   M    M   1        27 160
23  57  31  44  -1  21   0 0.09    M    M 12.2 23 320   M    M   3 38     28 310
24  40  36  38  -7  27   0 0.65    M    M 10.1 20 100   M    M  10 3      25 110
25  47  35  41  -4  24   0 0.01    M    M  7.5 20 360   M    M   2        26  10
26  51  28  40  -6  25   0 0.05    M    M  8.8 17 330   M    M   3        23 340
================================================================================
SM 1543  764       535   3  0.80    M    224.9          M       57
================================================================================
AV 59.3 29.4                               8.6 FASTST   M    M   2    MAX(MPH)
                                 MISC ---->  # 30 200               # 39   10
================================================================================
NOTES:
# LAST OF SEVERAL OCCURRENCES

COLUMN 17 PEAK WIND IN M.P.H.

PRELIMINARY LOCAL CLIMATOLOGICAL DATA (WS FORM: F-6) , PAGE 2

                                          STATION:  FALLS CITY, NEBRASKA
                                          MONTH:    MARCH
                                          YEAR:     2015
                                          LATITUDE:   40  4 N
                                          LONGITUDE:  95 35 W

[TEMPERATURE DATA]      [PRECIPITATION DATA]       SYMBOLS USED IN COLUMN 16

AVERAGE MONTHLY: 44.4   TOTAL FOR MONTH:   0.80    1 = FOG OR MIST
DPTR FM NORMAL:   3.4   DPTR FM NORMAL:   -1.03    2 = FOG REDUCING VISIBILITY
HIGHEST:    87 ON 16    GRTST 24HR  0.65 ON 24-24      TO 1/4 MILE OR LESS
LOWEST:      3 ON  5                               3 = THUNDER
                        SNOW, ICE PELLETS, HAIL    4 = ICE PELLETS
                        TOTAL MONTH:    M          5 = HAIL
                        GRTST 24HR    M  ON   M    6 = FREEZING RAIN OR DRIZZLE
                        GRTST DEPTH:  M  ON   M    7 = DUSTSTORM OR SANDSTORM:
                                                       VSBY 1/2 MILE OR LESS
                                                   8 = SMOKE OR HAZE
[NO. OF DAYS WITH]      [WEATHER - DAYS WITH]      9 = BLOWING SNOW
                                                   X = TORNADO
MAX 32 OR BELOW:   0    0.01 INCH OR MORE:   4
MAX 90 OR ABOVE:   0    0.10 INCH OR MORE:   1
MIN 32 OR BELOW:  13    0.50 INCH OR MORE:   1
MIN  0 OR BELOW:   0    1.00 INCH OR MORE:   0

[HDD (BASE 65) ]
TOTAL THIS MO.   535    CLEAR  (SCALE 0-3)  20
DPTR FM NORMAL   -91    PTCLDY (SCALE 4-7)   4
TOTAL FM JUL 1  5016    CLOUDY (SCALE 8-10)  2
DPTR FM NORMAL   -23

[CDD (BASE 65) ]
TOTAL THIS MO.     3
DPTR FM NORMAL     3    [PRESSURE DATA]
TOTAL FM JAN 1     3    HIGHEST SLP M ON M
DPTR FM NORMAL     3    LOWEST  SLP 29.66 ON  3

[REMARKS]
