000
CXUS53 KOAX 011000
CF6FNB
PRELIMINARY LOCAL CLIMATOLOGICAL DATA (WS FORM: F-6)

                                          STATION:   FALLS CITY, NEBRASKA
                                          MONTH:     JULY
                                          YEAR:      2014
                                          LATITUDE:   40  4 N
                                          LONGITUDE:  95 35 W

  TEMPERATURE IN F:       :PCPN:    SNOW:  WIND      :SUNSHINE: SKY     :PK WND
================================================================================
1   2   3   4   5  6A  6B    7    8   9   10  11  12  13   14  15   16   17  18
                                     12Z  AVG MX 2MIN
DY MAX MIN AVG DEP HDD CDD  WTR  SNW DPTH SPD SPD DIR MIN PSBL S-S WX    SPD DR
================================================================================

 1  84  60  72  -5   0   7    T    M    M 11.5 23 280   M    M   2        32 310
 2  70  53  62 -15   3   0 0.00    M    M  9.4 23 320   M    M   4        30 320
 3  81  50  66 -11   0   1 0.00    M    M  4.1  9 110   M    M   0        13 110
 4  84  57  71  -6   0   6 0.00    M    M  9.2 20 150   M    M   0        25 150
 5  87  67  77   0   0  12 0.06    M    M 11.4 23 170   M    M   3 3      32 180
 6  95  73  84   7   0  19 0.00    M    M  8.5 18 170   M    M   0        23 200
 7  92  67  80   2   0  15 0.72    M    M  6.7 33  10   M    M   2 13     45  10
 8  82  66  74  -4   0   9 0.00    M    M  9.8 20 310   M    M   1        25 330
 9  85  59  72  -6   0   7 0.01    M    M  4.5 12 200   M    M   1        14 200
10  86  64  75  -3   0  10 0.00    M    M 10.5 20 150   M    M   1 1      25 160
11  92  67  80   2   0  15 0.00    M    M 10.1 17 180   M    M   1        23 210
12  97  73  85   7   0  20    T    M    M  8.4 20 200   M    M   2 3      26 210
13  88  70  79   1   0  14 0.96    M    M  4.0 18 280   M    M   3 13     23  10
14  79  56  68 -10   0   3 0.15    M    M  7.3 21 350   M    M   3 1      29 350
15  75  52  64 -14   1   0 0.00    M    M  5.9 15  10   M    M   3        21 330
16  76  52  64 -14   1   0 0.00    M    M  1.8  8 120   M    M   2 128    11  70
17  77  51  64 -14   1   0 0.00    M    M  3.3 13 210   M    M   4 1      16 210
18  78  56  67 -11   0   2 0.00    M    M  6.0 15 160   M    M   3 1      20 150
19  83  57  70  -8   0   5 0.00    M    M  8.1 20 170   M    M   0 18     27 170
20  87  61  74  -4   0   9 0.00    M    M 12.2 23 170   M    M   0 8      29 170
21  97  72  85   7   0  20 0.00    M    M 12.3 21 200   M    M   0 8      27 200
22  98  74  86   8   0  21 0.00    M    M  6.9 15  20   M    M   0 18     20 200
23  87  66  77  -1   0  12 0.00    M    M  5.9 13  30   M    M   0        16  40
24  85  62  74  -4   0   9 0.00    M    M 10.0 21 170   M    M   0 8      27 150
25 102  70  86   8   0  21 0.00    M    M 10.9 20 200   M    M   0        26 200
26  92  74  83   5   0  18    T    M    M  5.2 10 140   M    M   0        14 210
27  86  63  75  -3   0  10 0.00    M    M  9.4 21 320   M    M   M 12     28 330
28  80  57  69  -8   0   4 0.00    M    M  6.7 14 360   M    M   3        18 350
29  83  54  69  -8   0   4 0.00    M    M  3.6 12 360   M    M   1        14 310
30  83  58  71  -6   0   6 0.00    M    M  3.6 12  40   M    M   1 1      15  40
31  87  55  71  -6   0   6 0.04    M    M  3.4 12  10   M    M   1 18     14 110
================================================================================
SM 2658 1916         6 285  1.94    M    230.6          M       41
================================================================================
AV 85.7 61.8                               7.4 FASTST   M    M   1    MAX(MPH)
                                 MISC ---->  # 33  10               # 45   10
================================================================================
NOTES:
# LAST OF SEVERAL OCCURRENCES

COLUMN 17 PEAK WIND IN M.P.H.

PRELIMINARY LOCAL CLIMATOLOGICAL DATA (WS FORM: F-6) , PAGE 2

                                          STATION:  FALLS CITY, NEBRASKA
                                          MONTH:    JULY
                                          YEAR:     2014
                                          LATITUDE:   40  4 N
                                          LONGITUDE:  95 35 W

[TEMPERATURE DATA]      [PRECIPITATION DATA]       SYMBOLS USED IN COLUMN 16

AVERAGE MONTHLY: 73.8   TOTAL FOR MONTH:   1.94    1 = FOG OR MIST
DPTR FM NORMAL:  -3.7   DPTR FM NORMAL:   -3.10    2 = FOG REDUCING VISIBILITY
HIGHEST:   102 ON 25    GRTST 24HR  0.96 ON 12-13      TO 1/4 MILE OR LESS
LOWEST:     50 ON  3                               3 = THUNDER
                        SNOW, ICE PELLETS, HAIL    4 = ICE PELLETS
                        TOTAL MONTH:    M          5 = HAIL
                        GRTST 24HR    M  ON   M    6 = FREEZING RAIN OR DRIZZLE
                        GRTST DEPTH:  M  ON   M    7 = DUSTSTORM OR SANDSTORM:
                                                       VSBY 1/2 MILE OR LESS
                                                   8 = SMOKE OR HAZE
[NO. OF DAYS WITH]      [WEATHER - DAYS WITH]      9 = BLOWING SNOW
                                                   X = TORNADO
MAX 32 OR BELOW:   0    0.01 INCH OR MORE:   6
MAX 90 OR ABOVE:   8    0.10 INCH OR MORE:   3
MIN 32 OR BELOW:   0    0.50 INCH OR MORE:   2
MIN  0 OR BELOW:   0    1.00 INCH OR MORE:   0

[HDD (BASE 65) ]
TOTAL THIS MO.     6    CLEAR  (SCALE 0-3)  27
DPTR FM NORMAL     5    PTCLDY (SCALE 4-7)   3
TOTAL FM JUL 1     6    CLOUDY (SCALE 8-10)  0
DPTR FM NORMAL     5

[CDD (BASE 65) ]
TOTAL THIS MO.   285
DPTR FM NORMAL  -105    [PRESSURE DATA]
TOTAL FM JAN 1   723    HIGHEST SLP 30.25 ON  4
DPTR FM NORMAL   -33    LOWEST  SLP 29.66 ON 25

[REMARKS]
#FINAL-07-14#
