000
CXUS53 KDTX 280800
CF6FNT
PRELIMINARY LOCAL CLIMATOLOGICAL DATA (WS FORM: F-6)

                                          STATION:   FLINT MI
                                          MONTH:     JUNE
                                          YEAR:      2017
                                          LATITUDE:   42 58 N
                                          LONGITUDE:  83 44 W

  TEMPERATURE IN F:       :PCPN:    SNOW:  WIND      :SUNSHINE: SKY     :PK WND
================================================================================
1   2   3   4   5  6A  6B    7    8   9   10  11  12  13   14  15   16   17  18
                                     12Z  AVG MX 2MIN
DY MAX MIN AVG DEP HDD CDD  WTR  SNW DPTH SPD SPD DIR MIN PSBL S-S WX    SPD DR
================================================================================

 1  74  45  60  -2   5   0 0.00  0.0    0  6.9 21 300   M    M   1        26 320
 2  81  46  64   2   1   0    T  0.0    0  7.2 21 270   M    M   3        25 290
 3  81  46  64   1   1   0    T    M    0  5.5 14 250   M    M   3        19  90
 4  85  62  74  11   0   9 0.16  0.0    0 10.2 21 270   M    M   6 138    29 260
 5  68  52  60  -4   5   0 0.05  0.0    0 10.2 21 360   M    M   7 1      25 360
 6  69  49  59  -5   6   0 0.00  0.0    0 12.1 25  30   M    M   4        32  20
 7  75  49  62  -2   3   0 0.00  0.0    0  8.6 20  60   M    M   1        26  60
 8  80  44  62  -2   3   0 0.00  0.0    0  4.0 15 170   M    M   1 1      19 180
 9  80  54  67   2   0   2 0.10  0.0    0  4.4 15 180   M    M   5 13     19 210
10  87  53  70   5   0   5 0.00  0.0    0  9.9 24 210   M    M   1 1      32 210
11  90  70  80  14   0  15 0.00  0.0    0 11.3 21 230   M    M   1        27 240
12  91  69  80  14   0  15 0.00  0.0    0 10.8 22 250   M    M   2        31 220
13  87  69  78  12   0  13 0.00  0.0    0  7.6 15  70   M    M   3        18  50
14  83  66  75   9   0  10 0.04  0.0    0  8.2 16 140   M    M   2        24 120
15  88  64  76   9   0  11 0.01  0.0    0  7.5 20 270   M    M   4        28 280
16  86  58  72   5   0   7    T  0.0    0  7.6 20 280   M    M   2 1      28 290
17  87  61  74   7   0   9 0.78  0.0    0  7.6 32 260   M    M   4 13     39 260
18  82  66  74   6   0   9 0.31  0.0    0 13.5 27 280   M    M   5 13     37 280
19  76  59  68   0   0   3 0.39  0.0    0  8.6 22 270   M    M   4 13     26 270
20  75  52  64  -4   1   0    T  0.0    0 10.1 24 310   M    M   3        30 250
21  77  48  63  -5   2   0 0.00  0.0    0  3.5 10 310   M    M   1 1      14  10
22  91  56  74   6   0   9 0.30  0.0    0 10.0 20 210   M    M   3 138    27 210
23  77  62  70   1   0   5 0.50  0.0    0  8.3 17 290   M    M   6 1      33 320
24  77  58  68  -1   0   3 0.00  0.0    0 10.7 26 280   M    M   2        33 290
25  68  54  61  -8   4   0    T  0.0    0 11.5 29 280   M    M   7        34 260
26  71  53  62  -7   3   0    T  0.0    0 12.7 29 280   M    M   5        35 280
27  74  51  63  -7   2   0    T  0.0    M 10.5 21 270   M    M   4        26 290
================================================================================
SM 2160 1516        36 125  2.64     0.0 239.0          M       90
================================================================================
AV 80.0 56.2                               8.9 FASTST   M    M   3    MAX(MPH)
                                 MISC ---->  # 32 260               # 39  260
================================================================================
NOTES:
# LAST OF SEVERAL OCCURRENCES

COLUMN 17 PEAK WIND IN M.P.H.

PRELIMINARY LOCAL CLIMATOLOGICAL DATA (WS FORM: F-6) , PAGE 2

                                          STATION:  FLINT MI
                                          MONTH:    JUNE
                                          YEAR:     2017
                                          LATITUDE:   42 58 N
                                          LONGITUDE:  83 44 W

[TEMPERATURE DATA]      [PRECIPITATION DATA]       SYMBOLS USED IN COLUMN 16

AVERAGE MONTHLY: 68.1   TOTAL FOR MONTH:   2.64    1 = FOG OR MIST
DPTR FM NORMAL:   1.9   DPTR FM NORMAL:   -0.14    2 = FOG REDUCING VISIBILITY
HIGHEST:    91 ON 22,12 GRTST 24HR  0.78 ON 17-17      TO 1/4 MILE OR LESS
LOWEST:     44 ON  8                               3 = THUNDER
                        SNOW, ICE PELLETS, HAIL    4 = ICE PELLETS
                        TOTAL MONTH:   0.0 INCH    5 = HAIL
                        GRTST 24HR     0.0         6 = FREEZING RAIN OR DRIZZLE
                        GRTST DEPTH:   0           7 = DUSTSTORM OR SANDSTORM:
                                                       VSBY 1/2 MILE OR LESS
                                                   8 = SMOKE OR HAZE
[NO. OF DAYS WITH]      [WEATHER - DAYS WITH]      9 = BLOWING SNOW
                                                   X = TORNADO
MAX 32 OR BELOW:   0    0.01 INCH OR MORE:  10
MAX 90 OR ABOVE:   3    0.10 INCH OR MORE:   7
MIN 32 OR BELOW:   0    0.50 INCH OR MORE:   2
MIN  0 OR BELOW:   0    1.00 INCH OR MORE:   0

[HDD (BASE 65) ]
TOTAL THIS MO.    36    CLEAR  (SCALE 0-3)  13
DPTR FM NORMAL   -27    PTCLDY (SCALE 4-7)  14
TOTAL FM JUL 1  5824    CLOUDY (SCALE 8-10)  0
DPTR FM NORMAL -1126

[CDD (BASE 65) ]
TOTAL THIS MO.   125
DPTR FM NORMAL    31    [PRESSURE DATA]
TOTAL FM JAN 1   150    HIGHEST SLP M ON M
DPTR FM NORMAL    24    LOWEST  SLP 29.55 ON 23

[REMARKS]
