000
CXUS55 KFSD 190905
CF6FSD
PRELIMINARY LOCAL CLIMATOLOGICAL DATA (WS FORM: F-6)

                                          STATION:   SIOUX FALLS
                                          MONTH:     NOVEMBER
                                          YEAR:      2017
                                          LATITUDE:   43 34 N
                                          LONGITUDE:  96 44 W

  TEMPERATURE IN F:       :PCPN:    SNOW:  WIND      :SUNSHINE: SKY     :PK WND
================================================================================
1   2   3   4   5  6A  6B    7    8   9   10  11  12  13   14  15   16   17  18
                                     12Z  AVG MX 2MIN
DY MAX MIN AVG DEP HDD CDD  WTR  SNW DPTH SPD SPD DIR MIN PSBL S-S WX    SPD DR
================================================================================

 1  49  32  41   0  24   0 0.00  0.0    0 11.2 21 170   M    M   9        27 180
 2  46  33  40   0  25   0    T  0.0    0 11.5 20 350   M    M  10        25 340
 3  40  30  35  -5  30   0    T    T    0 11.4 20 120   M    M  10        24 100
 4  50  35  43   4  22   0 0.00  0.0    0  8.3 17 330   M    M   8 1      21 320
 5  42  17  30  -9  35   0 0.01  0.0    0 10.5 22 350   M    M   7        26 350
 6  32  20  26 -12  39   0 0.02  0.2    0  5.3 14  70   M    M   8 1      17  70
 7  35  26  31  -7  34   0    T    T    T  5.4 12  70   M    M  10 1      14  50
 8  49  20  35  -2  30   0 0.00  0.0    0  6.9 18  10   M    M   5 1      25  10
 9  28  17  23 -13  42   0    T    T    0 12.6 22 360   M    M   7        28  10
10  32  17  25 -11  40   0 0.00  0.0    0 16.5 26 150   M    M   8        35 150
11  50  28  39   4  26   0 0.00  0.0    0  5.6 15 180   M    M   4        20 180
12  47  21  34  -1  31   0 0.00  0.0    0  2.9  8 180   M    M   1 1      11 240
13  50  33  42   8  23   0 0.00  0.0    0 14.1 28 190   M    M   7 1      34 190
14  54  44  49  15  16   0    T  0.0    0 11.4 23 320   M    M  10 1      31 320
15  44  17  31  -2  34   0 0.00  0.0    0 12.9 29 320   M    M   4        37 310
16  41  14  28  -4  37   0 0.00  0.0    0 11.8 21 140   M    M   7 1      32 140
17  51  36  44  12  21   0    T  0.0    0 11.1 17 170   M    M   7 8      25 170
18  38  23  31   0  34   0 0.00  0.0    0 14.9 31 320   M    M   3        39 330
================================================================================
SM  778  463       543   0  0.03     0.2 184.3          M      125
================================================================================
AV 43.2 25.7                              10.2 FASTST   M    M   7    MAX(MPH)
                                 MISC ---->  # 31 320               # 39  330
================================================================================
NOTES:
# LAST OF SEVERAL OCCURRENCES

COLUMN 17 PEAK WIND IN M.P.H.

PRELIMINARY LOCAL CLIMATOLOGICAL DATA (WS FORM: F-6) , PAGE 2

                                          STATION:  SIOUX FALLS
                                          MONTH:    NOVEMBER
                                          YEAR:     2017
                                          LATITUDE:   43 34 N
                                          LONGITUDE:  96 44 W

[TEMPERATURE DATA]      [PRECIPITATION DATA]       SYMBOLS USED IN COLUMN 16

AVERAGE MONTHLY: 34.5   TOTAL FOR MONTH:   0.03    1 = FOG OR MIST
DPTR FM NORMAL:  -1.6   DPTR FM NORMAL:   -0.81    2 = FOG REDUCING VISIBILITY
HIGHEST:    54 ON 14    GRTST 24HR  0.02 ON  6- 6      TO 1/4 MILE OR LESS
LOWEST:     14 ON 16                               3 = THUNDER
                        SNOW, ICE PELLETS, HAIL    4 = ICE PELLETS
                        TOTAL MONTH:   0.2 INCH    5 = HAIL
                        GRTST 24HR   0.2 ON  6- 6  6 = FREEZING RAIN OR DRIZZLE
                        GRTST DEPTH:   T           7 = DUSTSTORM OR SANDSTORM:
                                                       VSBY 1/2 MILE OR LESS
                                                   8 = SMOKE OR HAZE
[NO. OF DAYS WITH]      [WEATHER - DAYS WITH]      9 = BLOWING SNOW
                                                   X = TORNADO
MAX 32 OR BELOW:   3    0.01 INCH OR MORE:   2
MAX 90 OR ABOVE:   0    0.10 INCH OR MORE:   0
MIN 32 OR BELOW:  13    0.50 INCH OR MORE:   0
MIN  0 OR BELOW:   0    1.00 INCH OR MORE:   0

[HDD (BASE 65) ]
TOTAL THIS MO.   543    CLEAR  (SCALE 0-3)   1
DPTR FM NORMAL    23    PTCLDY (SCALE 4-7)  10
TOTAL FM JUL 1  1086    CLOUDY (SCALE 8-10)  7
DPTR FM NORMAL  -174

[CDD (BASE 65) ]
TOTAL THIS MO.     0
DPTR FM NORMAL     0    [PRESSURE DATA]
TOTAL FM JAN 1   776    HIGHEST SLP M ON M
DPTR FM NORMAL    86    LOWEST  SLP 29.50 ON  1

[REMARKS]
