000
CXUS54 KTSA 280940
CF6FSM
PRELIMINARY LOCAL CLIMATOLOGICAL DATA (WS FORM: F-6)

                                          STATION:   FORT SMITH ARKANSAS
                                          MONTH:     JANUARY
                                          YEAR:      2015
                                          LATITUDE:   35 19 N
                                          LONGITUDE:  94 22 W

  TEMPERATURE IN F:       :PCPN:    SNOW:  WIND      :SUNSHINE: SKY     :PK WND
================================================================================
1   2   3   4   5  6A  6B    7    8   9   10  11  12  13   14  15   16   17  18
                                     12Z  AVG MX 2MIN
DY MAX MIN AVG DEP HDD CDD  WTR  SNW DPTH SPD SPD DIR MIN PSBL S-S WX    SPD DR
================================================================================

 1  36  31  34  -5  31   0 0.17    T    0  4.0 16 100   M    M  10 1      20 100
 2  41  36  39   0  26   0 0.95    T    0  6.3 17  70   M    M  10 1      19  70
 3  47  40  44   5  21   0 0.46  0.0    0  8.4 17 240   M    M   9 1      22 260
 4  42  21  32  -7  33   0    T  0.0    0 12.5 28 290   M    M   4        35 290
 5  43  19  31  -8  34   0 0.00  0.0    0  4.5 13 130   M    M   0        18 120
 6  55  25  40   1  25   0 0.00  0.0    0  4.8 12 290   M    M   0        16 290
 7  34  14  24 -15  41   0 0.00  0.0    0 13.0 25 340   M    M   2        31  20
 8  36   9  23 -16  42   0 0.00  0.0    0  5.0 16 220   M    M   0        22 200
 9  34  18  26 -13  39   0 0.00  0.0    0  7.2 22  10   M    M   3        28 360
10  37  14  26 -13  39   0 0.00  0.0    0  5.3 10 120   M    M   5        14 100
11  36  30  33  -6  32   0 0.17  0.0    0  8.8 17  80   M    M  10 16     20  70
12  42  32  37  -2  28   0 0.00  0.0    0  8.2 17 360   M    M   8 1      20 350
13  42  26  34  -5  31   0 0.00  0.0    0  3.5 10  50   M    M   0        13  90
14  43  21  32  -7  33   0 0.00  0.0    0  3.4  8 260   M    M   3        10 260
15  50  30  40   1  25   0    T  0.0    0  6.4 14 280   M    M   4        17 260
16  59  22  41   2  24   0 0.00  0.0    0  1.8  8  50   M    M   0 1      10  10
17  64  30  47   8  18   0 0.00  0.0    0  7.7 22 280   M    M   0        26 290
18  67  31  49  10  16   0 0.00  0.0    0  7.0 21 220   M    M   0        28 230
19  66  33  50  11  15   0 0.00  0.0    0  1.9 10 280   M    M   0        14 270
20  63  31  47   8  18   0 0.00  0.0    0  4.3 21  10   M    M   1        25 350
21  59  31  45   5  20   0 0.00  0.0    0  5.6 12 350   M    M   2        14 350
22  50  40  45   5  20   0 0.41    M    0  3.4 16  20   M    M   9 1      22  10
23  52  29  41   1  24   0 0.00  0.0    0  5.7 15 320   M    M   2        20 310
24  56  27  42   2  23   0 0.00  0.0    0  6.2 15 240   M    M   0 18     19 280
25  56  35  46   6  19   0    T    M    0 12.0 30 290   M    M   7        39 310
26  62  31  47   7  18   0 0.00  0.0    0  5.9 16 280   M    M   2        19 280
27  72  34  53  13  12   0 0.00  0.0    0  3.8  9 260   M    M   0        10 230
================================================================================
SM 1344  740       707   0  2.16    T    166.6          M       91
================================================================================
AV 49.8 27.4                               6.2 FASTST   M    M   3    MAX(MPH)
                                 MISC ---->  # 30 290               # 39  310
================================================================================
NOTES:
# LAST OF SEVERAL OCCURRENCES

COLUMN 17 PEAK WIND IN M.P.H.

PRELIMINARY LOCAL CLIMATOLOGICAL DATA (WS FORM: F-6) , PAGE 2

                                          STATION:  FORT SMITH ARKANSAS
                                          MONTH:    JANUARY
                                          YEAR:     2015
                                          LATITUDE:   35 19 N
                                          LONGITUDE:  94 22 W

[TEMPERATURE DATA]      [PRECIPITATION DATA]       SYMBOLS USED IN COLUMN 16

AVERAGE MONTHLY: 38.6   TOTAL FOR MONTH:   2.16    1 = FOG OR MIST
DPTR FM NORMAL:  -0.7   DPTR FM NORMAL:   -0.27    2 = FOG REDUCING VISIBILITY
HIGHEST:    72 ON 27    GRTST 24HR  1.15 ON  2- 3      TO 1/4 MILE OR LESS
LOWEST:      9 ON  8                               3 = THUNDER
                        SNOW, ICE PELLETS, HAIL    4 = ICE PELLETS
                        TOTAL MONTH:    T          5 = HAIL
                        GRTST 24HR    T  ON  2- 2  6 = FREEZING RAIN OR DRIZZLE
                        GRTST DEPTH:   0           7 = DUSTSTORM OR SANDSTORM:
                                                       VSBY 1/2 MILE OR LESS
                                                   8 = SMOKE OR HAZE
[NO. OF DAYS WITH]      [WEATHER - DAYS WITH]      9 = BLOWING SNOW
                                                   X = TORNADO
MAX 32 OR BELOW:   0    0.01 INCH OR MORE:   5
MAX 90 OR ABOVE:   0    0.10 INCH OR MORE:   5
MIN 32 OR BELOW:  21    0.50 INCH OR MORE:   1
MIN  0 OR BELOW:   0    1.00 INCH OR MORE:   0

[HDD (BASE 65) ]
TOTAL THIS MO.   707    CLEAR  (SCALE 0-3)  16
DPTR FM NORMAL    12    PTCLDY (SCALE 4-7)   5
TOTAL FM JUL 1  1985    CLOUDY (SCALE 8-10)  6
DPTR FM NORMAL    -9

[CDD (BASE 65) ]
TOTAL THIS MO.     0
DPTR FM NORMAL     0    [PRESSURE DATA]
TOTAL FM JAN 1     0    HIGHEST SLP M ON M
DPTR FM NORMAL     0    LOWEST  SLP 29.73 ON 25

[REMARKS]
