000
CXUS54 KMAF 261100
CF6FST
PRELIMINARY LOCAL CLIMATOLOGICAL DATA (WS FORM: F-6)

                                          STATION:   Fort Stockton
                                          MONTH:     FEBRUARY
                                          YEAR:      2015
                                          LATITUDE:   30 55 N
                                          LONGITUDE: 102 55 W

  TEMPERATURE IN F:       :PCPN:    SNOW:  WIND      :SUNSHINE: SKY     :PK WND
================================================================================
1   2   3   4   5  6A  6B    7    8   9   10  11  12  13   14  15   16   17  18
                                     12Z  AVG MX 2MIN
DY MAX MIN AVG DEP HDD CDD  WTR  SNW DPTH SPD SPD DIR MIN PSBL S-S WX    SPD DR
================================================================================

 1  58  41  50  -1  15   0 0.00  0.0    0 10.9 23 350   M    M   3        28 350
 2  57  34  46  -5  19   0 0.00  0.0    0 10.2 18 150   M    M   3        26 200
 3  60  38  49  -2  16   0 0.00  0.0    0  8.8 17 220   M    M   0        22 220
 4  75  38  57   6   8   0 0.00  0.0    0 14.0 32  30   M    M   2 8      42  30
 5  47  32  40 -11  25   0    T    M    0  6.2 16 350   M    M   6 1      19 350
 6  75  31  53   2  12   0 0.00  0.0    0  6.2 18 220   M    M   0        22 220
 7  83  52  68  17   0   3 0.00  0.0    0 15.3 24 290   M    M   0        29 280
 8  80  54  67  15   0   2 0.00  0.0    0 12.8 28 330   M    M   0        35 330
 9  80  46  63  11   2   0 0.00  0.0    0 11.9 18 170   M    M   0        24 150
10  85  53  69  17   0   4 0.00  0.0    0 11.5 20 230   M    M   0        22 230
11  66  46  56   4   9   0 0.00  0.0    0 15.7 31  10   M    M   3        38  10
12  46  32  39 -13  26   0 0.60    M    0  8.9 17  20   M    M  10 1      22  10
13  66  40  53   1  12   0 0.00  0.0    0  7.5 17 230   M    M   3        20 230
14  71  45  58   6   7   0 0.00  0.0    0  8.3 14 160   M    M   0        18 160
15  78  54  66  13   0   1    T  0.0    0 10.9 20 270   M    M   6        27 180
16  64  34  49  -4  16   0 0.08    M    0 10.5 23 340   M    M   8 1      31 320
17  47  31  39 -14  26   0 0.07    M    0  6.4 20  80   M    M   7 13     25  90
18  70  31  51  -2  14   0 0.00  0.0    0 10.4 20 150   M    M   0        27 150
19  80  41  61   7   4   0 0.00  0.0    0 11.7 20 170   M    M   0        27 160
20  80  52  66  12   0   1 0.00  0.0    0 12.7 25 270   M    M   0        33 270
21  73  48  61   7   4   0 0.00  0.0    0  7.9 18  20   M    M   0        23  10
22  64  25  45  -9  20   0    T    M    0 12.1 21 350   M    M   8 168    26 170
23  25  22  24 -30  41   0    T    M    0  7.4 15  20   M    M  10 16     17  30
24  33  23  28 -26  37   0 0.00  0.0    0  4.0 20 230   M    M  10 1      26 240
25  67  32  50  -5  15   0 0.00  0.0    0 13.6 24 280   M    M   3 1      30 280
================================================================================
SM 1630  975       328  11  0.75     0.0 255.8          M       82
================================================================================
AV 65.2 39.0                              10.2 FASTST   M    M   3    MAX(MPH)
                                 MISC ---->  # 32  30               # 42   30
================================================================================
NOTES:
# LAST OF SEVERAL OCCURRENCES

COLUMN 17 PEAK WIND IN M.P.H.

PRELIMINARY LOCAL CLIMATOLOGICAL DATA (WS FORM: F-6) , PAGE 2

                                          STATION:  Fort Stockton
                                          MONTH:    FEBRUARY
                                          YEAR:     2015
                                          LATITUDE:   30 55 N
                                          LONGITUDE: 102 55 W

[TEMPERATURE DATA]      [PRECIPITATION DATA]       SYMBOLS USED IN COLUMN 16

AVERAGE MONTHLY: 52.1   TOTAL FOR MONTH:   0.75    1 = FOG OR MIST
DPTR FM NORMAL:  -0.4   DPTR FM NORMAL:    0.18    2 = FOG REDUCING VISIBILITY
HIGHEST:    85 ON 10    GRTST 24HR  0.60 ON 12-12      TO 1/4 MILE OR LESS
LOWEST:     22 ON 23                               3 = THUNDER
                        SNOW, ICE PELLETS, HAIL    4 = ICE PELLETS
                        TOTAL MONTH:   0.0 INCH    5 = HAIL
                        GRTST 24HR     0.0         6 = FREEZING RAIN OR DRIZZLE
                        GRTST DEPTH:   0           7 = DUSTSTORM OR SANDSTORM:
                                                       VSBY 1/2 MILE OR LESS
                                                   8 = SMOKE OR HAZE
[NO. OF DAYS WITH]      [WEATHER - DAYS WITH]      9 = BLOWING SNOW
                                                   X = TORNADO
MAX 32 OR BELOW:   1    0.01 INCH OR MORE:   3
MAX 90 OR ABOVE:   0    0.10 INCH OR MORE:   1
MIN 32 OR BELOW:   9    0.50 INCH OR MORE:   1
MIN  0 OR BELOW:   0    1.00 INCH OR MORE:   0

[HDD (BASE 65) ]
TOTAL THIS MO.   328    CLEAR  (SCALE 0-3)  16
DPTR FM NORMAL     9    PTCLDY (SCALE 4-7)   6
TOTAL FM JUL 1  1778    CLOUDY (SCALE 8-10)  3
DPTR FM NORMAL   152

[CDD (BASE 65) ]
TOTAL THIS MO.    11
DPTR FM NORMAL     9    [PRESSURE DATA]
TOTAL FM JAN 1    11    HIGHEST SLP M ON M
DPTR FM NORMAL     8    LOWEST  SLP 29.65 ON 20

[REMARKS]
