000
CXUS54 KFWD 280730
CF6FTW
PRELIMINARY LOCAL CLIMATOLOGICAL DATA (WS FORM: F-6)

                                          STATION:   FORT WORTH MEACHAM
                                          MONTH:     FEBRUARY
                                          YEAR:      2015
                                          LATITUDE:   32 49 N
                                          LONGITUDE:  97 21 W

  TEMPERATURE IN F:       :PCPN:    SNOW:  WIND      :SUNSHINE: SKY     :PK WND
================================================================================
1   2   3   4   5  6A  6B    7    8   9   10  11  12  13   14  15   16   17  18
                                     12Z  AVG MX 2MIN
DY MAX MIN AVG DEP HDD CDD  WTR  SNW DPTH SPD SPD DIR MIN PSBL S-S WX    SPD DR
================================================================================

 1  58  35  47   0  18   0    T  0.0    0 13.8 26 320   M    M   6 18     35 310
 2  44  24  34 -13  31   0 0.00  0.0    0  8.7 20 340   M    M   0        26 330
 3  55  33  44  -3  21   0 0.00  0.0    0 10.5 18 160   M    M   2 8      22 150
 4  56  37  47  -1  18   0    T  0.0    0 10.7 25 350   M    M   8 18     34 350
 5  37  30  34 -14  31   0    T  0.0    0  8.9 22 340   M    M  10 168    27 350
 6  60  34  47  -1  18   0 0.00  0.0    0  9.8 17 160   M    M   5 8      23 150
 7  71  42  57   9   8   0 0.00  0.0    0 15.3 24 160   M    M   0 18     31 170
 8  75  51  63  15   2   0 0.00  0.0    0  7.0 20 180   M    M   0 18     25 180
 9  77  50  64  16   1   0 0.00  0.0    0  6.9 14  10   M    M   0 8      19  20
10  77  47  62  14   3   0 0.00  0.0    0 10.3 21 140   M    M   0        25 160
11  67  46  57   8   8   0 0.00  0.0    0 11.8 24 360   M    M   1 8      32 360
12  56  37  47  -2  18   0 0.00  0.0    0  9.6 21 360   M    M   1 8      26  10
13  69  36  53   4  12   0 0.00  0.0    0  5.3 17 230   M    M   0 8      24 210
14  79  41  60  11   5   0 0.00  0.0    0  5.1 15 210   M    M   0 8      19 210
15  74  49  62  13   3   0 0.03  0.0    0 11.1 24 190   M    M   4 18     31 180
16  49  30  40 -10  25   0 0.28    M    0 14.4 23 320   M    M   8 138    31 330
17  55  27  41  -9  24   0    T    M    0  7.3 22 350   M    M   6 18     27 350
18  59  33  46  -4  19   0 0.00  0.0    0  4.5 13  60   M    M   0 18     17  50
19  62  35  49  -1  16   0 0.00  0.0    0 11.5 22 150   M    M   0        25 130
20  71  50  61  11   4   0 0.00  0.0    0 17.7 29 180   M    M   6 18     37 180
21  67  48  58   7   7   0 0.00  0.0    0 12.3 23 330   M    M   5 18     30 320
22  50  29  40 -11  25   0 1.19    M    0 16.1 28 360   M    M  10 168    33  10
23  29  26  28 -23  37   0    M    M    M 15.0 28  20   M    M  10 1368   33  20
24  38  26  32 -19  33   0    T    M    0  5.7 14 320   M    M   4 18     16 330
25  54  33  44  -8  21   0 0.81    M    0  4.5 14 280   M    M   4 128    18 280
26  39  32  36 -16  29   0    T    T    0 15.0 28 360   M    M   8 18     35 350
27  32  24  28 -24  37   0    T  2.1    0  9.7 17  50   M    M   9 126    23  30
================================================================================
SM 1560  985       474   0  2.31     2.1 278.5          M      107
================================================================================
AV 57.8 36.5                              10.3 FASTST   M    M   4    MAX(MPH)
                                 MISC ---->  # 29 180               # 37  180
================================================================================
NOTES:
# LAST OF SEVERAL OCCURRENCES

COLUMN 17 PEAK WIND IN M.P.H.

PRELIMINARY LOCAL CLIMATOLOGICAL DATA (WS FORM: F-6) , PAGE 2

                                          STATION:  FORT WORTH MEACHAM
                                          MONTH:    FEBRUARY
                                          YEAR:     2015
                                          LATITUDE:   32 49 N
                                          LONGITUDE:  97 21 W

[TEMPERATURE DATA]      [PRECIPITATION DATA]       SYMBOLS USED IN COLUMN 16

AVERAGE MONTHLY: 47.1   TOTAL FOR MONTH:   2.31    1 = FOG OR MIST
DPTR FM NORMAL:  -2.2   DPTR FM NORMAL:   -0.23    2 = FOG REDUCING VISIBILITY
HIGHEST:    79 ON 14    GRTST 24HR  1.19 ON 22-22      TO 1/4 MILE OR LESS
LOWEST:     24 ON 27, 2                            3 = THUNDER
                        SNOW, ICE PELLETS, HAIL    4 = ICE PELLETS
                        TOTAL MONTH:   2.1 INCHES  5 = HAIL
                        GRTST 24HR   2.1 ON   M    6 = FREEZING RAIN OR DRIZZLE
                        GRTST DEPTH:   0           7 = DUSTSTORM OR SANDSTORM:
                                                       VSBY 1/2 MILE OR LESS
                                                   8 = SMOKE OR HAZE
[NO. OF DAYS WITH]      [WEATHER - DAYS WITH]      9 = BLOWING SNOW
                                                   X = TORNADO
MAX 32 OR BELOW:   2    0.01 INCH OR MORE:   4
MAX 90 OR ABOVE:   0    0.10 INCH OR MORE:   3
MIN 32 OR BELOW:   9    0.50 INCH OR MORE:   2
MIN  0 OR BELOW:   0    1.00 INCH OR MORE:   1

[HDD (BASE 65) ]
TOTAL THIS MO.   474    CLEAR  (SCALE 0-3)  12
DPTR FM NORMAL    45    PTCLDY (SCALE 4-7)  10
TOTAL FM JUL 1  1851    CLOUDY (SCALE 8-10)  5
DPTR FM NORMAL  -123

[CDD (BASE 65) ]
TOTAL THIS MO.     0
DPTR FM NORMAL     0    [PRESSURE DATA]
TOTAL FM JAN 1     1    HIGHEST SLP M ON M
DPTR FM NORMAL    -1    LOWEST  SLP 29.63 ON 21

[REMARKS]
