828
CXUS56 KSGX 261445
CF6FUL
PRELIMINARY LOCAL CLIMATOLOGICAL DATA (WS FORM: F-6)

                                          STATION:   FULLERTON AIRPORT CA
                                          MONTH:     APRIL
                                          YEAR:      2017
                                          LATITUDE:   33 52 N
                                          LONGITUDE: 117 58 W

  TEMPERATURE IN F:       :PCPN:    SNOW:  WIND      :SUNSHINE: SKY     :PK WND
================================================================================
1   2   3   4   5  6A  6B    7    8   9   10  11  12  13   14  15   16   17  18
                                     12Z  AVG MX 2MIN
DY MAX MIN AVG DEP HDD CDD  WTR  SNW DPTH SPD SPD DIR MIN PSBL S-S WX    SPD DR
================================================================================

 1  76  50  63   2   2   0 0.00  0.0    0  3.3 10 230   M    M   0        16 210
 2  78  53  66   5   0   1 0.00  0.0    0  4.0 12 220   M    M   1        16 200
 3  68  57  63   2   2   0 0.00  0.0    0  4.2 10 210   M    M   8        17 220
 4  76  59  68   7   0   3 0.00  0.0    0  2.2 12 200   M    M   4 8      16 230
 5  85  56  71  10   0   6 0.00  0.0    0  2.9 13 200   M    M   0 18     17 190
 6  79  57  68   7   0   3 0.00  0.0    0  3.5 12 220   M    M   2 128    15 220
 7  73  58  66   5   0   1 0.00  0.0    0  4.8 10 180   M    M   5        14 220
 8  71  56  64   2   1   0 0.03  0.0    0  5.6 14 190   M    M   6 1      21 220
 9  75  51  63   1   2   0 0.00  0.0    0  3.7 13 220   M    M   2        16 230
10  79  49  64   2   1   0 0.00  0.0    0  3.5 12 200   M    M   1        16 200
11  76  50  63   1   2   0 0.00  0.0    0  3.8 12 200   M    M   2        16 220
12  76  53  65   3   0   0 0.00  0.0    0  4.7 13 220   M    M   0        19 260
13  75  56  66   4   0   1 0.00  0.0    0  4.9 16 210   M    M   3        25 210
14  72  52  62   0   3   0 0.00  0.0    0  4.6 13 210   M    M   2        19 210
15  76  50  63   1   2   0 0.00  0.0    0  2.9 12 190   M    M   1        15 190
16  79  54  67   4   0   2 0.00  0.0    0  3.1 12 200   M    M   2        16 220
17  80  54  67   4   0   2 0.00  0.0    0  4.6 13 240   M    M   4        18 240
18  78  61  70   7   0   5 0.00  0.0    0  4.6 14 220   M    M   7 18     22 240
19  77  61  69   6   0   4 0.00  0.0    0  4.4 12 230   M    M   4        18 270
20  79  57  68   5   0   3 0.00  0.0    0  3.9 12 280   M    M   0        18 300
21  91  56  74  11   0   9 0.00  0.0    0  3.5 12 220   M    M   0        16 220
22  91  59  75  11   0  10 0.00  0.0    0  3.2 12 210   M    M   1        17 210
23  80  61  71   7   0   6 0.00  0.0    0  4.3 15 220   M    M   1        19 220
24  73  61  67   3   0   2 0.00  0.0    0  5.7 13 210   M    M   6        18 280
25  79  60  70   6   0   5 0.00  0.0    0  5.2 15 220   M    M   3        24 240
================================================================================
SM 1942 1391        15  63  0.03     0.0 101.1          M       65
================================================================================
AV 77.7 55.6                               4.0 FASTST   M    M   3    MAX(MPH)
                                 MISC ---->  # 16 210               # 25  210
================================================================================
NOTES:
# LAST OF SEVERAL OCCURRENCES

COLUMN 17 PEAK WIND IN M.P.H.

PRELIMINARY LOCAL CLIMATOLOGICAL DATA (WS FORM: F-6) , PAGE 2

                                          STATION:  FULLERTON AIRPORT CA
                                          MONTH:    APRIL
                                          YEAR:     2017
                                          LATITUDE:   33 52 N
                                          LONGITUDE: 117 58 W

[TEMPERATURE DATA]      [PRECIPITATION DATA]       SYMBOLS USED IN COLUMN 16

AVERAGE MONTHLY: 66.7   TOTAL FOR MONTH:   0.03    1 = FOG OR MIST
DPTR FM NORMAL:   4.4   DPTR FM NORMAL:   -0.71    2 = FOG REDUCING VISIBILITY
HIGHEST:    91 ON 22,21 GRTST 24HR  0.03 ON  8- 8      TO 1/4 MILE OR LESS
LOWEST:     49 ON 10                               3 = THUNDER
                        SNOW, ICE PELLETS, HAIL    4 = ICE PELLETS
                        TOTAL MONTH:   0.0 INCH    5 = HAIL
                        GRTST 24HR     0.0         6 = FREEZING RAIN OR DRIZZLE
                        GRTST DEPTH:   0           7 = DUSTSTORM OR SANDSTORM:
                                                       VSBY 1/2 MILE OR LESS
                                                   8 = SMOKE OR HAZE
[NO. OF DAYS WITH]      [WEATHER - DAYS WITH]      9 = BLOWING SNOW
                                                   X = TORNADO
MAX 32 OR BELOW:   0    0.01 INCH OR MORE:   1
MAX 90 OR ABOVE:   2    0.10 INCH OR MORE:   0
MIN 32 OR BELOW:   0    0.50 INCH OR MORE:   0
MIN  0 OR BELOW:   0    1.00 INCH OR MORE:   0

[HDD (BASE 65) ]
TOTAL THIS MO.    15    CLEAR  (SCALE 0-3)  17
DPTR FM NORMAL   -77    PTCLDY (SCALE 4-7)   8
TOTAL FM JUL 1   769    CLOUDY (SCALE 8-10)  0
DPTR FM NORMAL  -415

[CDD (BASE 65) ]
TOTAL THIS MO.    63
DPTR FM NORMAL    40    [PRESSURE DATA]
TOTAL FM JAN 1   104    HIGHEST SLP M ON M
DPTR FM NORMAL    59    LOWEST  SLP 29.80 ON 25

[REMARKS]
