000
CXUS56 KSGX 261545
CF6FUL
PRELIMINARY LOCAL CLIMATOLOGICAL DATA (WS FORM: F-6)

                                          STATION:   FULLERTON AIRPORT CA
                                          MONTH:     AUGUST
                                          YEAR:      2016
                                          LATITUDE:   33 52 N
                                          LONGITUDE: 117 58 W

  TEMPERATURE IN F:       :PCPN:    SNOW:  WIND      :SUNSHINE: SKY     :PK WND
================================================================================
1   2   3   4   5  6A  6B    7    8   9   10  11  12  13   14  15   16   17  18
                                     12Z  AVG MX 2MIN
DY MAX MIN AVG DEP HDD CDD  WTR  SNW DPTH SPD SPD DIR MIN PSBL S-S WX    SPD DR
================================================================================

 1  88  70  79   4   0  14 0.00  0.0    0  3.8 14 190   M    M   0        18 200
 2  89  69  79   4   0  14 0.00  0.0    0  4.2 10 200   M    M   2        15 270
 3  86  68  77   2   0  12 0.00  0.0    0  4.5 12 170   M    M   4        17 210
 4  87  69  78   3   0  13 0.00  0.0    0  4.1 12 210   M    M   2        16 210
 5  84  67  76   1   0  11 0.00  0.0    0  4.1 12 210   M    M   4 18     17 190
 6  84  67  76   1   0  11 0.00  0.0    0  3.2 13 210   M    M   5        20 200
 7  84  66  75   0   0  10 0.00  0.0    0  4.3 13 190   M    M   5        16 190
 8  81  68  75   0   0  10 0.00  0.0    0  4.5 13 200   M    M   6        17 200
 9  81  66  74  -1   0   9 0.00  0.0    0  4.6 10 200   M    M   5        15 210
10  85  66  76   1   0  11 0.00  0.0    0  5.1 12 190   M    M   3        16 210
11  83  67  75   0   0  10 0.00  0.0    0  3.7 14 170   M    M   3        17 170
12  88  67  78   3   0  13 0.00  0.0    0  4.2 12 290   M    M   1        16 300
13  93  68  81   6   0  16 0.00  0.0    0  3.1 13 210   M    M   0        17 220
14  94  70  82   7   0  17 0.00  0.0    0  2.8 12 220   M    M   0        17 180
15  99  69  84   9   0  19 0.00  0.0    0  3.3 12 200   M    M   0        16 190
16  97  64  81   5   0  16 0.00  0.0    0  3.2 12 170   M    M   0        15 170
17  95  61  78   2   0  13 0.00  0.0    0  3.3  9 210   M    M   1 128    12 190
18  87  63  75  -1   0  10 0.00  0.0    0  3.6 10 220   M    M   1 18     14 220
19  90  64  77   1   0  12 0.00  0.0    0  3.4 10 290   M    M   0 8      14 300
20  86  65  76   0   0  11 0.00  0.0    0  3.3 10 280   M    M   0        15 290
21  89  65  77   1   0  12 0.00  0.0    0  2.9 12 290   M    M   0        14 280
22  85  65  75  -1   0  10 0.00  0.0    0  3.7 10 180   M    M   0        15 200
23  85  66  76   0   0  11 0.00  0.0    0  3.1 10 200   M    M   0        14 220
24  87  65  76   0   0  11 0.00  0.0    0  3.2 12 210   M    M   0        15 220
25  80  67  74  -2   0   9 0.00  0.0    0  4.1 12 220   M    M   3        18 200
================================================================================
SM 2187 1662         0 305  0.00     0.0  93.3          M       45
================================================================================
AV 87.5 66.5                               3.7 FASTST   M    M   2    MAX(MPH)
                                 MISC ---->  # 14 190               # 20  200
================================================================================
NOTES:
# LAST OF SEVERAL OCCURRENCES

COLUMN 17 PEAK WIND IN M.P.H.

PRELIMINARY LOCAL CLIMATOLOGICAL DATA (WS FORM: F-6) , PAGE 2

                                          STATION:  FULLERTON AIRPORT CA
                                          MONTH:    AUGUST
                                          YEAR:     2016
                                          LATITUDE:   33 52 N
                                          LONGITUDE: 117 58 W

[TEMPERATURE DATA]      [PRECIPITATION DATA]       SYMBOLS USED IN COLUMN 16

AVERAGE MONTHLY: 77.0   TOTAL FOR MONTH:   0.00    1 = FOG OR MIST
DPTR FM NORMAL:   1.6   DPTR FM NORMAL:   -0.04    2 = FOG REDUCING VISIBILITY
HIGHEST:    99 ON 15    GRTST 24HR  0.00 ON 25-25      TO 1/4 MILE OR LESS
LOWEST:     61 ON 17                               3 = THUNDER
                        SNOW, ICE PELLETS, HAIL    4 = ICE PELLETS
                        TOTAL MONTH:   0.0 INCH    5 = HAIL
                        GRTST 24HR     0.0         6 = FREEZING RAIN OR DRIZZLE
                        GRTST DEPTH:   0           7 = DUSTSTORM OR SANDSTORM:
                                                       VSBY 1/2 MILE OR LESS
                                                   8 = SMOKE OR HAZE
[NO. OF DAYS WITH]      [WEATHER - DAYS WITH]      9 = BLOWING SNOW
                                                   X = TORNADO
MAX 32 OR BELOW:   0    0.01 INCH OR MORE:   0
MAX 90 OR ABOVE:   6    0.10 INCH OR MORE:   0
MIN 32 OR BELOW:   0    0.50 INCH OR MORE:   0
MIN  0 OR BELOW:   0    1.00 INCH OR MORE:   0

[HDD (BASE 65) ]
TOTAL THIS MO.     0    CLEAR  (SCALE 0-3)  18
DPTR FM NORMAL     0    PTCLDY (SCALE 4-7)   7
TOTAL FM JUL 1     0    CLOUDY (SCALE 8-10)  0
DPTR FM NORMAL     0

[CDD (BASE 65) ]
TOTAL THIS MO.   305
DPTR FM NORMAL    47    [PRESSURE DATA]
TOTAL FM JAN 1  1204    HIGHEST SLP M ON M
DPTR FM NORMAL   404    LOWEST  SLP 29.75 ON  7

[REMARKS]
