000
CXUS52 KMFL 291000
CF6FXE
PRELIMINARY LOCAL CLIMATOLOGICAL DATA (WS FORM: F-6)

                                          STATION:   FORT LAUDERDALE EXEC ARPT
                                          MONTH:     JULY
                                          YEAR:      2014
                                          LATITUDE:   26 12 N
                                          LONGITUDE:  80 11 W

  TEMPERATURE IN F:       :PCPN:    SNOW:  WIND      :SUNSHINE: SKY     :PK WND
================================================================================
1   2   3   4   5  6A  6B    7    8   9   10  11  12  13   14  15   16   17  18
                                     12Z  AVG MX 2MIN
DY MAX MIN AVG DEP HDD CDD  WTR  SNW DPTH SPD SPD DIR MIN PSBL S-S WX    SPD DR
================================================================================

 1  89  76  83   0   0  18 0.32  0.0    0 10.2 22 260   M    M   6 1      28 270
 2  94  74  84   1   0  19 0.45  0.0    0  6.2 35 280   M    M   3 138    43 280
 3  94  78  86   3   0  21 0.00  0.0    0  7.3 29 150   M    M   2        35 150
 4  91  75  83   0   0  18 0.02  0.0    0  4.0 18 120   M    M   4 138    23 290
 5  88  76  82  -1   0  17 0.13  0.0    0  3.4 13 140   M    M   4 138    16 140
 6  85  75  80  -3   0  15 1.24  0.0    0  3.4 21 100   M    M   5 13     26 110
 7  89  77  83   0   0  18 0.09  0.0    0  5.7 17 140   M    M   4 13     22 140
 8  89  76  83   0   0  18 0.12  0.0    0  3.7 12 100   M    M   2 13      M  M
 9  92  76  84   1   0  19 0.07  0.0    0  3.7 24 100   M    M   3 13     28 110
10  88  75  82  -1   0  17 0.13  0.0    0  3.4 21  90   M    M   3 13     25  90
11  90  76  83   0   0  18 0.00  0.0    0  8.6 16  80   M    M   3        27  90
12  91  77  84   1   0  19 0.00  0.0    0  8.2 18 100   M    M   4        22 100
13  89  78  84   1   0  19 0.13  0.0    0  9.9 20  90   M    M   3 13     24 130
14  90  77  84   1   0  19 0.00  0.0    0  4.1 16 110   M    M   3 3      21 120
15  90  75  83   0   0  18 0.09  0.0    0  3.5 20 220   M    M   2 13     23 220
16  92  76  84   1   0  19 0.36  0.0    0  4.8 23 250   M    M   2 13     32 250
17  89  74  82  -1   0  17 0.25  0.0    0  4.2 25 290   M    M   3 13     32 290
18  95  76  86   3   0  21    T  0.0    0  5.0 16  80   M    M   3        20  80
19  92  77  85   2   0  20    T  0.0    0  5.3 15 100   M    M   2 3      18 350
20  92  78  85   1   0  20 0.00  0.0    0  6.1 15 100   M    M   3        19 100
21  91  77  84   0   0  19 0.05  0.0    0  4.6 17 110   M    M   4 13     21 140
22  90  76  83  -1   0  18 1.81  0.0    0  3.8 18 150   M    M   4 123    23 150
23  89  77  83  -1   0  18 0.56  0.0    0  3.8 17 180   M    M   3 13     23 180
24  90  77  84   0   0  19 0.12  0.0    0  4.5 18 250   M    M   2 3      23 240
25  91  77  84   0   0  19 0.00  0.0    0  4.4 16 110   M    M   3 3      19 110
26  89  76  83  -1   0  18 0.23  0.0    0  3.3 14 110   M    M   2 13X    18 120
27  93  78  86   2   0  21 0.00  0.0    0  5.3 15 130   M    M   3        19 130
28  96  80  88   4   0  23    T  0.0    0  5.6 13 150   M    M   3        16 160
================================================================================
SM 2538 2140         0 525  6.17     0.0 146.0          M       88
================================================================================
AV 90.6 76.4                               5.2 FASTST   M    M   3    MAX(MPH)
                                 MISC ---->  # 35 280               # 43  280
================================================================================
NOTES:
# LAST OF SEVERAL OCCURRENCES

COLUMN 17 PEAK WIND IN M.P.H.

PRELIMINARY LOCAL CLIMATOLOGICAL DATA (WS FORM: F-6) , PAGE 2

                                          STATION:  FORT LAUDERDALE EXEC ARPT
                                          MONTH:    JULY
                                          YEAR:     2014
                                          LATITUDE:   26 12 N
                                          LONGITUDE:  80 11 W

[TEMPERATURE DATA]      [PRECIPITATION DATA]       SYMBOLS USED IN COLUMN 16

AVERAGE MONTHLY: 83.5   TOTAL FOR MONTH:   6.17    1 = FOG OR MIST
DPTR FM NORMAL:   0.2   DPTR FM NORMAL:    0.39    2 = FOG REDUCING VISIBILITY
HIGHEST:    96 ON 28    GRTST 24HR  2.23 ON 22-23      TO 1/4 MILE OR LESS
LOWEST:     74 ON 17, 2                            3 = THUNDER
                        SNOW, ICE PELLETS, HAIL    4 = ICE PELLETS
                        TOTAL MONTH:   0.0 INCH    5 = HAIL
                        GRTST 24HR     0.0         6 = FREEZING RAIN OR DRIZZLE
                        GRTST DEPTH:   0           7 = DUSTSTORM OR SANDSTORM:
                                                       VSBY 1/2 MILE OR LESS
                                                   8 = SMOKE OR HAZE
[NO. OF DAYS WITH]      [WEATHER - DAYS WITH]      9 = BLOWING SNOW
                                                   X = TORNADO
MAX 32 OR BELOW:   0    0.01 INCH OR MORE:  18
MAX 90 OR ABOVE:  18    0.10 INCH OR MORE:  13
MIN 32 OR BELOW:   0    0.50 INCH OR MORE:   3
MIN  0 OR BELOW:   0    1.00 INCH OR MORE:   2

[HDD (BASE 65) ]
TOTAL THIS MO.     0    CLEAR  (SCALE 0-3)  14
DPTR FM NORMAL     0    PTCLDY (SCALE 4-7)  14
TOTAL FM JUL 1     0    CLOUDY (SCALE 8-10)  0
DPTR FM NORMAL     0

[CDD (BASE 65) ]
TOTAL THIS MO.   525
DPTR FM NORMAL    13    [PRESSURE DATA]
TOTAL FM JAN 1  2484    HIGHEST SLP M ON M
DPTR FM NORMAL   278    LOWEST  SLP 29.85 ON  1

[REMARKS]
