000
CXUS52 KMFL 011000
CF6FXE
PRELIMINARY LOCAL CLIMATOLOGICAL DATA (WS FORM: F-6)

                                          STATION:   FORT LAUDERDALE EXEC ARPT
                                          MONTH:     AUGUST
                                          YEAR:      2015
                                          LATITUDE:   26 12 N
                                          LONGITUDE:  80 11 W

  TEMPERATURE IN F:       :PCPN:    SNOW:  WIND      :SUNSHINE: SKY     :PK WND
================================================================================
1   2   3   4   5  6A  6B    7    8   9   10  11  12  13   14  15   16   17  18
                                     12Z  AVG MX 2MIN
DY MAX MIN AVG DEP HDD CDD  WTR  SNW DPTH SPD SPD DIR MIN PSBL S-S WX    SPD DR
================================================================================

 1  92  76  84   0   0  19 0.04  0.0    0  5.3 17 150   M    M   4        23 120
 2  92  73  83  -1   0  18 1.29  0.0    0  6.8 28 220   M    M   4 138    36 230
 3  92  72  82  -2   0  17 0.01  0.0    0  3.9 20 140   M    M   3 1      25 140
 4  92  73  83  -1   0  18    T  0.0    0  4.4 14 110   M    M   2        17  90
 5  94  79  87   3   0  22 0.00  0.0    0  6.4 16 110   M    M   3        21 120
 6  94  77  86   2   0  21 0.00  0.0    0  5.8 16 110   M    M   1        23 120
 7  94  77  86   2   0  21 0.00  0.0    0  5.3 18 200   M    M   2 3      23 200
 8  97  77  87   3   0  22 0.01  0.0    0  5.2 18 290   M    M   3        26 230
 9  95  75  85   1   0  20 0.01  0.0    0  4.7 16 110   M    M   3        23 320
10  96  77  87   3   0  22 0.01  0.0    0  3.9 16 110   M    M   2        21 180
11  95  76  86   2   0  21 0.01  0.0    0  4.9 22 250   M    M   3 3      29 250
12  96  78  87   3   0  22 0.00  0.0    0  5.6 15 140   M    M   3 3      19 120
13  93  73  83  -1   0  18 0.97  0.0    0  6.1 21 300   M    M   3 138    27 290
14  90  74  82  -2   0  17 0.00  0.0    0  5.8 16 100   M    M   2 38     19 100
15  90  77  84   0   0  19 0.39  0.0    0  6.0 15 100   M    M   3 13     19 110
16  90  77  84   0   0  19 0.45  0.0    0  7.7 25 100   M    M   2 138    29 100
17  91  80  86   2   0  21 0.12  0.0    0 10.2 15 100   M    M   2        23 100
18  93  82  88   4   0  23    T  0.0    0  9.5 17 120   M    M   3        24 120
19  93  81  87   4   0  22 0.00  0.0    0  7.9 17 110   M    M   2        24 120
20  93  81  87   4   0  22 0.00  0.0    0  6.8 15 110   M    M   3 3      20 100
21  93  80  87   4   0  22 0.00  0.0    0  4.5 15 100   M    M   2        18 130
22  94  78  86   3   0  21 0.00  0.0    0  5.3 16 290   M    M   2 3      23 300
23  95  78  87   4   0  22    T  0.0    0  6.9 17  80   M    M   2        24  80
24  92  77  85   2   0  20 0.80  0.0    0  5.4 14 340   M    M   3 1      18 340
25  94  79  87   4   0  22    T  0.0    0  4.6 15 100   M    M   2 3      19 100
26  92  73  83   0   0  18 1.64  0.0    0  3.5 26 230   M    M   4 13     33 250
27  89  75  82  -1   0  17    T  0.0    0  5.0 16 340   M    M   4        23 340
28  93  77  85   2   0  20 0.05  0.0    0  5.6 23  90   M    M   3        26  80
29  91  78  85   2   0  20 0.39  0.0    0 12.9 29  90   M    M   5 38     38  80
30  86  74  80  -3   0  15 1.29  0.0    0 10.1 24 170   M    M   6 13     32 160
31  91  77  84   1   0  19 0.00  0.0    0  7.9 18 140   M    M   2        23 130
================================================================================
SM 2872 2381         0 620  7.48     0.0 193.9          M       88
================================================================================
AV 92.6 76.8                               6.3 FASTST   M    M   3    MAX(MPH)
                                 MISC ---->  # 29  90               # 38   80
================================================================================
NOTES:
# LAST OF SEVERAL OCCURRENCES

COLUMN 17 PEAK WIND IN M.P.H.

PRELIMINARY LOCAL CLIMATOLOGICAL DATA (WS FORM: F-6) , PAGE 2

                                          STATION:  FORT LAUDERDALE EXEC ARPT
                                          MONTH:    AUGUST
                                          YEAR:     2015
                                          LATITUDE:   26 12 N
                                          LONGITUDE:  80 11 W

[TEMPERATURE DATA]      [PRECIPITATION DATA]       SYMBOLS USED IN COLUMN 16

AVERAGE MONTHLY: 84.7   TOTAL FOR MONTH:   7.48    1 = FOG OR MIST
DPTR FM NORMAL:   1.2   DPTR FM NORMAL:    0.70    2 = FOG REDUCING VISIBILITY
HIGHEST:    97 ON  8    GRTST 24HR  1.64 ON 26-26      TO 1/4 MILE OR LESS
LOWEST:     72 ON  3                               3 = THUNDER
                        SNOW, ICE PELLETS, HAIL    4 = ICE PELLETS
                        TOTAL MONTH:   0.0 INCH    5 = HAIL
                        GRTST 24HR     0.0         6 = FREEZING RAIN OR DRIZZLE
                        GRTST DEPTH:   0           7 = DUSTSTORM OR SANDSTORM:
                                                       VSBY 1/2 MILE OR LESS
                                                   8 = SMOKE OR HAZE
[NO. OF DAYS WITH]      [WEATHER - DAYS WITH]      9 = BLOWING SNOW
                                                   X = TORNADO
MAX 32 OR BELOW:   0    0.01 INCH OR MORE:  16
MAX 90 OR ABOVE:  29    0.10 INCH OR MORE:   9
MIN 32 OR BELOW:   0    0.50 INCH OR MORE:   5
MIN  0 OR BELOW:   0    1.00 INCH OR MORE:   3

[HDD (BASE 65) ]
TOTAL THIS MO.     0    CLEAR  (SCALE 0-3)  21
DPTR FM NORMAL     0    PTCLDY (SCALE 4-7)  10
TOTAL FM JUL 1     0    CLOUDY (SCALE 8-10)  0
DPTR FM NORMAL     0

[CDD (BASE 65) ]
TOTAL THIS MO.   620
DPTR FM NORMAL    47    [PRESSURE DATA]
TOTAL FM JAN 1  3376    HIGHEST SLP 30.13 ON  5
DPTR FM NORMAL   543    LOWEST  SLP 29.88 ON 25

[REMARKS]
#FINAL-08-15#
