000
CXUS52 KMFL 221000
CF6FXE
PRELIMINARY LOCAL CLIMATOLOGICAL DATA (WS FORM: F-6)

                                          STATION:   FORT LAUDERDALE EXEC ARPT
                                          MONTH:     SEPTEMBER
                                          YEAR:      2014
                                          LATITUDE:   26 12 N
                                          LONGITUDE:  80 11 W

  TEMPERATURE IN F:       :PCPN:    SNOW:  WIND      :SUNSHINE: SKY     :PK WND
================================================================================
1   2   3   4   5  6A  6B    7    8   9   10  11  12  13   14  15   16   17  18
                                     12Z  AVG MX 2MIN
DY MAX MIN AVG DEP HDD CDD  WTR  SNW DPTH SPD SPD DIR MIN PSBL S-S WX    SPD DR
================================================================================

 1  92  82  87   4   0  22 0.00  0.0    0 10.5 18 100   M    M   2 X      23 100
 2  91  77  84   1   0  19 0.07  0.0    0  7.5 17 100   M    M   2 1      21 100
 3  88  76  82  -1   0  17 0.19  0.0    0  6.6 20 130   M    M   3        24 130
 4  91  76  84   2   0  19 0.37  0.0    0  4.6 17 180   M    M   2 13     21 180
 5  91  78  85   3   0  20 0.01  0.0    0  6.8 17 110   M    M   3        23 120
 6  89  81  85   3   0  20 0.04  0.0    0  7.2 17  80   M    M   5 3      21 110
 7  90  79  85   3   0  20 0.00  0.0    0  6.7 20 120   M    M   3        25 110
 8  91  77  84   2   0  19 0.00  0.0    0  7.7 18 110   M    M   3 3      24 110
 9  90  76  83   1   0  18 0.41  0.0    0  9.4 20 130   M    M   2 1      27 120
10  89  78  84   2   0  19 0.02  0.0    0  9.6 17 120   M    M   2 1      25 120
11  85  76  81  -1   0  16 0.97  0.0    0  2.7 12 180   M    M   6 1      13 200
12  88  73  81  -1   0  16 1.31  0.0    0  9.3 18 220   M    M   6 1      24 170
13  87  74  81  -1   0  16 0.89  0.0    0  6.5 24 130   M    M   5 13     29 140
14  88  74  81  -1   0  16 0.15  0.0    0  6.2 16 110   M    M   3 1      18 110
15  89  77  83   1   0  18 0.00  0.0    0  5.9 14  90   M    M   2        19  80
16  85  76  81  -1   0  16 1.05  0.0    0  2.5 15 170   M    M   3 13     18 160
17  90  74  82   0   0  17 0.03  0.0    0  4.5 21 270   M    M   2 1      26 290
18  88  75  82   0   0  17 0.49  0.0    0  4.0 17 140   M    M   5 13     24 150
19  88  76  82   0   0  17 0.84  0.0    0  2.1 18 230   M    M   3 13     24 260
20  89  74  82   0   0  17 0.12  0.0    0  3.8 17 270   M    M   3 13     21 260
21  88  71  80  -2   0  15 2.69  0.0    0  3.4 36 360   M    M   4 138    48 210
================================================================================
SM 1867 1600         0 374  9.65     0.0 127.5          M       69
================================================================================
AV 88.9 76.2                               6.1 FASTST   M    M   3    MAX(MPH)
                                 MISC ---->  # 36 360               # 48  210
================================================================================
NOTES:
# LAST OF SEVERAL OCCURRENCES

COLUMN 17 PEAK WIND IN M.P.H.

PRELIMINARY LOCAL CLIMATOLOGICAL DATA (WS FORM: F-6) , PAGE 2

                                          STATION:  FORT LAUDERDALE EXEC ARPT
                                          MONTH:    SEPTEMBER
                                          YEAR:     2014
                                          LATITUDE:   26 12 N
                                          LONGITUDE:  80 11 W

[TEMPERATURE DATA]      [PRECIPITATION DATA]       SYMBOLS USED IN COLUMN 16

AVERAGE MONTHLY: 82.5   TOTAL FOR MONTH:   9.65    1 = FOG OR MIST
DPTR FM NORMAL:   0.4   DPTR FM NORMAL:    3.47    2 = FOG REDUCING VISIBILITY
HIGHEST:    92 ON  1    GRTST 24HR  2.69 ON 21-21      TO 1/4 MILE OR LESS
LOWEST:     71 ON 21                               3 = THUNDER
                        SNOW, ICE PELLETS, HAIL    4 = ICE PELLETS
                        TOTAL MONTH:   0.0 INCH    5 = HAIL
                        GRTST 24HR     0.0         6 = FREEZING RAIN OR DRIZZLE
                        GRTST DEPTH:   0           7 = DUSTSTORM OR SANDSTORM:
                                                       VSBY 1/2 MILE OR LESS
                                                   8 = SMOKE OR HAZE
[NO. OF DAYS WITH]      [WEATHER - DAYS WITH]      9 = BLOWING SNOW
                                                   X = TORNADO
MAX 32 OR BELOW:   0    0.01 INCH OR MORE:  17
MAX 90 OR ABOVE:   8    0.10 INCH OR MORE:  12
MIN 32 OR BELOW:   0    0.50 INCH OR MORE:   6
MIN  0 OR BELOW:   0    1.00 INCH OR MORE:   3

[HDD (BASE 65) ]
TOTAL THIS MO.     0    CLEAR  (SCALE 0-3)  11
DPTR FM NORMAL     0    PTCLDY (SCALE 4-7)  10
TOTAL FM JUL 1     0    CLOUDY (SCALE 8-10)  0
DPTR FM NORMAL     0

[CDD (BASE 65) ]
TOTAL THIS MO.   374
DPTR FM NORMAL    12    [PRESSURE DATA]
TOTAL FM JAN 1  3537    HIGHEST SLP M ON M
DPTR FM NORMAL   342    LOWEST  SLP 29.86 ON 20

[REMARKS]
