000
CXUS52 KMFL 251000
CF6FXE
PRELIMINARY LOCAL CLIMATOLOGICAL DATA (WS FORM: F-6)

                                          STATION:   FORT LAUDERDALE EXEC ARPT
                                          MONTH:     MARCH
                                          YEAR:      2017
                                          LATITUDE:   26 12 N
                                          LONGITUDE:  80 11 W

  TEMPERATURE IN F:       :PCPN:    SNOW:  WIND      :SUNSHINE: SKY     :PK WND
================================================================================
1   2   3   4   5  6A  6B    7    8   9   10  11  12  13   14  15   16   17  18
                                     12Z  AVG MX 2MIN
DY MAX MIN AVG DEP HDD CDD  WTR  SNW DPTH SPD SPD DIR MIN PSBL S-S WX    SPD DR
================================================================================

 1  86  73  80  10   0  15    T  0.0    0 10.3 18 110   M    M   2        24  90
 2  89  70  80  10   0  15 0.07  0.0    0  5.1 13 200   M    M   4        18 190
 3  80  69  75   5   0  10    T  0.0    0 11.1 21  40   M    M   7        30  20
 4  78  70  74   4   0   9 0.00  0.0    0 16.3 25  80   M    M   4        31  70
 5  77  70  74   4   0   9 0.00  0.0    0 21.5 31  90   M    M   6        38  90
 6  78  68  73   3   0   8 0.01  0.0    0 19.1 28 100   M    M   7        36  80
 7  81  69  75   5   0  10 0.02  0.0    0 16.9 21 120   M    M   6        32  80
 8  82  72  77   7   0  12 0.00  0.0    0  9.4 16 110   M    M   5        21 110
 9  83  65  74   4   0   9 0.00  0.0    0  6.0 14  90   M    M   2        20 110
10  86  64  75   4   0  10 0.00  0.0    0  5.0 12 110   M    M   2        16 330
11  85  66  76   5   0  11 0.00  0.0    0  9.0 20  90   M    M   2        26  80
12  86  70  78   7   0  13    T  0.0    0  6.2 17 140   M    M   4        22 150
13  86  66  76   5   0  11    T  0.0    0  8.4 21 130   M    M   2 3      24 130
14  79  61  70  -1   0   5 0.55  0.0    0 12.9 32 260   M    M   4 3      39 270
15  68  56  62  -9   3   0 0.00  0.0    0  8.6 17 330   M    M   1        30 310
16  73  52  63  -8   2   0 0.00  0.0    0  7.9 15  80   M    M   2        21  60
17  75  57  66  -5   0   1 0.00  0.0    0  8.6 20  90   M    M   4        26  90
18  79  59  69  -3   0   4 0.00  0.0    0  5.3 13 100   M    M   3        17  90
19  84  55  70  -2   0   5 0.00  0.0    0  8.0 18 280   M    M   1        25 280
20  78  61  70  -2   0   5 0.00  0.0    0  7.8 16  80   M    M   3        22 100
21  79  59  69  -3   0   4 0.00  0.0    0  5.3 15  80   M    M   1        19  80
22  85  59  72   0   0   7 0.00  0.0    0  4.9 13 290   M    M   0        18 290
23  84  64  74   2   0   9 0.30  0.0    0 11.1 28  80   M    M   4 3      36  60
24  81  71  76   4   0  11    T  0.0    0 18.2 25  90   M    M   6        33  80
================================================================================
SM 1942 1546         5 193  0.95     0.0 242.9          M       82
================================================================================
AV 80.9 64.4                              10.1 FASTST   M    M   3    MAX(MPH)
                                 MISC ---->  # 32 260               # 39  270
================================================================================
NOTES:
# LAST OF SEVERAL OCCURRENCES

COLUMN 17 PEAK WIND IN M.P.H.

PRELIMINARY LOCAL CLIMATOLOGICAL DATA (WS FORM: F-6) , PAGE 2

                                          STATION:  FORT LAUDERDALE EXEC ARPT
                                          MONTH:    MARCH
                                          YEAR:     2017
                                          LATITUDE:   26 12 N
                                          LONGITUDE:  80 11 W

[TEMPERATURE DATA]      [PRECIPITATION DATA]       SYMBOLS USED IN COLUMN 16

AVERAGE MONTHLY: 72.7   TOTAL FOR MONTH:   0.95    1 = FOG OR MIST
DPTR FM NORMAL:   1.8   DPTR FM NORMAL:   -2.92    2 = FOG REDUCING VISIBILITY
HIGHEST:    89 ON  2    GRTST 24HR  0.55 ON 14-14      TO 1/4 MILE OR LESS
LOWEST:     52 ON 16                               3 = THUNDER
                        SNOW, ICE PELLETS, HAIL    4 = ICE PELLETS
                        TOTAL MONTH:   0.0 INCH    5 = HAIL
                        GRTST 24HR     0.0         6 = FREEZING RAIN OR DRIZZLE
                        GRTST DEPTH:   0           7 = DUSTSTORM OR SANDSTORM:
                                                       VSBY 1/2 MILE OR LESS
                                                   8 = SMOKE OR HAZE
[NO. OF DAYS WITH]      [WEATHER - DAYS WITH]      9 = BLOWING SNOW
                                                   X = TORNADO
MAX 32 OR BELOW:   0    0.01 INCH OR MORE:   5
MAX 90 OR ABOVE:   0    0.10 INCH OR MORE:   2
MIN 32 OR BELOW:   0    0.50 INCH OR MORE:   1
MIN  0 OR BELOW:   0    1.00 INCH OR MORE:   0

[HDD (BASE 65) ]
TOTAL THIS MO.     5    CLEAR  (SCALE 0-3)  12
DPTR FM NORMAL    -6    PTCLDY (SCALE 4-7)  12
TOTAL FM JUL 1    35    CLOUDY (SCALE 8-10)  0
DPTR FM NORMAL  -129

[CDD (BASE 65) ]
TOTAL THIS MO.   193
DPTR FM NORMAL    40    [PRESSURE DATA]
TOTAL FM JAN 1   653    HIGHEST SLP M ON M
DPTR FM NORMAL   238    LOWEST  SLP 29.86 ON 14

[REMARKS]
