000
CXUS52 KMFL 301000
CF6FXE
PRELIMINARY LOCAL CLIMATOLOGICAL DATA (WS FORM: F-6)

                                          STATION:   FORT LAUDERDALE EXEC ARPT
                                          MONTH:     MAY
                                          YEAR:      2015
                                          LATITUDE:   26 12 N
                                          LONGITUDE:  80 11 W

  TEMPERATURE IN F:       :PCPN:    SNOW:  WIND      :SUNSHINE: SKY     :PK WND
================================================================================
1   2   3   4   5  6A  6B    7    8   9   10  11  12  13   14  15   16   17  18
                                     12Z  AVG MX 2MIN
DY MAX MIN AVG DEP HDD CDD  WTR  SNW DPTH SPD SPD DIR MIN PSBL S-S WX    SPD DR
================================================================================

 1  84  66  75  -1   0  10 0.00  0.0    0  7.5 15 350   M    M   1        21 260
 2  82  68  75  -2   0  10 0.00  0.0    0  9.9 18  80   M    M   4        28  70
 3  82  72  77   0   0  12 0.00  0.0    0 13.8 23  90   M    M   3        29  70
 4  81  72  77   0   0  12 0.16  0.0    0 13.9 22  80   M    M   5 1      29  80
 5  77  69  73  -4   0   8 0.49  0.0    0  8.4 24  80   M    M   8 13     32  70
 6  85  66  76  -1   0  11 0.02  0.0    0  7.0 16  60   M    M   5 1      21  10
 7  88  66  77   0   0  12 0.03  0.0    0  4.8 15 120   M    M   3        19 100
 8  90  68  79   2   0  14 0.00  0.0    0  7.6 16 150   M    M   2        19 150
 9  89  68  79   1   0  14 0.00  0.0    0  7.1 17 130   M    M   1        21 120
10  89  75  82   4   0  17 0.00  0.0    0  8.7 18 100   M    M   3        23 120
11  88  78  83   5   0  18    T  0.0    0 13.5 22 110   M    M   3        27  90
12  87  77  82   4   0  17 0.03  0.0    0 13.0 24 110   M    M   3 18     33 110
13  88  77  83   5   0  18    T  0.0    0 11.8 22 110   M    M   3        26 110
14  88  76  82   4   0  17 0.00  0.0    0 11.3 18  80   M    M   3        24  80
15  88  77  83   5   0  18 0.00  0.0    0 12.2 18  90   M    M   2        23 100
16  88  75  82   3   0  17 0.00  0.0    0 10.7 18 100   M    M   3        26  90
17  85  75  80   1   0  15 0.56  0.0    0 11.9 25  90   M    M   4 1      31  90
18  86  74  80   1   0  15 0.00  0.0    0 10.8 20  90   M    M   3        24  80
19  87  74  81   2   0  16 0.00  0.0    0  9.1 16  90   M    M   3        23  70
20  90  71  81   2   0  16 0.00  0.0    0  5.3 16  80   M    M   2        23  70
21  93  75  84   5   0  19 0.00  0.0    0  6.2 17 140   M    M   3 38     21 140
22  91  74  83   3   0  18 0.00  0.0    0  6.0 15 260   M    M   1 18     19  80
23  89  73  81   1   0  16 0.00  0.0    0  9.0 20  90   M    M   2 18     23  70
24  89  78  84   4   0  19 0.00  0.0    0 14.7 21  70   M    M   3        27  80
25  87  76  82   2   0  17 0.67  0.0    0 14.3 21  80   M    M   4 13     28 150
26  87  79  83   3   0  18    T  0.0    0 14.8 22  70   M    M   3        27 100
27  87  75  81   1   0  16 0.01  0.0    0 14.4 22  70   M    M   4        27  90
28  86  76  81   1   0  16    T  0.0    0 13.4 22  70   M    M   4        28  70
29  86  70  78  -2   0  13 0.00  0.0    0  9.8 18  90   M    M   3        22  90
================================================================================
SM 2517 2120         0 439  1.97     0.0 300.9          M       91
================================================================================
AV 86.8 73.1                              10.4 FASTST   M    M   3    MAX(MPH)
                                 MISC ---->  # 25  90               # 33  110
================================================================================
NOTES:
# LAST OF SEVERAL OCCURRENCES

COLUMN 17 PEAK WIND IN M.P.H.

PRELIMINARY LOCAL CLIMATOLOGICAL DATA (WS FORM: F-6) , PAGE 2

                                          STATION:  FORT LAUDERDALE EXEC ARPT
                                          MONTH:    MAY
                                          YEAR:     2015
                                          LATITUDE:   26 12 N
                                          LONGITUDE:  80 11 W

[TEMPERATURE DATA]      [PRECIPITATION DATA]       SYMBOLS USED IN COLUMN 16

AVERAGE MONTHLY: 79.9   TOTAL FOR MONTH:   1.97    1 = FOG OR MIST
DPTR FM NORMAL:   1.5   DPTR FM NORMAL:   -2.41    2 = FOG REDUCING VISIBILITY
HIGHEST:    93 ON 21    GRTST 24HR  0.67 ON 25-25      TO 1/4 MILE OR LESS
LOWEST:     66 ON  7, 6                            3 = THUNDER
                        SNOW, ICE PELLETS, HAIL    4 = ICE PELLETS
                        TOTAL MONTH:   0.0 INCH    5 = HAIL
                        GRTST 24HR     0.0         6 = FREEZING RAIN OR DRIZZLE
                        GRTST DEPTH:   0           7 = DUSTSTORM OR SANDSTORM:
                                                       VSBY 1/2 MILE OR LESS
                                                   8 = SMOKE OR HAZE
[NO. OF DAYS WITH]      [WEATHER - DAYS WITH]      9 = BLOWING SNOW
                                                   X = TORNADO
MAX 32 OR BELOW:   0    0.01 INCH OR MORE:   8
MAX 90 OR ABOVE:   4    0.10 INCH OR MORE:   4
MIN 32 OR BELOW:   0    0.50 INCH OR MORE:   2
MIN  0 OR BELOW:   0    1.00 INCH OR MORE:   0

[HDD (BASE 65) ]
TOTAL THIS MO.     0    CLEAR  (SCALE 0-3)  18
DPTR FM NORMAL     0    PTCLDY (SCALE 4-7)  10
TOTAL FM JUL 1   106    CLOUDY (SCALE 8-10)  1
DPTR FM NORMAL   -64

[CDD (BASE 65) ]
TOTAL THIS MO.   439
DPTR FM NORMAL    49    [PRESSURE DATA]
TOTAL FM JAN 1  1558    HIGHEST SLP M ON M
DPTR FM NORMAL   401    LOWEST  SLP 29.86 ON  1

[REMARKS]
