000
CXUS54 KOUN 290700
CF6GAG
PRELIMINARY LOCAL CLIMATOLOGICAL DATA (WS FORM: F-6)

                                          STATION:   GAGE
                                          MONTH:     MAY
                                          YEAR:      2017
                                          LATITUDE:   36 17 N
                                          LONGITUDE:  99 46 W

  TEMPERATURE IN F:       :PCPN:    SNOW:  WIND      :SUNSHINE: SKY     :PK WND
================================================================================
1   2   3   4   5  6A  6B    7    8   9   10  11  12  13   14  15   16   17  18
                                     12Z  AVG MX 2MIN
DY MAX MIN AVG DEP HDD CDD  WTR  SNW DPTH SPD SPD DIR MIN PSBL S-S WX    SPD DR
================================================================================

 1  74  33  54  -8  11   0 0.00  0.0    0 10.6 20 290   M    M   0        25 310
 2  80  45  63   1   2   0 0.01  0.0    0  9.6 30 320   M    M   2 3      39 300
 3  67  47  57  -5   8   0 0.63  0.0    0 15.6 44 300   M    M   6 13     66 290
 4  71  42  57  -6   8   0 0.00  0.0    0 11.0 24 360   M    M   1        30 350
 5  80  39  60  -3   5   0 0.00  0.0    0  6.0 13 170   M    M   0        15 170
 6  86  46  66   3   0   1 0.00  0.0    0  8.9 15 150   M    M   0        20 160
 7  87  56  72   8   0   7 0.00  0.0    0 15.8 29 170   M    M   0        35 170
 8  82  59  71   7   0   6 0.00  0.0    0 14.9 24 160   M    M   0        30 160
 9  83  61  72   8   0   7    T  0.0    0 11.7 24 170   M    M   7        32 180
10  75  58  67   2   0   2 0.94  0.0    0  9.2 26 270   M    M   7 123    31 270
11  72  52  62  -3   3   0 0.34  0.0    0 11.4 26 350   M    M   6 123    33 330
12  75  49  62  -3   3   0 0.00  0.0    0  9.0 18 360   M    M   1        26  20
13  80  44  62  -4   3   0 0.00  0.0    0 12.5 24 180   M    M   0        30 170
14  89  59  74   8   0   9 0.00  0.0    0 17.6 25 180   M    M   0        35 160
15  91  65  78  12   0  13    T  0.0    0 19.6 31 160   M    M   0        40 160
16  84  61  73   7   0   8 0.72  0.0    0 22.5 41 160   M    M   2 13     48 160
17  84  56  70   3   0   5 0.00  0.0    0 17.9 37 280   M    M   1        50 280
18  84  59  72   5   0   7 1.30  0.0    0 15.9 28 170   M    M   1 13     43 170
19  65  51  58  -9   7   0 0.05  0.0    0  9.9 24 330   M    M   7 123    32 320
20  71  45  58 -10   7   0 0.00  0.0    0 11.0 21 290   M    M   2        30 330
21  77  42  60  -8   5   0    T  0.0    0  7.5 18 150   M    M   1        22 150
22  63  52  58 -10   7   0 0.56  0.0    0  8.4 18 110   M    M   6 13     23 160
23  69  48  59  -9   6   0 0.10  0.0    0 12.2 22 340   M    M   7 1      27 340
24  79  41  60  -9   5   0 0.00  0.0    0  6.0 13 140   M    M   0        17 130
25  89  55  72   3   0   7    T  0.0    0 17.1 25 160   M    M   0        30 160
26  88  56  72   3   0   7 0.00  0.0    0  9.1 21 360   M    M   0        26 350
27  84  59  72   2   0   7    T  0.0    0 12.7 36 320   M    M   2 38     49 320
28  82  54  68  -2   0   3 0.00  0.0    0  7.2 20  10   M    M   0        25  10
================================================================================
SM 2211 1434        80  89  4.65     0.0 340.8          M       59
================================================================================
AV 79.0 51.2                              12.2 FASTST   M    M   2    MAX(MPH)
                                 MISC ---->  # 44 300               # 66  290
================================================================================
NOTES:
# LAST OF SEVERAL OCCURRENCES

COLUMN 17 PEAK WIND IN M.P.H.

PRELIMINARY LOCAL CLIMATOLOGICAL DATA (WS FORM: F-6) , PAGE 2

                                          STATION:  GAGE
                                          MONTH:    MAY
                                          YEAR:     2017
                                          LATITUDE:   36 17 N
                                          LONGITUDE:  99 46 W

[TEMPERATURE DATA]      [PRECIPITATION DATA]       SYMBOLS USED IN COLUMN 16

AVERAGE MONTHLY: 65.1   TOTAL FOR MONTH:   4.65    1 = FOG OR MIST
DPTR FM NORMAL:  -0.8   DPTR FM NORMAL:    1.78    2 = FOG REDUCING VISIBILITY
HIGHEST:    91 ON 15    GRTST 24HR  1.30 ON 18-18      TO 1/4 MILE OR LESS
LOWEST:     33 ON  1                               3 = THUNDER
                        SNOW, ICE PELLETS, HAIL    4 = ICE PELLETS
                        TOTAL MONTH:   0.0 INCH    5 = HAIL
                        GRTST 24HR     0.0         6 = FREEZING RAIN OR DRIZZLE
                        GRTST DEPTH:   0           7 = DUSTSTORM OR SANDSTORM:
                                                       VSBY 1/2 MILE OR LESS
                                                   8 = SMOKE OR HAZE
[NO. OF DAYS WITH]      [WEATHER - DAYS WITH]      9 = BLOWING SNOW
                                                   X = TORNADO
MAX 32 OR BELOW:   0    0.01 INCH OR MORE:   9
MAX 90 OR ABOVE:   1    0.10 INCH OR MORE:   7
MIN 32 OR BELOW:   0    0.50 INCH OR MORE:   5
MIN  0 OR BELOW:   0    1.00 INCH OR MORE:   1

[HDD (BASE 65) ]
TOTAL THIS MO.    80    CLEAR  (SCALE 0-3)  21
DPTR FM NORMAL     2    PTCLDY (SCALE 4-7)   7
TOTAL FM JUL 1  3225    CLOUDY (SCALE 8-10)  0
DPTR FM NORMAL -1157

[CDD (BASE 65) ]
TOTAL THIS MO.    89
DPTR FM NORMAL   -13    [PRESSURE DATA]
TOTAL FM JAN 1   191    HIGHEST SLP M ON M
DPTR FM NORMAL    53    LOWEST  SLP 29.46 ON 25

[REMARKS]
