000
CXUS53 KUNR 220945
CF6GCC
PRELIMINARY LOCAL CLIMATOLOGICAL DATA (WS FORM: F-6)

                                          STATION:   GILLETTE AIRPORT WY
                                          MONTH:     MARCH
                                          YEAR:      2017
                                          LATITUDE:   44 20 N
                                          LONGITUDE: 105 32 W

  TEMPERATURE IN F:       :PCPN:    SNOW:  WIND      :SUNSHINE: SKY     :PK WND
================================================================================
1   2   3   4   5  6A  6B    7    8   9   10  11  12  13   14  15   16   17  18
                                     12Z  AVG MX 2MIN
DY MAX MIN AVG DEP HDD CDD  WTR  SNW DPTH SPD SPD DIR MIN PSBL S-S WX    SPD DR
================================================================================

 1  42  13  28  -3  37   0 0.04    M    M 12.2 29 290   M    M   6 1      35 270
 2  41  21  31   0  34   0 0.03    M    M  9.3 20 210   M    M   5 1      23 210
 3  56  34  45  14  20   0 0.00    M    M 14.0 26 200   M    M   1        32 210
 4  63  39  51  19  14   0 0.00    M    M 24.6 37 230   M    M   0        44 230
 5  58  31  45  13  20   0 0.00    M    M 19.0 39 210   M    M   0        54 220
 6  48  24  36   4  29   0 0.03    M    M 18.8 39 230   M    M   7 18     47 240
 7  38  13  26  -6  39   0 0.00    M    M 17.3 39 300   M    M   2        48 290
 8  59  11  35   2  30   0 0.00    M    M 11.0 31 360   M    M   1        35 240
 9  30  16  23 -10  42   0 0.03    M    M  9.5 20  10   M    M   7 1      23  10
10  44  24  34   1  31   0 0.14    M    M 12.8 26 160   M    M   8 1      33 150
11  47  22  35   1  30   0 0.00    M    M 10.2 29 170   M    M   6 12     37 170
12  47  17  32  -2  33   0 0.07    M    M 15.8 40 320   M    M   8 18     48 310
13  49  16  33  -1  32   0 0.00    M    M  7.7 22 320   M    M   7        29 320
14  56  34  45  11  20   0    T    M    M  8.5 17 180   M    M  10        23 300
15  71  41  56  21   9   0 0.00    M    M  9.1 23 230   M    M   0        28 230
16  67  39  53  18  12   0 0.00    M    M 13.7 30 340   M    M   4        41 320
17  55  30  43   8  22   0 0.00    M    M  8.2 28 160   M    M   1        34 160
18  79  36  58  23   7   0 0.00    M    M 18.6 30 220   M    M   0        37 210
19  71  38  55  19  10   0 0.00    M    M  9.5 26 230   M    M   2        33 220
20  54  33  44   8  21   0 0.13    M    M  9.0 21  10   M    M   8 1      23  10
21  46  34  40   4  25   0 0.00    M    M 17.8 32 170   M    M   9        39 170
================================================================================
SM 1121  566       517   0  0.47    M    276.6          M       92
================================================================================
AV 53.4 27.0                              13.2 FASTST   M    M   4    MAX(MPH)
                                 MISC ---->  # 40 320               # 54  220
================================================================================
NOTES:
# LAST OF SEVERAL OCCURRENCES

COLUMN 17 PEAK WIND IN M.P.H.

PRELIMINARY LOCAL CLIMATOLOGICAL DATA (WS FORM: F-6) , PAGE 2

                                          STATION:  GILLETTE AIRPORT WY
                                          MONTH:    MARCH
                                          YEAR:     2017
                                          LATITUDE:   44 20 N
                                          LONGITUDE: 105 32 W

[TEMPERATURE DATA]      [PRECIPITATION DATA]       SYMBOLS USED IN COLUMN 16

AVERAGE MONTHLY: 40.2   TOTAL FOR MONTH:   0.47    1 = FOG OR MIST
DPTR FM NORMAL:   6.6   DPTR FM NORMAL:   -0.11    2 = FOG REDUCING VISIBILITY
HIGHEST:    79 ON 18    GRTST 24HR  0.14 ON 10-10      TO 1/4 MILE OR LESS
LOWEST:     11 ON  8                               3 = THUNDER
                        SNOW, ICE PELLETS, HAIL    4 = ICE PELLETS
                        TOTAL MONTH:    M          5 = HAIL
                        GRTST 24HR    M  ON   M    6 = FREEZING RAIN OR DRIZZLE
                        GRTST DEPTH:  M  ON   M    7 = DUSTSTORM OR SANDSTORM:
                                                       VSBY 1/2 MILE OR LESS
                                                   8 = SMOKE OR HAZE
[NO. OF DAYS WITH]      [WEATHER - DAYS WITH]      9 = BLOWING SNOW
                                                   X = TORNADO
MAX 32 OR BELOW:   1    0.01 INCH OR MORE:   7
MAX 90 OR ABOVE:   0    0.10 INCH OR MORE:   2
MIN 32 OR BELOW:  12    0.50 INCH OR MORE:   0
MIN  0 OR BELOW:   0    1.00 INCH OR MORE:   0

[HDD (BASE 65) ]
TOTAL THIS MO.   517    CLEAR  (SCALE 0-3)   9
DPTR FM NORMAL  -144    PTCLDY (SCALE 4-7)   8
TOTAL FM JUL 1  5274    CLOUDY (SCALE 8-10)  4
DPTR FM NORMAL  -795

[CDD (BASE 65) ]
TOTAL THIS MO.     0
DPTR FM NORMAL     0    [PRESSURE DATA]
TOTAL FM JAN 1     0    HIGHEST SLP M ON M
DPTR FM NORMAL     0    LOWEST  SLP 28.88 ON  6

[REMARKS]
