000
CXUS53 KUNR 240945
CF6GCC
PRELIMINARY LOCAL CLIMATOLOGICAL DATA (WS FORM: F-6)

                                          STATION:   GILLETTE AIRPORT WY
                                          MONTH:     FEBRUARY
                                          YEAR:      2017
                                          LATITUDE:   44 20 N
                                          LONGITUDE: 105 32 W

  TEMPERATURE IN F:       :PCPN:    SNOW:  WIND      :SUNSHINE: SKY     :PK WND
================================================================================
1   2   3   4   5  6A  6B    7    8   9   10  11  12  13   14  15   16   17  18
                                     12Z  AVG MX 2MIN
DY MAX MIN AVG DEP HDD CDD  WTR  SNW DPTH SPD SPD DIR MIN PSBL S-S WX    SPD DR
================================================================================

 1  15   6  11 -15  54   0 0.08    M    M  8.8 17 330   M    M  10 1      19 330
 2  11  -7   2 -24  63   0 0.04    M    M  4.8 10 350   M    M  10 18     12 350
 3  40 -13  14 -12  51   0    T    M    M 20.5 37 170   M    M   2 18     42 220
 4  38   9  24  -2  41   0 0.00    M    M 11.0 36 230   M    M   0        43 230
 5  45  35  40  14  25   0 0.00    M    M 22.6 32 230   M    M   1        38 230
 6  43  12  28   2  37   0    T    M    M 12.7 35 200   M    M   1 1      42 200
 7  20   5  13 -13  52   0 0.04    M    M  7.9 23 340   M    M   9 18     28 340
 8  30  -8  11 -15  54   0 0.02    M    M  7.3 17 180   M    M   3 18     21 180
 9  52  18  35   9  30   0 0.00    M    M 21.5 31 200   M    M   0        37 200
10  58  34  46  20  19   0 0.00    M    M 13.4 33 220   M    M   2        42 220
11  42  21  32   6  33   0 0.00    M    M 12.1 31 320   M    M   4        36 320
12  49  22  36   9  29   0 0.00    M    M  9.0 21 180   M    M   0        24 180
13  46  23  35   8  30   0 0.00    M    M 11.5 29 330   M    M   0        36 320
14  48  29  39  12  26   0 0.00    M    M 11.5 21 320   M    M   0        26 310
15  65  38  52  25  13   0 0.00    M    M 16.5 26 230   M    M   0        31 230
16  67  41  54  27  11   0 0.00    M    M 20.5 37 230   M    M   0        45 220
17  57  27  42  14  23   0 0.00    M    M 11.4 23 240   M    M   0        27 240
18  62  38  50  22  15   0 0.00    M    M 19.3 30 220   M    M   3        38 210
19  61  41  51  23  14   0 0.00    M    M 20.4 37 220   M    M   1        47 220
20  59  32  46  18  19   0 0.06    M    M 19.4 37 230   M    M   2 1      49 220
21  64  45  55  27  10   0    T    M    M 23.4 40 270   M    M   3        52 310
22  46  30  38   9  27   0 0.00    M    M 13.5 24 310   M    M   4        30 310
23  30  23  27  -2  38   0 0.03    M    M 13.6 23  30   M    M  10 1      27  30
================================================================================
SM 1048  501       714   0  0.27    M    332.6          M       65
================================================================================
AV 45.6 21.8                              14.5 FASTST   M    M   3    MAX(MPH)
                                 MISC ---->  # 40 270               # 52  310
================================================================================
NOTES:
# LAST OF SEVERAL OCCURRENCES

COLUMN 17 PEAK WIND IN M.P.H.

PRELIMINARY LOCAL CLIMATOLOGICAL DATA (WS FORM: F-6) , PAGE 2

                                          STATION:  GILLETTE AIRPORT WY
                                          MONTH:    FEBRUARY
                                          YEAR:     2017
                                          LATITUDE:   44 20 N
                                          LONGITUDE: 105 32 W

[TEMPERATURE DATA]      [PRECIPITATION DATA]       SYMBOLS USED IN COLUMN 16

AVERAGE MONTHLY: 33.7   TOTAL FOR MONTH:   0.27    1 = FOG OR MIST
DPTR FM NORMAL:   6.8   DPTR FM NORMAL:   -0.06    2 = FOG REDUCING VISIBILITY
HIGHEST:    67 ON 16    GRTST 24HR  0.20 ON 31- 1      TO 1/4 MILE OR LESS
LOWEST:    -13 ON  3                               3 = THUNDER
                        SNOW, ICE PELLETS, HAIL    4 = ICE PELLETS
                        TOTAL MONTH:    M          5 = HAIL
                        GRTST 24HR    M  ON   M    6 = FREEZING RAIN OR DRIZZLE
                        GRTST DEPTH:  M  ON   M    7 = DUSTSTORM OR SANDSTORM:
                                                       VSBY 1/2 MILE OR LESS
                                                   8 = SMOKE OR HAZE
[NO. OF DAYS WITH]      [WEATHER - DAYS WITH]      9 = BLOWING SNOW
                                                   X = TORNADO
MAX 32 OR BELOW:   5    0.01 INCH OR MORE:   6
MAX 90 OR ABOVE:   0    0.10 INCH OR MORE:   0
MIN 32 OR BELOW:  16    0.50 INCH OR MORE:   0
MIN  0 OR BELOW:   3    1.00 INCH OR MORE:   0

[HDD (BASE 65) ]
TOTAL THIS MO.   714    CLEAR  (SCALE 0-3)  16
DPTR FM NORMAL  -163    PTCLDY (SCALE 4-7)   3
TOTAL FM JUL 1  4561    CLOUDY (SCALE 8-10)  4
DPTR FM NORMAL  -671

[CDD (BASE 65) ]
TOTAL THIS MO.     0
DPTR FM NORMAL     0    [PRESSURE DATA]
TOTAL FM JAN 1     0    HIGHEST SLP M ON M
DPTR FM NORMAL     0    LOWEST  SLP 29.16 ON 17

[REMARKS]
