000
CXUS51 KPHI 240800
CF6GED
PRELIMINARY LOCAL CLIMATOLOGICAL DATA (WS FORM: F-6)

                                          STATION:   GEORGETOWN DE
                                          MONTH:     APRIL
                                          YEAR:      2017
                                          LATITUDE:   38 41 N
                                          LONGITUDE:  75 22 W

  TEMPERATURE IN F:       :PCPN:    SNOW:  WIND      :SUNSHINE: SKY     :PK WND
================================================================================
1   2   3   4   5  6A  6B    7    8   9   10  11  12  13   14  15   16   17  18
                                     12Z  AVG MX 2MIN
DY MAX MIN AVG DEP HDD CDD  WTR  SNW DPTH SPD SPD DIR MIN PSBL S-S WX    SPD DR
================================================================================

 1  55  45  50   0  15   0    T    M    M  9.1 18 340   M    M   9 1      27 340
 2  63  43  53   3  12   0 0.00    M    M  5.7 15 330   M    M   2        20 340
 3  71  43  57   7   8   0 0.15    M    M 11.2 22 170   M    M   3 1      27 170
 4  80  58  69  18   0   4 0.00    M    M 11.0 23 190   M    M   6        34 170
 5  70  52  61  10   4   0 0.00    M    M  8.6 18 120   M    M   1        24 120
 6  70  52  61  10   4   0 0.48    M    M 12.5 31 150   M    M   6 13     43 150
 7  56  44  50  -2  15   0 0.00    M    M 13.2 22 280   M    M   9        35 280
 8  61  39  50  -2  15   0 0.00    M    M  7.7 22 290   M    M   1        32 290
 9  70  34  52   0  13   0 0.00    M    M  4.6 15 150   M    M   0        19 220
10  80  47  64  12   1   0 0.00    M    M 11.5 24 220   M    M   0        32 220
11  82  55  69  16   0   4 0.00    M    M 10.9 21 230   M    M   0        26 220
12  80  54  67  14   0   2 0.00    M    M  6.9 15 290   M    M   0        25 280
13  68  47  58   5   7   0 0.00    M    M  5.0 18  30   M    M   0 8      24  20
14  70  44  57   3   8   0 0.00    M    M  4.4 15 110   M    M   3        18  90
15  76  46  61   7   4   0    T    M    M  9.5 21 160   M    M   6        27 160
16  87  64  76  22   0  11 0.00    M    M 11.2 26 240   M    M   1        34 210
17  78  51  65  11   0   0    T    M    M  5.6 17 300   M    M   5        25 310
18  66  47  57   2   8   0 0.00    M    M  9.2 18 130   M    M   0        23  60
19  61  44  53  -2  12   0 0.00    M    M  8.0 16 100   M    M   6        20 120
20  81  59  70  15   0   5    T    M    M  6.9 12 220   M    M   5 1      14 210
21  81  53  67  11   0   2 0.00    M    M   M   M   M   M    M   6 123     M  M
22  57  53  55  -1  10   0 0.28    M    M   M   M   M   M    M  10 1       M  M
23  60  49  55  -1  10   0 0.00    M    M   M   M   M   M    M   3 1       M  M
================================================================================
SM 1623 1123       146  28  0.91    M    172.7          M       82
================================================================================
AV 70.6 48.8                               8.6 FASTST   M    M   4    MAX(MPH)
                                 MISC ---->  # 31 150               # 43  150
================================================================================
NOTES:
# LAST OF SEVERAL OCCURRENCES

COLUMN 17 PEAK WIND IN M.P.H.

PRELIMINARY LOCAL CLIMATOLOGICAL DATA (WS FORM: F-6) , PAGE 2

                                          STATION:  GEORGETOWN DE
                                          MONTH:    APRIL
                                          YEAR:     2017
                                          LATITUDE:   38 41 N
                                          LONGITUDE:  75 22 W

[TEMPERATURE DATA]      [PRECIPITATION DATA]       SYMBOLS USED IN COLUMN 16

AVERAGE MONTHLY: 59.7   TOTAL FOR MONTH:   0.91    1 = FOG OR MIST
DPTR FM NORMAL:   6.7   DPTR FM NORMAL:   -2.02    2 = FOG REDUCING VISIBILITY
HIGHEST:    87 ON 16    GRTST 24HR  1.01 ON 31- 1      TO 1/4 MILE OR LESS
LOWEST:     34 ON  9                               3 = THUNDER
                        SNOW, ICE PELLETS, HAIL    4 = ICE PELLETS
                        TOTAL MONTH:    M          5 = HAIL
                        GRTST 24HR    M  ON   M    6 = FREEZING RAIN OR DRIZZLE
                        GRTST DEPTH:  M  ON   M    7 = DUSTSTORM OR SANDSTORM:
                                                       VSBY 1/2 MILE OR LESS
                                                   8 = SMOKE OR HAZE
[NO. OF DAYS WITH]      [WEATHER - DAYS WITH]      9 = BLOWING SNOW
                                                   X = TORNADO
MAX 32 OR BELOW:   0    0.01 INCH OR MORE:   3
MAX 90 OR ABOVE:   0    0.10 INCH OR MORE:   3
MIN 32 OR BELOW:   0    0.50 INCH OR MORE:   0
MIN  0 OR BELOW:   0    1.00 INCH OR MORE:   0

[HDD (BASE 65) ]
TOTAL THIS MO.   146    CLEAR  (SCALE 0-3)  12
DPTR FM NORMAL  -143    PTCLDY (SCALE 4-7)   8
TOTAL FM JUL 1  3447    CLOUDY (SCALE 8-10)  3
DPTR FM NORMAL  -754

[CDD (BASE 65) ]
TOTAL THIS MO.    28
DPTR FM NORMAL    15    [PRESSURE DATA]
TOTAL FM JAN 1    31    HIGHEST SLP M ON M
DPTR FM NORMAL    16    LOWEST  SLP 29.21 ON  6

[REMARKS]
