000
CXUS51 KPHI 270800
CF6GED
PRELIMINARY LOCAL CLIMATOLOGICAL DATA (WS FORM: F-6)

                                          STATION:   GEORGETOWN DE
                                          MONTH:     NOVEMBER
                                          YEAR:      2014
                                          LATITUDE:   38 41 N
                                          LONGITUDE:  75 22 W

  TEMPERATURE IN F:       :PCPN:    SNOW:  WIND      :SUNSHINE: SKY     :PK WND
================================================================================
1   2   3   4   5  6A  6B    7    8   9   10  11  12  13   14  15   16   17  18
                                     12Z  AVG MX 2MIN
DY MAX MIN AVG DEP HDD CDD  WTR  SNW DPTH SPD SPD DIR MIN PSBL S-S WX    SPD DR
================================================================================

 1  52  46  49  -4  16   0 0.46    M    M 13.4 24  10   M    M  10 1      38  10
 2  50  40  45  -7  20   0    T    M    M 12.0 24 330   M    M   5        38 330
 3  60  36  48  -4  17   0 0.00    M    M  6.1 16 280   M    M   1        24 310
 4  71  42  57   5   8   0 0.00    M    M  6.7 15 210   M    M   0 8      20 200
 5  66  52  59   7   6   0 0.00    M    M  4.9 16 220   M    M   1        19 220
 6  65  51  58   7   7   0 0.33    M    M  6.6 17 220   M    M   8 1      22 210
 7  57  38  48  -3  17   0 0.06    M    M  8.8 23 330   M    M   4 1      39 320
 8  52  29  41 -10  24   0 0.00    M    M  3.8 15 220   M    M   0        19 190
 9  59  38  49  -1  16   0 0.00    M    M  2.3 12  80   M    M   1 1      12  80
10  63  34  49  -1  16   0 0.00    M    M  2.1 13 120   M    M   0 1      15 120
11  71  41  56   6   9   0 0.00    M    M  3.5 14 120   M    M   6 12     20 120
12  73  47  60  10   5   0    T    M    M  4.9 15 290   M    M   5 12     21 300
13  47  37  42  -7  23   0 0.02    M    M  6.3 15 350   M    M   7 18     21 350
14  44  30  37 -12  28   0 0.01    M    M  6.3 17 330   M    M   6 18     26  10
15  45  26  36 -13  29   0 0.00    M    M  3.6 13 300   M    M   0        17 300
16  50  27  39  -9  26   0 0.04    M    M  2.9 14 210   M    M   8 1      17 210
17  64  42  53   5  12   0 0.94    M    M  7.2 24 220   M    M  10 1      32 290
18  45  25  35 -13  30   0 0.00    M    M 10.8 21 290   M    M   3        32 320
19  38  19  29 -18  36   0 0.00    M    M  7.9 16 220   M    M   0        23 210
20  54  31  43  -4  22   0 0.00    M    M  8.3 20 220   M    M   1        26 210
21  37  22  30 -17  35   0 0.00    M    M  6.1 17 310   M    M   0        29 290
22  48  19  34 -12  31   0 0.00    M    M  6.2 21 220   M    M   0        25 220
23  60  31  46   0  19   0    T    M    M  6.9 15 220   M    M   3 1      20 220
24  73  60  67  21   0   2 0.28    M    M 17.3 31 210   M    M   4 1      42 210
25  67  47  57  11   8   0 0.00    M    M  5.0 16 200   M    M   3        20 200
26  49  37  43  -2  22   0 1.39    M    M 11.8 24  30   M    M  10 1      34  10
================================================================================
SM 1460  947       482   2  3.53    M    181.7          M       96
================================================================================
AV 56.2 36.4                               7.0 FASTST   M    M   4    MAX(MPH)
                                 MISC ---->  # 31 210               # 42  210
================================================================================
NOTES:
# LAST OF SEVERAL OCCURRENCES

COLUMN 17 PEAK WIND IN M.P.H.

PRELIMINARY LOCAL CLIMATOLOGICAL DATA (WS FORM: F-6) , PAGE 2

                                          STATION:  GEORGETOWN DE
                                          MONTH:    NOVEMBER
                                          YEAR:     2014
                                          LATITUDE:   38 41 N
                                          LONGITUDE:  75 22 W

[TEMPERATURE DATA]      [PRECIPITATION DATA]       SYMBOLS USED IN COLUMN 16

AVERAGE MONTHLY: 46.3   TOTAL FOR MONTH:   3.53    1 = FOG OR MIST
DPTR FM NORMAL:  -2.8   DPTR FM NORMAL:    0.62    2 = FOG REDUCING VISIBILITY
HIGHEST:    73 ON 24,12 GRTST 24HR  1.39 ON 26-26      TO 1/4 MILE OR LESS
LOWEST:     19 ON 22,19                            3 = THUNDER
                        SNOW, ICE PELLETS, HAIL    4 = ICE PELLETS
                        TOTAL MONTH:    M          5 = HAIL
                        GRTST 24HR    M  ON   M    6 = FREEZING RAIN OR DRIZZLE
                        GRTST DEPTH:  M  ON   M    7 = DUSTSTORM OR SANDSTORM:
                                                       VSBY 1/2 MILE OR LESS
                                                   8 = SMOKE OR HAZE
[NO. OF DAYS WITH]      [WEATHER - DAYS WITH]      9 = BLOWING SNOW
                                                   X = TORNADO
MAX 32 OR BELOW:   0    0.01 INCH OR MORE:   9
MAX 90 OR ABOVE:   0    0.10 INCH OR MORE:   5
MIN 32 OR BELOW:  10    0.50 INCH OR MORE:   2
MIN  0 OR BELOW:   0    1.00 INCH OR MORE:   1

[HDD (BASE 65) ]
TOTAL THIS MO.   482    CLEAR  (SCALE 0-3)  12
DPTR FM NORMAL    66    PTCLDY (SCALE 4-7)  10
TOTAL FM JUL 1   663    CLOUDY (SCALE 8-10)  4
DPTR FM NORMAL   -39

[CDD (BASE 65) ]
TOTAL THIS MO.     2
DPTR FM NORMAL     2    [PRESSURE DATA]
TOTAL FM JAN 1  1151    HIGHEST SLP M ON M
DPTR FM NORMAL   -43    LOWEST  SLP 29.52 ON 17

[REMARKS]
