862
CXUS53 KIND 260730
CF6GEZ
PRELIMINARY LOCAL CLIMATOLOGICAL DATA (WS FORM: F-6)

                                          STATION:   SHELBYVILLE IN
                                          MONTH:     JULY
                                          YEAR:      2016
                                          LATITUDE:   39 35 N
                                          LONGITUDE:  85 48 W

  TEMPERATURE IN F:       :PCPN:    SNOW:  WIND      :SUNSHINE: SKY     :PK WND
================================================================================
1   2   3   4   5  6A  6B    7    8   9   10  11  12  13   14  15   16   17  18
                                     12Z  AVG MX 2MIN
DY MAX MIN AVG DEP HDD CDD  WTR  SNW DPTH SPD SPD DIR MIN PSBL S-S WX    SPD DR
================================================================================

 1  81  59  70  -4   0   5 0.05    M    M  8.7 16 340   M    M   5        20 310
 2  75  50  63 -11   2   0    T    M    M  3.2 10  60   M    M   3        12 100
 3  68  64  66  -8   0   1 0.79    M    M  6.3 15 130   M    M   9 1      19 130
 4  77  66  72  -2   0   7 0.17    M    M  4.5  9 220   M    M  10 1      14 220
 5  85  71  78   4   0  13 0.27    M    M  4.0  9 250   M    M   8 18     12 250
 6  83  70  77   3   0  12 0.53    M    M  6.8 25 340   M    M   3 138    31 340
 7  82  71  77   3   0  12 0.00    M    M  7.3 16 150   M    M   5 1      19 220
 8  89  68  79   5   0  14 0.00    M    M  7.3 17 220   M    M   4 123    20 310
 9  83  65  74   0   0   9 0.00    M    M  7.9 17 340   M    M   1        21 280
10  85  59  72  -2   0   7 0.00    M    M  2.0  8 150   M    M   1 12     11 140
11  87  61  74   0   0   9 0.00    M    M  5.5 13 210   M    M   0 1      17 200
12  87  68  78   4   0  13 0.59    M    M  8.9 30 200   M    M   2 13     37 210
13  91  70  81   7   0  16 0.76    M    M  9.3 23 290   M    M   2 13     30 330
14  86  67  77   3   0  12    T    M    M  6.4 14 210   M    M   2        18 210
15  86  68  77   3   0  12 0.00    M    M  6.4 16 270   M    M   1 1      21 270
16  83  61  72  -2   0   7 0.00    M    M  3.8  9 320   M    M   1        11 320
17  87  61  74   0   0   9 0.00    M    M  7.4 18 200   M    M   1        23 200
18  82  68  75   1   0  10 1.15    M    M  6.8 26 340   M    M   2 13     32 340
19  89  67  78   4   0  13 0.00    M    M  2.2  8  70   M    M   6 123    10  60
20  89  70  80   6   0  15 0.00    M    M  4.2 13 270   M    M   1        15 280
21  90  71  81   7   0  16 0.57    M    M  5.7 28  40   M    M   0 138    37  20
22  89  73  81   7   0  16 0.00    M    M  5.7 14 250   M    M   2 128    17 250
23  90  70  80   6   0  15 0.00    M    M  2.2  9 220   M    M   2 12     15 210
24  93  74  84  10   0  19 0.00    M    M  5.0 13 200   M    M   1        17 200
25  91  74  83   9   0  18 0.00    M    M  4.6 13 270   M    M   1 18     16 270
================================================================================
SM 2128 1666         2 280  4.88    M    142.1          M       73
================================================================================
AV 85.1 66.6                               5.7 FASTST   M    M   3    MAX(MPH)
                                 MISC ---->  # 30 200               # 37  210
================================================================================
NOTES:
# LAST OF SEVERAL OCCURRENCES

COLUMN 17 PEAK WIND IN M.P.H.

PRELIMINARY LOCAL CLIMATOLOGICAL DATA (WS FORM: F-6) , PAGE 2

                                          STATION:  SHELBYVILLE IN
                                          MONTH:    JULY
                                          YEAR:     2016
                                          LATITUDE:   39 35 N
                                          LONGITUDE:  85 48 W

[TEMPERATURE DATA]      [PRECIPITATION DATA]       SYMBOLS USED IN COLUMN 16

AVERAGE MONTHLY: 75.9   TOTAL FOR MONTH:   4.88    1 = FOG OR MIST
DPTR FM NORMAL:   1.9   DPTR FM NORMAL:    1.00    2 = FOG REDUCING VISIBILITY
HIGHEST:    93 ON 24    GRTST 24HR  1.15 ON 17-18      TO 1/4 MILE OR LESS
LOWEST:     50 ON  2                               3 = THUNDER
                        SNOW, ICE PELLETS, HAIL    4 = ICE PELLETS
                        TOTAL MONTH:    M          5 = HAIL
                        GRTST 24HR    M  ON   M    6 = FREEZING RAIN OR DRIZZLE
                        GRTST DEPTH:  M  ON   M    7 = DUSTSTORM OR SANDSTORM:
                                                       VSBY 1/2 MILE OR LESS
                                                   8 = SMOKE OR HAZE
[NO. OF DAYS WITH]      [WEATHER - DAYS WITH]      9 = BLOWING SNOW
                                                   X = TORNADO
MAX 32 OR BELOW:   0    0.01 INCH OR MORE:   9
MAX 90 OR ABOVE:   5    0.10 INCH OR MORE:   8
MIN 32 OR BELOW:   0    0.50 INCH OR MORE:   6
MIN  0 OR BELOW:   0    1.00 INCH OR MORE:   1

[HDD (BASE 65) ]
TOTAL THIS MO.     2    CLEAR  (SCALE 0-3)  18
DPTR FM NORMAL     2    PTCLDY (SCALE 4-7)   5
TOTAL FM JUL 1     2    CLOUDY (SCALE 8-10)  2
DPTR FM NORMAL     2

[CDD (BASE 65) ]
TOTAL THIS MO.   280
DPTR FM NORMAL    55    [PRESSURE DATA]
TOTAL FM JAN 1   717    HIGHEST SLP M ON M
DPTR FM NORMAL   202    LOWEST  SLP 29.78 ON  7

[REMARKS]
