000
CXUS53 KIND 200730
CF6GEZ
PRELIMINARY LOCAL CLIMATOLOGICAL DATA (WS FORM: F-6)

                                          STATION:   SHELBYVILLE IN
                                          MONTH:     FEBRUARY
                                          YEAR:      2018
                                          LATITUDE:   39 35 N
                                          LONGITUDE:  85 48 W

  TEMPERATURE IN F:       :PCPN:    SNOW:  WIND      :SUNSHINE: SKY     :PK WND
================================================================================
1   2   3   4   5  6A  6B    7    8   9   10  11  12  13   14  15   16   17  18
                                     12Z  AVG MX 2MIN
DY MAX MIN AVG DEP HDD CDD  WTR  SNW DPTH SPD SPD DIR MIN PSBL S-S WX    SPD DR
================================================================================

 1  42  17  30   1  35   0    T    M    M 12.5 23 310   M    M   7        29 310
 2  23  10  17 -12  48   0 0.00    M    M  8.6 20 320   M    M   1        24 320
 3  35  19  27  -2  38   0 0.00    M    M 15.1 22 170   M    M  10        29 170
 4  40  18  29  -1  36   0 0.04    M    M 14.1 28 320   M    M  10 16     37 330
 5  27   7  17 -13  48   0    T    M    M  5.7 17 320   M    M   4        20 310
 6  28  20  24  -6  41   0 0.02    M    M  5.8 16 350   M    M   5        18 350
 7  32  19  26  -4  39   0 0.05    M    M 10.9 17 300   M    M   7 168    20 300
 8  31  14  23  -7  42   0    T    M    M  6.8 13 160   M    M   8 8      19 240
 9  53  28  41  11  24   0 0.00    M    M 10.2 23 220   M    M   4        29 210
10  38  29  34   4  31   0    T    M    M  9.6 18  30   M    M  10 18     22  20
11  32  23  28  -2  37   0 0.03    M    M  9.8 18 310   M    M  10 168    23 320
12  37  13  25  -6  40   0 0.00    M    M  7.8 14 330   M    M   0        16  50
13  43  21  32   1  33   0 0.00    M    M  9.6 16 180   M    M   3        19 190
14  54  36  45  14  20   0 0.03    M    M  7.8 12 190   M    M   9 12     15 200
15  65  53  59  28   6   0 1.32    M    M 11.0 25 270   M    M   9 1      32 280
16  57  33  45  13  20   0 0.20    M    M 10.2 24 340   M    M  10 18     31 340
17  37  29  33   1  32   0 0.09    M    M  8.9 24 290   M    M   8 1      30 300
18  47  28  38   6  27   0 0.00    M    M  8.7 18 160   M    M   4        27 300
19  70  42  56  24   9   0 0.05    M    M 13.4 26 210   M    M   7        34 220
================================================================================
SM  791  459       606   0  1.83    M    186.5          M      126
================================================================================
AV 41.6 24.2                               9.8 FASTST   M    M   7    MAX(MPH)
                                 MISC ---->  # 28 320               # 37  330
================================================================================
NOTES:
# LAST OF SEVERAL OCCURRENCES

COLUMN 17 PEAK WIND IN M.P.H.

PRELIMINARY LOCAL CLIMATOLOGICAL DATA (WS FORM: F-6) , PAGE 2

                                          STATION:  SHELBYVILLE IN
                                          MONTH:    FEBRUARY
                                          YEAR:     2018
                                          LATITUDE:   39 35 N
                                          LONGITUDE:  85 48 W

[TEMPERATURE DATA]      [PRECIPITATION DATA]       SYMBOLS USED IN COLUMN 16

AVERAGE MONTHLY: 32.9   TOTAL FOR MONTH:   1.83    1 = FOG OR MIST
DPTR FM NORMAL:   2.4   DPTR FM NORMAL:    0.20    2 = FOG REDUCING VISIBILITY
HIGHEST:    70 ON 19    GRTST 24HR  1.32 ON 15-15      TO 1/4 MILE OR LESS
LOWEST:      7 ON  5                               3 = THUNDER
                        SNOW, ICE PELLETS, HAIL    4 = ICE PELLETS
                        TOTAL MONTH:    M          5 = HAIL
                        GRTST 24HR    M  ON   M    6 = FREEZING RAIN OR DRIZZLE
                        GRTST DEPTH:  M  ON   M    7 = DUSTSTORM OR SANDSTORM:
                                                       VSBY 1/2 MILE OR LESS
                                                   8 = SMOKE OR HAZE
[NO. OF DAYS WITH]      [WEATHER - DAYS WITH]      9 = BLOWING SNOW
                                                   X = TORNADO
MAX 32 OR BELOW:   6    0.01 INCH OR MORE:   9
MAX 90 OR ABOVE:   0    0.10 INCH OR MORE:   2
MIN 32 OR BELOW:  15    0.50 INCH OR MORE:   1
MIN  0 OR BELOW:   0    1.00 INCH OR MORE:   1

[HDD (BASE 65) ]
TOTAL THIS MO.   606    CLEAR  (SCALE 0-3)   3
DPTR FM NORMAL   -49    PTCLDY (SCALE 4-7)   8
TOTAL FM JUL 1  3777    CLOUDY (SCALE 8-10)  8
DPTR FM NORMAL  -107

[CDD (BASE 65) ]
TOTAL THIS MO.     0
DPTR FM NORMAL     0    [PRESSURE DATA]
TOTAL FM JAN 1     0    HIGHEST SLP M ON M
DPTR FM NORMAL     0    LOWEST  SLP 29.69 ON 15

[REMARKS]
