000
CXUS53 KIND 260730
CF6GEZ
PRELIMINARY LOCAL CLIMATOLOGICAL DATA (WS FORM: F-6)

                                          STATION:   SHELBYVILLE IN
                                          MONTH:     JUNE
                                          YEAR:      2017
                                          LATITUDE:   39 35 N
                                          LONGITUDE:  85 48 W

  TEMPERATURE IN F:       :PCPN:    SNOW:  WIND      :SUNSHINE: SKY     :PK WND
================================================================================
1   2   3   4   5  6A  6B    7    8   9   10  11  12  13   14  15   16   17  18
                                     12Z  AVG MX 2MIN
DY MAX MIN AVG DEP HDD CDD  WTR  SNW DPTH SPD SPD DIR MIN PSBL S-S WX    SPD DR
================================================================================

 1  80  50  65  -3   0   0 0.00    M    M  4.5 13 270   M    M   0        16 290
 2  85  54  70   2   0   5 0.00    M    M  3.1 12 270   M    M   0        15 280
 3  88  58  73   5   0   8 0.00    M    M  5.2 12 190   M    M   1        16 290
 4  90  64  77   8   0  12 0.00    M    M  8.1 18 210   M    M   0        25 240
 5  90  68  79  10   0  14 0.22    M    M  9.3 22  40   M    M   4 3      32  30
 6  80  59  70   1   0   5 0.00    M    M  8.7 21  20   M    M   2        27 360
 7  72  55  64  -6   1   0 0.00    M    M 10.3 18  40   M    M   5        24  30
 8  78  51  65  -5   0   0 0.00    M    M  5.1 14  40   M    M   1        17  30
 9  85  56  71   1   0   6 0.00    M    M 10.0 20 240   M    M   0        27 260
10  88  60  74   4   0   9 0.00    M    M 10.8 21 190   M    M   0        31 180
11  90  67  79   8   0  14 0.00    M    M 12.6 23 230   M    M   1        30 220
12  93  68  81  10   0  16 0.00    M    M 10.3 20 230   M    M   2 3      24 230
13  85  70  78   7   0  13 0.30    M    M  6.7 25 330   M    M   3 3      31 330
14  89  69  79   8   0  14 1.44    M    M  9.2 30 280   M    M   5 13     38 280
15  81  69  75   3   0  10 1.25    M    M  6.2 15 260   M    M   5 13     18 170
16  89  66  78   6   0  13 0.00    M    M  5.0 14 200   M    M   0 18     20 170
17  88  72  80   8   0  15 0.07    M    M 11.1 22 180   M    M   1        28 190
18  82  67  75   3   0  10 0.39    M    M 10.2 24 250   M    M   6 138    35 240
19  82  62  72   0   0   7    T    M    M  9.7 24 270   M    M   3        33 280
20  85  60  73   0   0   8    T    M    M  8.1 21 260   M    M   1        28 270
21  90  66  78   5   0  13 0.02    M    M  8.3 15 210   M    M   3        19 270
22  85  72  79   6   0  14    T    M    M 12.5 25 190   M    M   5        32 190
23  77  64  71  -2   0   6 1.30    M    M  8.8 21 220   M    M   8 13     26 220
24  79  62  71  -2   0   6 0.00    M    M  9.2 20 270   M    M   1        25 270
25  77  55  66  -8   0   1 0.00    M    M  9.7 21 300   M    M   1        27 250
================================================================================
SM 2108 1564         1 219  4.99    M    212.7          M       58
================================================================================
AV 84.3 62.6                               8.5 FASTST   M    M   2    MAX(MPH)
                                 MISC ---->  # 30 280               # 38  280
================================================================================
NOTES:
# LAST OF SEVERAL OCCURRENCES

COLUMN 17 PEAK WIND IN M.P.H.

PRELIMINARY LOCAL CLIMATOLOGICAL DATA (WS FORM: F-6) , PAGE 2

                                          STATION:  SHELBYVILLE IN
                                          MONTH:    JUNE
                                          YEAR:     2017
                                          LATITUDE:   39 35 N
                                          LONGITUDE:  85 48 W

[TEMPERATURE DATA]      [PRECIPITATION DATA]       SYMBOLS USED IN COLUMN 16

AVERAGE MONTHLY: 73.4   TOTAL FOR MONTH:   4.99    1 = FOG OR MIST
DPTR FM NORMAL:   2.5   DPTR FM NORMAL:    1.23    2 = FOG REDUCING VISIBILITY
HIGHEST:    93 ON 12    GRTST 24HR  1.44 ON 14-14      TO 1/4 MILE OR LESS
LOWEST:     50 ON  1                               3 = THUNDER
                        SNOW, ICE PELLETS, HAIL    4 = ICE PELLETS
                        TOTAL MONTH:    M          5 = HAIL
                        GRTST 24HR    M  ON   M    6 = FREEZING RAIN OR DRIZZLE
                        GRTST DEPTH:  M  ON   M    7 = DUSTSTORM OR SANDSTORM:
                                                       VSBY 1/2 MILE OR LESS
                                                   8 = SMOKE OR HAZE
[NO. OF DAYS WITH]      [WEATHER - DAYS WITH]      9 = BLOWING SNOW
                                                   X = TORNADO
MAX 32 OR BELOW:   0    0.01 INCH OR MORE:   8
MAX 90 OR ABOVE:   5    0.10 INCH OR MORE:   6
MIN 32 OR BELOW:   0    0.50 INCH OR MORE:   3
MIN  0 OR BELOW:   0    1.00 INCH OR MORE:   3

[HDD (BASE 65) ]
TOTAL THIS MO.     1    CLEAR  (SCALE 0-3)  18
DPTR FM NORMAL   -10    PTCLDY (SCALE 4-7)   7
TOTAL FM JUL 1  4106    CLOUDY (SCALE 8-10)  0
DPTR FM NORMAL -1300

[CDD (BASE 65) ]
TOTAL THIS MO.   219
DPTR FM NORMAL    54    [PRESSURE DATA]
TOTAL FM JAN 1   381    HIGHEST SLP M ON M
DPTR FM NORMAL   135    LOWEST  SLP 29.64 ON 18

[REMARKS]
