000
CXUS55 KALY 300800
CF6GFL
PRELIMINARY LOCAL CLIMATOLOGICAL DATA (WS FORM: F-6)

                                          STATION:   GLENS FALLS NY
                                          MONTH:     AUGUST
                                          YEAR:      2014
                                          LATITUDE:   43 20 N
                                          LONGITUDE:  73 37 W

  TEMPERATURE IN F:       :PCPN:    SNOW:  WIND      :SUNSHINE: SKY     :PK WND
================================================================================
1   2   3   4   5  6A  6B    7    8   9   10  11  12  13   14  15   16   17  18
                                     12Z  AVG MX 2MIN
DY MAX MIN AVG DEP HDD CDD  WTR  SNW DPTH SPD SPD DIR MIN PSBL S-S WX    SPD DR
================================================================================

 1  83  55  69   0   0   4 0.00    M    M  4.8 15 150   M    M   2 12     19 160
 2  81  62  72   3   0   7 0.00    M    M  3.8 13 160   M    M   4 18     16 180
 3  80  59  70   1   0   5 0.01    M    M  2.1  8  70   M    M   2 1      10 210
 4  81  63  72   3   0   7 0.02    M    M  2.3 13 210   M    M   6 1      15 220
 5  84  60  72   4   0   7    T    M    M  4.2 18  60   M    M   5 12     23  50
 6  79  58  69   1   0   4 0.01    M    M  4.6 15  50   M    M   4 1      18  50
 7  76  56  66  -2   0   1 0.20    M    M  4.4 24  10   M    M   5 3      30 340
 8  78  52  65  -3   0   0 0.00    M    M  1.7 12  40   M    M   3 18     13  40
 9  82  54  68   0   0   3 0.00    M    M  1.4  9  70   M    M   2 1      12  90
10  84  54  69   1   0   4 0.00    M    M  0.7  7  60   M    M   0 1      10 310
11  85  55  70   2   0   5 0.00    M    M  2.8 12 170   M    M   0 1      16 170
12  77  57  67  -1   0   2 0.01    M    M  4.6 20 150   M    M   4 1      27 140
13  73  60  67  -1   0   2 0.55    M    M  3.6 16 150   M    M  10 1      21 140
14  72  55  64  -4   1   0 0.01    M    M  6.1 15 240   M    M   6        21 220
15  67  54  61  -6   4   0    T    M    M  6.4 13 260   M    M   9        19 280
16  71  54  63  -4   2   0 0.01    M    M  6.4 15 230   M    M   4        20 180
17  74  55  65  -2   0   0 0.01    M    M  6.7 17 330   M    M   5        23 300
18  74  52  63  -4   2   0 0.00    M    M  5.5 14 360   M    M   2 1      18 310
19  77  46  62  -5   3   0 0.00    M    M  0.6  9 120   M    M   0 1      12 110
20  83  52  68   1   0   3 0.17    M    M  2.7 10 270   M    M   4 13     14 280
21  71  63  67   1   0   2 1.04    M    M  3.2 10  20   M    M  10 13     14 180
22  66  62  64  -2   1   0 0.16    M    M  5.5  9  50   M    M  10        13  50
23  75  57  66   0   0   1    T    M    M  3.3 10  30   M    M   8 1      16 110
24  81  53  67   1   0   2 0.00    M    M  2.9 12  30   M    M   3 1      15  50
25  83  55  69   3   0   4 0.00    M    M  1.9  9 160   M    M   0 1      13 160
26  84  57  71   6   0   6 0.00    M    M  4.0 17 190   M    M   1 1      22 190
27  85  61  73   8   0   8    T    M    M  5.7 15 230   M    M   3        23 240
28  75  56  66   1   0   1 0.00    M    M  7.5 18 320   M    M   5 1      24 330
29  75  53  64  -1   1   0 0.00  0.0    0  4.0 10 330   M    M   1 1      14 330
================================================================================
SM 2256 1630        14  78  2.20     0.0 113.4          M      118
================================================================================
AV 77.8 56.2                               3.9 FASTST   M    M   4    MAX(MPH)
                                 MISC ---->  # 24  10               # 30  340
================================================================================
NOTES:
# LAST OF SEVERAL OCCURRENCES

COLUMN 17 PEAK WIND IN M.P.H.

PRELIMINARY LOCAL CLIMATOLOGICAL DATA (WS FORM: F-6) , PAGE 2

                                          STATION:  GLENS FALLS NY
                                          MONTH:    AUGUST
                                          YEAR:     2014
                                          LATITUDE:   43 20 N
                                          LONGITUDE:  73 37 W

[TEMPERATURE DATA]      [PRECIPITATION DATA]       SYMBOLS USED IN COLUMN 16

AVERAGE MONTHLY: 67.0   TOTAL FOR MONTH:   2.20    1 = FOG OR MIST
DPTR FM NORMAL:  -0.2   DPTR FM NORMAL:   -1.28    2 = FOG REDUCING VISIBILITY
HIGHEST:    85 ON 27,11 GRTST 24HR  1.16 ON 20-21      TO 1/4 MILE OR LESS
LOWEST:     46 ON 19                               3 = THUNDER
                        SNOW, ICE PELLETS, HAIL    4 = ICE PELLETS
                        TOTAL MONTH:   0.0 INCH    5 = HAIL
                        GRTST 24HR     0.0         6 = FREEZING RAIN OR DRIZZLE
                        GRTST DEPTH:   0           7 = DUSTSTORM OR SANDSTORM:
                                                       VSBY 1/2 MILE OR LESS
                                                   8 = SMOKE OR HAZE
[NO. OF DAYS WITH]      [WEATHER - DAYS WITH]      9 = BLOWING SNOW
                                                   X = TORNADO
MAX 32 OR BELOW:   0    0.01 INCH OR MORE:  12
MAX 90 OR ABOVE:   0    0.10 INCH OR MORE:   5
MIN 32 OR BELOW:   0    0.50 INCH OR MORE:   2
MIN  0 OR BELOW:   0    1.00 INCH OR MORE:   1

[HDD (BASE 65) ]
TOTAL THIS MO.    14    CLEAR  (SCALE 0-3)  12
DPTR FM NORMAL   -25    PTCLDY (SCALE 4-7)  13
TOTAL FM JUL 1    15    CLOUDY (SCALE 8-10)  4
DPTR FM NORMAL   -45

[CDD (BASE 65) ]
TOTAL THIS MO.    78
DPTR FM NORMAL   -22    [PRESSURE DATA]
TOTAL FM JAN 1   331    HIGHEST SLP M ON M
DPTR FM NORMAL    11    LOWEST  SLP 29.68 ON 13

[REMARKS]
