000
CXUS55 KGGW 180800
CF6GGW
PRELIMINARY LOCAL CLIMATOLOGICAL DATA (WS FORM: F-6)

                                          STATION:   GLASGOW MT
                                          MONTH:     DECEMBER
                                          YEAR:      2017
                                          LATITUDE:   48 13 N
                                          LONGITUDE: 106 37 W

  TEMPERATURE IN F:       :PCPN:    SNOW:  WIND      :SUNSHINE: SKY     :PK WND
================================================================================
1   2   3   4   5  6A  6B    7    8   9   10  11  12  13   14  15   16   17  18
                                     12Z  AVG MX 2MIN
DY MAX MIN AVG DEP HDD CDD  WTR  SNW DPTH SPD SPD DIR MIN PSBL S-S WX    SPD DR
================================================================================

 1  48  26  37  16  28   0 0.00  0.0    0  7.2 22 280   M    M   2        27 280
 2  49  20  35  14  30   0 0.00  0.0    0  6.3 17 270   M    M   0        21 260
 3  40  26  33  13  32   0 0.01  0.0    0 12.5 25 340   M    M   9 16     32 340
 4  29  10  20   0  45   0    T    T    0 12.3 26 330   M    M   7        35 330
 5  38  22  30  10  35   0 0.01  0.4    0 19.4 38 300   M    M  10 18     52 300
 6  32  18  25   6  40   0 0.02  0.3    T 11.3 30 310   M    M   8 1      38 310
 7  46  20  33  14  32   0 0.00  0.0    0 10.3 26 300   M    M   2        33 300
 8  47  24  36  18  29   0 0.00  0.0    0  8.0 20 310   M    M   0        23 310
 9  56  19  38  20  27   0 0.00  0.0    0  8.2 21 300   M    M   0        27 290
10  46  22  34  16  31   0 0.00  0.0    0  9.0 29 310   M    M   0        36 300
11  42  22  32  15  33   0 0.00  0.0    0  8.9 25 300   M    M   2        32 310
12  55  21  38  21  27   0 0.00  0.0    0 12.1 36 300   M    M   1        45 310
13  41  29  35  18  30   0 0.00  0.0    0 12.8 25 310   M    M   2        32 310
14  39  20  30  14  35   0 0.00  0.0    0 10.7 20 290   M    M   3        26 310
15  42  22  32  16  33   0    T  0.0    0  6.7 22 340   M    M   2        26 320
16  37  15  26  10  39   0 0.00  0.0    0  6.9 18 310   M    M   2        22 300
17  39  15  27  11  38   0 0.00  0.0    0  9.8 24 280   M    M   3        29 290
================================================================================
SM  726  351       564   0  0.04     0.7 172.4          M       53
================================================================================
AV 42.7 20.7                              10.1 FASTST   M    M   3    MAX(MPH)
                                 MISC ---->  # 38 300               # 52  300
================================================================================
NOTES:
# LAST OF SEVERAL OCCURRENCES

COLUMN 17 PEAK WIND IN M.P.H.

PRELIMINARY LOCAL CLIMATOLOGICAL DATA (WS FORM: F-6) , PAGE 2

                                          STATION:  GLASGOW MT
                                          MONTH:    DECEMBER
                                          YEAR:     2017
                                          LATITUDE:   48 13 N
                                          LONGITUDE: 106 37 W

[TEMPERATURE DATA]      [PRECIPITATION DATA]       SYMBOLS USED IN COLUMN 16

AVERAGE MONTHLY: 31.7   TOTAL FOR MONTH:   0.04    1 = FOG OR MIST
DPTR FM NORMAL:  13.5   DPTR FM NORMAL:   -0.15    2 = FOG REDUCING VISIBILITY
HIGHEST:    56 ON  9    GRTST 24HR  0.02 ON  6- 6      TO 1/4 MILE OR LESS
LOWEST:     10 ON  4                               3 = THUNDER
                        SNOW, ICE PELLETS, HAIL    4 = ICE PELLETS
                        TOTAL MONTH:   0.7 INCH    5 = HAIL
                        GRTST 24HR   0.4 ON  5- 5  6 = FREEZING RAIN OR DRIZZLE
                        GRTST DEPTH:   T           7 = DUSTSTORM OR SANDSTORM:
                                                       VSBY 1/2 MILE OR LESS
                                                   8 = SMOKE OR HAZE
[NO. OF DAYS WITH]      [WEATHER - DAYS WITH]      9 = BLOWING SNOW
                                                   X = TORNADO
MAX 32 OR BELOW:   2    0.01 INCH OR MORE:   3
MAX 90 OR ABOVE:   0    0.10 INCH OR MORE:   0
MIN 32 OR BELOW:  17    0.50 INCH OR MORE:   0
MIN  0 OR BELOW:   0    1.00 INCH OR MORE:   0

[HDD (BASE 65) ]
TOTAL THIS MO.   564    CLEAR  (SCALE 0-3)  12
DPTR FM NORMAL  -234    PTCLDY (SCALE 4-7)   3
TOTAL FM JUL 1  2499    CLOUDY (SCALE 8-10)  2
DPTR FM NORMAL  -292

[CDD (BASE 65) ]
TOTAL THIS MO.     0
DPTR FM NORMAL     0    [PRESSURE DATA]
TOTAL FM JAN 1   684    HIGHEST SLP M ON M
DPTR FM NORMAL   151    LOWEST  SLP 29.64 ON  3

[REMARKS]
