000
CXUS55 KGJT 011000
CF6GJT
PRELIMINARY LOCAL CLIMATOLOGICAL DATA (WS FORM: F-6)

                                          STATION:   GRAND JUNCTION CO
                                          MONTH:     APRIL
                                          YEAR:      2016
                                          LATITUDE:   39  7 N
                                          LONGITUDE: 108 32 W

  TEMPERATURE IN F:       :PCPN:    SNOW:  WIND      :SUNSHINE: SKY     :PK WND
================================================================================
1   2   3   4   5  6A  6B    7    8   9   10  11  12  13   14  15   16   17  18
                                     12Z  AVG MX 2MIN
DY MAX MIN AVG DEP HDD CDD  WTR  SNW DPTH SPD SPD DIR MIN PSBL S-S WX    SPD DR
================================================================================

 1  53  29  41  -7  24   0 0.00  0.0    0  5.5 15  10   M    M   1        20 300
 2  60  29  45  -3  20   0 0.00  0.0    0  6.8 18 320   M    M   0        22 320
 3  67  34  51   3  14   0 0.00  0.0    0  6.3 14 110   M    M   0        17 300
 4  70  38  54   6  11   0 0.00  0.0    0  7.3 15  90   M    M   0        17 100
 5  68  33  51   2  14   0    T  0.0    0 11.8 45 330   M    M   2 3      56 330
 6  65  28  47  -2  18   0 0.00  0.0    0  5.0 14 120   M    M   0        16 310
 7  71  32  52   3  13   0 0.00  0.0    0  6.5 17 120   M    M   0        20 120
 8  75  44  60  11   5   0    T  0.0    0  9.5 20 290   M    M   2        25 280
 9  62  46  54   4  11   0 0.27  0.0    0  5.5 25 270   M    M   9 13     33 270
10  64  45  55   5  10   0 0.05  0.0    0  6.7 16 130   M    M   4 1      20 300
11  68  38  53   3  12   0 0.00  0.0    0  5.5 20 330   M    M   1        24 340
12  69  43  56   6   9   0 0.00  0.0    0  9.0 22 300   M    M   2        27 280
13  71  41  56   5   9   0 0.00  0.0    0  7.0 15 200   M    M   1        18 200
14  71  44  58   7   7   0 0.01  0.0    0 12.2 44 320   M    M   5        51 320
15  46  38  42  -9  23   0 0.23  0.0    0  6.8 15 240   M    M  10 1      20 260
16  47  38  43  -9  22   0    T  0.0    0 10.7 28  40   M    M  10        34  40
17  50  34  42 -10  23   0    T  0.0    0  7.7 18  40   M    M   8        27  10
18  51  32  42 -10  23   0 0.17    T    0  4.7 22  50   M    M   8 15     25  50
19  55  30  43 -10  22   0 0.02  0.0    0  5.8 18 310   M    M   7        20 310
20  66  41  54   1  11   0    T  0.0    0  5.9 13 130   M    M   5        20 120
21  74  40  57   4   8   0 0.00  0.0    0  8.0 18 130   M    M   0 8      22 130
22  80  46  63   9   2   0 0.00  0.0    0 13.9 30 190   M    M   0        39 200
23  73  45  59   5   6   0 0.00  0.0    0 19.0 45 210   M    M   3        59 220
24  67  42  55   1  10   0 0.00  0.0    0  8.5 24 300   M    M   3        29 310
25  67  39  53  -2  12   0 0.01  0.0    0 12.3 33 170   M    M   4        43 170
26  46  39  43 -12  22   0 0.28  0.0    0  5.5 22 330   M    M  10 1      25 320
27  60  35  48  -7  17   0    T  0.0    0  6.0 16 130   M    M   7        19 130
28  55  40  48  -8  17   0 0.51    T    0  6.6 18 260   M    M   5 135    21 270
29  58  37  48  -8  17   0 0.07  0.0    0  9.0 22 310   M    M   5 13     28 300
30  54  39  47  -9  18   0 0.00  0.0    0  6.6 17  40   M    M   9        20  40
================================================================================
SM 1883 1139       430   0  1.62    T    241.6          M      121
================================================================================
AV 62.8 38.0                               8.1 FASTST   M    M   4    MAX(MPH)
                                 MISC ---->  # 45 330               # 59  220
================================================================================
NOTES:
# LAST OF SEVERAL OCCURRENCES

COLUMN 17 PEAK WIND IN M.P.H.

PRELIMINARY LOCAL CLIMATOLOGICAL DATA (WS FORM: F-6) , PAGE 2

                                          STATION:  GRAND JUNCTION CO
                                          MONTH:    APRIL
                                          YEAR:     2016
                                          LATITUDE:   39  7 N
                                          LONGITUDE: 108 32 W

[TEMPERATURE DATA]      [PRECIPITATION DATA]       SYMBOLS USED IN COLUMN 16

AVERAGE MONTHLY: 50.4   TOTAL FOR MONTH:   1.62    1 = FOG OR MIST
DPTR FM NORMAL:  -1.3   DPTR FM NORMAL:    0.71    2 = FOG REDUCING VISIBILITY
HIGHEST:    80 ON 22    GRTST 24HR  0.51 ON 27-28      TO 1/4 MILE OR LESS
LOWEST:     28 ON  6                               3 = THUNDER
                        SNOW, ICE PELLETS, HAIL    4 = ICE PELLETS
                        TOTAL MONTH:    T          5 = HAIL
                        GRTST 24HR    T  ON 28-28  6 = FREEZING RAIN OR DRIZZLE
                        GRTST DEPTH:   0           7 = DUSTSTORM OR SANDSTORM:
                                                       VSBY 1/2 MILE OR LESS
                                                   8 = SMOKE OR HAZE
[NO. OF DAYS WITH]      [WEATHER - DAYS WITH]      9 = BLOWING SNOW
                                                   X = TORNADO
MAX 32 OR BELOW:   0    0.01 INCH OR MORE:  10
MAX 90 OR ABOVE:   0    0.10 INCH OR MORE:   5
MIN 32 OR BELOW:   6    0.50 INCH OR MORE:   1
MIN  0 OR BELOW:   0    1.00 INCH OR MORE:   0

[HDD (BASE 65) ]
TOTAL THIS MO.   430    CLEAR  (SCALE 0-3)  15
DPTR FM NORMAL    28    PTCLDY (SCALE 4-7)   9
TOTAL FM JUL 1  5522    CLOUDY (SCALE 8-10)  6
DPTR FM NORMAL    88

[CDD (BASE 65) ]
TOTAL THIS MO.     0
DPTR FM NORMAL    -3    [PRESSURE DATA]
TOTAL FM JAN 1     0    HIGHEST SLP 30.43 ON  6
DPTR FM NORMAL    -3    LOWEST  SLP 29.40 ON 25

[REMARKS]
#FINAL-04-16#
