000
CXUS54 KFWD 190730
CF6GKY
PRELIMINARY LOCAL CLIMATOLOGICAL DATA (WS FORM: F-6)

                                          STATION:   ARLINGTON
                                          MONTH:     SEPTEMBER
                                          YEAR:      2014
                                          LATITUDE:   32 39 N
                                          LONGITUDE:  97  6 W

  TEMPERATURE IN F:       :PCPN:    SNOW:  WIND      :SUNSHINE: SKY     :PK WND
================================================================================
1   2   3   4   5  6A  6B    7    8   9   10  11  12  13   14  15   16   17  18
                                     12Z  AVG MX 2MIN
DY MAX MIN AVG DEP HDD CDD  WTR  SNW DPTH SPD SPD DIR MIN PSBL S-S WX    SPD DR
================================================================================

 1  97  77  87   5   0  22 0.00  0.0    0 13.9 23 140   M    M   2        29 130
 2  96  78  87   5   0  22 0.00  0.0    0 11.8 18 140   M    M   1        25 150
 3  97  77  87   5   0  22 0.00  0.0    0 10.8 21 140   M    M   1        28 130
 4  97  75  86   5   0  21 0.00  0.0    0  9.4 18 150   M    M   2        26 170
 5  96  73  85   4   0  20 0.00  0.0    0  6.8 14 170   M    M   0        18 190
 6  96  74  85   4   0  20 0.12  0.0    0  6.2 21 300   M    M   1 3      28 290
 7  88  72  80   0   0  15 0.00  0.0    0  6.0 12 330   M    M   6        14 350
 8  95  73  84   4   0  19 0.00  0.0    0  6.2 14 140   M    M   2 1      17 150
 9 100  76  88   8   0  23 0.00  0.0    0 10.7 21 150   M    M   0        25 130
10 101  78  90  10   0  25 0.00  0.0    0 12.1 21 150   M    M   0        26 150
11  86  74  80   1   0  15 0.08  0.0    0  9.2 17 340   M    M   6 13     23 340
12  75  59  67 -12   0   2    T  0.0    0 12.9 24 340   M    M  10 1      29 350
13  72  56  64 -14   1   0 0.00  0.0    0  9.4 22  10   M    M   8 1      27  10
14  81  63  72  -6   0   7 0.00  0.0    0  3.1  9  90   M    M   7 1      12  80
15  86  69  78   0   0  13    T  0.0    0  1.6  8 120   M    M   3        11 130
16  90  73  82   4   0  17 0.00  0.0    0  3.9  9 150   M    M   3        17 120
17  92  71  82   5   0  17    T  0.0    0  4.6 22 100   M    M   1 3      27 100
18  90  73  82   5   0  17 0.00  0.0    0  6.5 20 150   M    M   3        25 140
================================================================================
SM 1635 1291         1 297  0.20     0.0 145.1          M       56
================================================================================
AV 90.8 71.7                               8.1 FASTST   M    M   3    MAX(MPH)
                                 MISC ---->  # 24 340               # 29  130
================================================================================
NOTES:
# LAST OF SEVERAL OCCURRENCES

COLUMN 17 PEAK WIND IN M.P.H.

PRELIMINARY LOCAL CLIMATOLOGICAL DATA (WS FORM: F-6) , PAGE 2

                                          STATION:  ARLINGTON
                                          MONTH:    SEPTEMBER
                                          YEAR:     2014
                                          LATITUDE:   32 39 N
                                          LONGITUDE:  97  6 W

[TEMPERATURE DATA]      [PRECIPITATION DATA]       SYMBOLS USED IN COLUMN 16

AVERAGE MONTHLY: 81.3   TOTAL FOR MONTH:   0.20    1 = FOG OR MIST
DPTR FM NORMAL:   1.7   DPTR FM NORMAL:   -2.39    2 = FOG REDUCING VISIBILITY
HIGHEST:   101 ON 10    GRTST 24HR  0.12 ON  6- 6      TO 1/4 MILE OR LESS
LOWEST:     56 ON 13                               3 = THUNDER
                        SNOW, ICE PELLETS, HAIL    4 = ICE PELLETS
                        TOTAL MONTH:   0.0 INCH    5 = HAIL
                        GRTST 24HR     0.0         6 = FREEZING RAIN OR DRIZZLE
                        GRTST DEPTH:   0           7 = DUSTSTORM OR SANDSTORM:
                                                       VSBY 1/2 MILE OR LESS
                                                   8 = SMOKE OR HAZE
[NO. OF DAYS WITH]      [WEATHER - DAYS WITH]      9 = BLOWING SNOW
                                                   X = TORNADO
MAX 32 OR BELOW:   0    0.01 INCH OR MORE:   2
MAX 90 OR ABOVE:  12    0.10 INCH OR MORE:   1
MIN 32 OR BELOW:   0    0.50 INCH OR MORE:   0
MIN  0 OR BELOW:   0    1.00 INCH OR MORE:   0

[HDD (BASE 65) ]
TOTAL THIS MO.     1    CLEAR  (SCALE 0-3)  12
DPTR FM NORMAL     1    PTCLDY (SCALE 4-7)   4
TOTAL FM JUL 1     1    CLOUDY (SCALE 8-10)  2
DPTR FM NORMAL     1

[CDD (BASE 65) ]
TOTAL THIS MO.   297
DPTR FM NORMAL    35    [PRESSURE DATA]
TOTAL FM JAN 1  2370    HIGHEST SLP M ON M
DPTR FM NORMAL    36    LOWEST  SLP 29.69 ON 10

[REMARKS]
