000
CXUS53 KGLD 200800
CF6GLD
PRELIMINARY LOCAL CLIMATOLOGICAL DATA (WS FORM: F-6)

                                          STATION:   GOODLAND KS
                                          MONTH:     FEBRUARY
                                          YEAR:      2017
                                          LATITUDE:   39 22 N
                                          LONGITUDE: 101 42 W

  TEMPERATURE IN F:       :PCPN:    SNOW:  WIND      :SUNSHINE: SKY     :PK WND
================================================================================
1   2   3   4   5  6A  6B    7    8   9   10  11  12  13   14  15   16   17  18
                                     12Z  AVG MX 2MIN
DY MAX MIN AVG DEP HDD CDD  WTR  SNW DPTH SPD SPD DIR MIN PSBL S-S WX    SPD DR
================================================================================

 1  32  21  27  -3  38   0 0.00  0.0    0 11.6 16  60   M    M   8 12     20  60
 2  23  11  17 -13  48   0    T    T    0 10.7 18 170   M    M  10        22 170
 3  32   9  21  -9  44   0 0.00  0.0    0 13.5 26 190   M    M   3        32 190
 4  65  20  43  13  22   0 0.00  0.0    0 11.7 28 300   M    M   0        34 310
 5  61  24  43  13  22   0 0.00  0.0    0 10.2 23 160   M    M   0        30 180
 6  68  34  51  21  14   0 0.00  0.0    0 11.5 23 320   M    M   0        28 320
 7  65  17  41  10  24   0 0.00  0.0    0 10.9 22  60   M    M   0        27  50
 8  35  15  25  -6  40   0    T    T    0  8.6 17 190   M    M   2 1      21  10
 9  65  18  42  11  23   0 0.00  0.0    0 14.7 25 160   M    M   0        29 160
10  87  39  63  32   2   0 0.00  0.0    0 13.7 24 270   M    M   0        30 270
11  65  33  49  18  16   0 0.00  0.0    0 12.2 32  20   M    M   1        43  10
12  46  26  36   4  29   0 0.00  0.0    0  8.8 22 360   M    M   1        26 350
13  50  28  39   7  26   0    T  0.0    0 11.5 22 200   M    M   3        27 190
14  53  21  37   5  28   0 0.00  0.0    0 13.3 29  10   M    M   0        36  10
15  63  23  43  11  22   0 0.00  0.0    0 12.3 23 230   M    M   0        26 230
16  75  32  54  22  11   0 0.00  0.0    0 11.3 18 200   M    M   0        23 200
17  69  28  49  16  16   0 0.00  0.0    0 11.4 29 350   M    M   0        35 350
18  66  24  45  12  20   0 0.00  0.0    0  9.1 18 150   M    M   0        22 150
19  68  44  56  23   9   0    T  0.0    0 19.1 33 180   M    M   1        40 170
================================================================================
SM 1088  467       454   0    T     T    226.1          M       29
================================================================================
AV 57.3 24.6                              11.9 FASTST   M    M   2    MAX(MPH)
                                 MISC ---->  # 33 180               # 43   10
================================================================================
NOTES:
# LAST OF SEVERAL OCCURRENCES

COLUMN 17 PEAK WIND IN M.P.H.

PRELIMINARY LOCAL CLIMATOLOGICAL DATA (WS FORM: F-6) , PAGE 2

                                          STATION:  GOODLAND KS
                                          MONTH:    FEBRUARY
                                          YEAR:     2017
                                          LATITUDE:   39 22 N
                                          LONGITUDE: 101 42 W

[TEMPERATURE DATA]      [PRECIPITATION DATA]       SYMBOLS USED IN COLUMN 16

AVERAGE MONTHLY: 40.9   TOTAL FOR MONTH:      T    1 = FOG OR MIST
DPTR FM NORMAL:   9.7   DPTR FM NORMAL:   -0.30    2 = FOG REDUCING VISIBILITY
HIGHEST:    87 ON 10    GRTST 24HR    T  ON 19-19      TO 1/4 MILE OR LESS
LOWEST:      9 ON  3                               3 = THUNDER
                        SNOW, ICE PELLETS, HAIL    4 = ICE PELLETS
                        TOTAL MONTH:    T          5 = HAIL
                        GRTST 24HR    T  ON  8- 8  6 = FREEZING RAIN OR DRIZZLE
                        GRTST DEPTH:   0           7 = DUSTSTORM OR SANDSTORM:
                                                       VSBY 1/2 MILE OR LESS
                                                   8 = SMOKE OR HAZE
[NO. OF DAYS WITH]      [WEATHER - DAYS WITH]      9 = BLOWING SNOW
                                                   X = TORNADO
MAX 32 OR BELOW:   3    0.01 INCH OR MORE:   0
MAX 90 OR ABOVE:   0    0.10 INCH OR MORE:   0
MIN 32 OR BELOW:  15    0.50 INCH OR MORE:   0
MIN  0 OR BELOW:   0    1.00 INCH OR MORE:   0

[HDD (BASE 65) ]
TOTAL THIS MO.   454    CLEAR  (SCALE 0-3)  16
DPTR FM NORMAL  -188    PTCLDY (SCALE 4-7)   1
TOTAL FM JUL 1  3635    CLOUDY (SCALE 8-10)  2
DPTR FM NORMAL  -510

[CDD (BASE 65) ]
TOTAL THIS MO.     0
DPTR FM NORMAL     0    [PRESSURE DATA]
TOTAL FM JAN 1     0    HIGHEST SLP M ON M
DPTR FM NORMAL     0    LOWEST  SLP 29.42 ON  6

[REMARKS]
