000
CXUS54 KJAN 271000
CF6GLH
PRELIMINARY LOCAL CLIMATOLOGICAL DATA (WS FORM: F-6)

                                          STATION:   GREENVILLE
                                          MONTH:     JUNE
                                          YEAR:      2017
                                          LATITUDE:   33 29 N
                                          LONGITUDE:  90 59 W

  TEMPERATURE IN F:       :PCPN:    SNOW:  WIND      :SUNSHINE: SKY     :PK WND
================================================================================
1   2   3   4   5  6A  6B    7    8   9   10  11  12  13   14  15   16   17  18
                                     12Z  AVG MX 2MIN
DY MAX MIN AVG DEP HDD CDD  WTR  SNW DPTH SPD SPD DIR MIN PSBL S-S WX    SPD DR
================================================================================

 1  77  66  72  -4   0   7 0.28  0.0    0  3.6 24 190   M    M   2 13     28 190
 2  83  69  76   0   0  11 0.10  0.0    0  4.5 10  80   M    M   6 1      15  60
 3  87  70  79   2   0  14 0.01  0.0    0  6.8 18 110   M    M   4 18     23 110
 4  85  71  78   1   0  13 0.75  0.0    0  8.8 26 220   M    M   7 13     32 220
 5  85  68  77   0   0  12 0.03  0.0    0  5.0 12 210   M    M   4        15 220
 6  85  71  78   1   0  13    T  0.0    0  9.0 18  40   M    M   5 3      21  40
 7  84  64  74  -3   0   9 0.00  0.0    0 11.1 23  20   M    M   0        28  20
 8  83  58  71  -7   0   6 0.00  0.0    0  6.5 14  10   M    M   0        19 360
 9  83  56  70  -8   0   5 0.00  0.0    0  3.2  8  40   M    M   1        12  30
10  87  60  74  -4   0   9 0.00  0.0    0  5.8 16 180   M    M   1        19 200
11  89  65  77  -1   0  12 0.10  0.0    0  5.5 22 160   M    M   2 38     33 170
12  89  71  80   1   0  15    T  0.0    0  8.0 18 190   M    M   4 3      22 190
13  88  70  79   0   0  14 0.00  0.0    0  5.9 15 270   M    M   3 13     19 280
14  91  71  81   2   0  16 0.00  0.0    0  7.8 15 240   M    M   1 1      18 210
15  92  70  81   2   0  16 0.36  0.0    0  6.4 29 310   M    M   3 13     36 320
16  93  69  81   2   0  16 1.73  0.0    0  8.9 38  60   M    M   2 13     47  60
17  88  68  78  -2   0  13 0.00  0.0    0  8.5 16 210   M    M   3 3      21 210
18  90  74  82   2   0  17    T  0.0    0  9.2 18 300   M    M   4 3      24 310
19  85  69  77  -3   0  12    T  0.0    0  6.3 14  20   M    M   5 1      18  50
20  88  69  79  -1   0  14 0.00  0.0    0  7.1 15  60   M    M   0        19  40
21  79  69  74  -6   0   9 0.01  0.0    0  9.4 17  80   M    M   6 18     25  70
22  86  74  80   0   0  15 0.07  0.0    0 11.8 25 170   M    M   5 138    36 170
23  85  70  78  -3   0  13 0.95  0.0    0 15.8 32 350   M    M   7 1      43 330
24  85  69  77  -4   0  12 0.00  0.0    0  7.5 15 350   M    M   2        17 340
25  83  66  75  -6   0  10    T  0.0    0  5.8 15  40   M    M   1        17  40
26  86  61  74  -7   0   9 0.00  0.0    0  4.3  9 120   M    M   1 12     14  60
================================================================================
SM 2236 1758         0 312  4.39     0.0 192.5          M       79
================================================================================
AV 86.0 67.6                               7.4 FASTST   M    M   3    MAX(MPH)
                                 MISC ---->  # 38  60               # 47   60
================================================================================
NOTES:
# LAST OF SEVERAL OCCURRENCES

COLUMN 17 PEAK WIND IN M.P.H.

PRELIMINARY LOCAL CLIMATOLOGICAL DATA (WS FORM: F-6) , PAGE 2

                                          STATION:  GREENVILLE
                                          MONTH:    JUNE
                                          YEAR:     2017
                                          LATITUDE:   33 29 N
                                          LONGITUDE:  90 59 W

[TEMPERATURE DATA]      [PRECIPITATION DATA]       SYMBOLS USED IN COLUMN 16

AVERAGE MONTHLY: 76.8   TOTAL FOR MONTH:   4.39    1 = FOG OR MIST
DPTR FM NORMAL:  -2.0   DPTR FM NORMAL:    1.04    2 = FOG REDUCING VISIBILITY
HIGHEST:    93 ON 16    GRTST 24HR  1.73 ON 16-16      TO 1/4 MILE OR LESS
LOWEST:     56 ON  9                               3 = THUNDER
                        SNOW, ICE PELLETS, HAIL    4 = ICE PELLETS
                        TOTAL MONTH:   0.0 INCH    5 = HAIL
                        GRTST 24HR     0.0         6 = FREEZING RAIN OR DRIZZLE
                        GRTST DEPTH:   0           7 = DUSTSTORM OR SANDSTORM:
                                                       VSBY 1/2 MILE OR LESS
                                                   8 = SMOKE OR HAZE
[NO. OF DAYS WITH]      [WEATHER - DAYS WITH]      9 = BLOWING SNOW
                                                   X = TORNADO
MAX 32 OR BELOW:   0    0.01 INCH OR MORE:  11
MAX 90 OR ABOVE:   4    0.10 INCH OR MORE:   7
MIN 32 OR BELOW:   0    0.50 INCH OR MORE:   3
MIN  0 OR BELOW:   0    1.00 INCH OR MORE:   1

[HDD (BASE 65) ]
TOTAL THIS MO.     0    CLEAR  (SCALE 0-3)  15
DPTR FM NORMAL     0    PTCLDY (SCALE 4-7)  11
TOTAL FM JUL 1  1830    CLOUDY (SCALE 8-10)  0
DPTR FM NORMAL  -944

[CDD (BASE 65) ]
TOTAL THIS MO.   312
DPTR FM NORMAL   -43    [PRESSURE DATA]
TOTAL FM JAN 1   709    HIGHEST SLP M ON M
DPTR FM NORMAL    32    LOWEST  SLP 29.69 ON  5

[REMARKS]
